125
CDUS43 KFSD 250645
CLIMHE


CLIMATE REPORT
NATIONAL WEATHER SERVICE SIOUX FALLS SD
1244 AM CST FRI NOV 25 2016


...................................

...THE MITCHELL SD CLIMATE SUMMARY FOR NOVEMBER 24 2016...

CLIMATE NORMAL PERIOD 1981 TO 2010
CLIMATE RECORD PERIOD 1893 TO 2016


WEATHER ITEM   OBSERVED TIME   RECORD YEAR NORMAL DEPARTURE LAST
                VALUE   (LST)  VALUE       VALUE  FROM      YEAR
                                                  NORMAL
..................................................................
TEMPERATURE (F)
 YESTERDAY
  MAXIMUM         36    704 PM  71    2011  39     -3       37
  MINIMUM         32   1159 PM -12    1985  19     13       24
  AVERAGE         34                        29      5       31

PRECIPITATION (IN)
  YESTERDAY        0.01          1.98 1908   0.02  -0.01     0.00
  MONTH TO DATE    0.53                      0.67  -0.14     1.80
  SINCE SEP 1      4.63                      4.61   0.02     4.84
  SINCE JAN 1     24.04                     20.96   3.08    21.77

SNOWFALL (IN)
  YESTERDAY       MM             6.0  1903  MM     MM        0.0
  MONTH TO DATE    4.2                      MM     MM        6.0
  SINCE SEP 1      4.2                      MM     MM        6.0
  SINCE JUL 1      4.2                      MM     MM        6.0
  SNOW DEPTH       0

DEGREE DAYS
 HEATING
  YESTERDAY       31                        36     -5       34
  MONTH TO DATE  471                       699   -228      531
  SINCE SEP 1    914                      1323   -409      925
  SINCE JUL 1    922                      1340   -418      953

 COOLING
  YESTERDAY        0                         0      0        0
  MONTH TO DATE    0                         0      0        0
  SINCE SEP 1    104                        79     25      170
  SINCE JAN 1   1036                       824    212      894
..................................................................


WIND (MPH)
  HIGHEST WIND SPEED    15   HIGHEST WIND DIRECTION    NW (320)
  HIGHEST GUST SPEED    19   HIGHEST GUST DIRECTION     S (160)
  AVERAGE WIND SPEED     7.8


SKY COVER
  POSSIBLE SUNSHINE  MM
  AVERAGE SKY COVER 1.0


WEATHER CONDITIONS
 THE FOLLOWING WEATHER WAS RECORDED YESTERDAY.
  LIGHT RAIN
  LIGHT SNOW
  FOG


RELATIVE HUMIDITY (PERCENT)
 HIGHEST   100          1000 AM
 LOWEST     89          1200 AM
 AVERAGE    95

..........................................................


THE MITCHELL SD CLIMATE NORMALS FOR TODAY
                         NORMAL    RECORD    YEAR
 MAXIMUM TEMPERATURE (F)   38        72      1960
 MINIMUM TEMPERATURE (F)   19       -10      1977
                                             1975


SUNRISE AND SUNSET
NOVEMBER 25 2016......SUNRISE   740 AM CST   SUNSET   459 PM CST
NOVEMBER 26 2016......SUNRISE   741 AM CST   SUNSET   458 PM CST


-  INDICATES NEGATIVE NUMBERS.
R  INDICATES RECORD WAS SET OR TIED.
MM INDICATES DATA IS MISSING.
T  INDICATES TRACE AMOUNT.




$$
