000
CDUS43 KFSD 150036
CLIMHE


CLIMATE REPORT
NATIONAL WEATHER SERVICE SIOUX FALLS SD
734 PM CDT THU AUG 14 2014


...................................

...THE MITCHELL SD CLIMATE SUMMARY FOR AUGUST 14 2014...
VALID AS OF 0700 PM LOCAL TIME.

CLIMATE NORMAL PERIOD 1981 TO 2010
CLIMATE RECORD PERIOD 1893 TO 2014


WEATHER ITEM   OBSERVED TIME   RECORD YEAR NORMAL DEPARTURE LAST
                VALUE   (LST)  VALUE       VALUE  FROM      YEAR
                                                  NORMAL
..................................................................
TEMPERATURE (F)
 TODAY
  MAXIMUM         80    342 PM 102    1937  84     -4       69
                                      1935
  MINIMUM         63    151 AM  42    1929  61      2       58
  AVERAGE         72                        72      0       64

PRECIPITATION (IN)
  TODAY            0.05          1.06 1990   0.09  -0.04     0.00
  MONTH TO DATE    1.69                      1.11   0.58     2.54
  SINCE JUN 1      7.24                      8.35  -1.11     8.54
  SINCE JAN 1     11.97                     15.08  -3.11    18.49

SNOWFALL (IN)
  TODAY            0.0           0.0    MM  MM     MM        0.0
  MONTH TO DATE    0.0                      MM     MM        0.0
  SINCE JUN 1      0.0                      MM     MM        0.0
  SINCE JUL 1      0.0                      MM     MM        0.0
  SNOW DEPTH       0

DEGREE DAYS
 HEATING
  TODAY            0                         0      0        1
  MONTH TO DATE    0                         0      0        1
  SINCE JUN 1     35                        40     -5       71
  SINCE JUL 1      9                         5      4       21

 COOLING
  TODAY            7                         8     -1        0
  MONTH TO DATE   74                       119    -45       53
  SINCE JUN 1    448                       597   -149      508
  SINCE JAN 1    526                       637   -111      565
..................................................................


WIND (MPH)
  HIGHEST WIND SPEED    25   HIGHEST WIND DIRECTION     S (160)
  HIGHEST GUST SPEED    31   HIGHEST GUST DIRECTION    SE (150)
  AVERAGE WIND SPEED    11.4


SKY COVER
  POSSIBLE SUNSHINE  MM
  AVERAGE SKY COVER 0.2


WEATHER CONDITIONS
 THE FOLLOWING WEATHER WAS RECORDED TODAY.
  LIGHT RAIN
  FOG


RELATIVE HUMIDITY (PERCENT)
 HIGHEST    93           100 AM
 LOWEST     62           400 PM
 AVERAGE    78

..........................................................


THE MITCHELL SD CLIMATE NORMALS FOR TOMORROW
                         NORMAL    RECORD    YEAR
 MAXIMUM TEMPERATURE (F)   84       110      1937
 MINIMUM TEMPERATURE (F)   61        48      1994
                                             1929


SUNRISE AND SUNSET
AUGUST 14 2014........SUNRISE   635 AM CDT   SUNSET   837 PM CDT
AUGUST 15 2014........SUNRISE   636 AM CDT   SUNSET   836 PM CDT


-  INDICATES NEGATIVE NUMBERS.
R  INDICATES RECORD WAS SET OR TIED.
MM INDICATES DATA IS MISSING.
T  INDICATES TRACE AMOUNT.




$$
