000
CDUS43 KFSD 040043
CLIMHE


CLIMATE REPORT
NATIONAL WEATHER SERVICE SIOUX FALLS SD
743 PM CDT THU JUL 3 2014


...................................

...THE MITCHELL SD CLIMATE SUMMARY FOR JULY 3 2014...
VALID AS OF 0700 PM LOCAL TIME.

CLIMATE NORMAL PERIOD 1981 TO 2010
CLIMATE RECORD PERIOD 1893 TO 2014


WEATHER ITEM   OBSERVED TIME   RECORD YEAR NORMAL DEPARTURE LAST
                VALUE   (LST)  VALUE       VALUE  FROM      YEAR
                                                  NORMAL
..................................................................
TEMPERATURE (F)
 TODAY
  MAXIMUM         81    442 PM 104    1966  86     -5       87
  MINIMUM         52    527 AM  40    1917  63    -11       59
  AVERAGE         67                        74     -7       73

PRECIPITATION (IN)
  TODAY            0.00          3.10 1993   0.13  -0.13     0.00
  MONTH TO DATE    0.01                      0.38  -0.37     0.00
  SINCE JUN 1      4.20                      4.51  -0.31     2.14
  SINCE JAN 1      8.93                     11.24  -2.31    12.09

SNOWFALL (IN)
  TODAY            0.0           0.0    MM  MM     MM        0.0
  MONTH TO DATE    0.0                      MM     MM        0.0
  SINCE JUN 1      0.0                      MM     MM        0.0
  SINCE JUL 1      0.0                      MM     MM        0.0
  SNOW DEPTH       0

DEGREE DAYS
 HEATING
  TODAY            0                         0      0        0
  MONTH TO DATE    3                         0      3        0
  SINCE JUN 1     29                        35     -6       50
  SINCE JUL 1      3                         0      3        0

 COOLING
  TODAY            2                        10     -8        8
  MONTH TO DATE    3                        28    -25       20
  SINCE JUN 1    161                       198    -37      187
  SINCE JAN 1    239                       238      1      244
..................................................................


WIND (MPH)
  HIGHEST WIND SPEED    20   HIGHEST WIND DIRECTION    SE (140)
  HIGHEST GUST SPEED    24   HIGHEST GUST DIRECTION    SE (130)
  AVERAGE WIND SPEED     9.0


SKY COVER
  POSSIBLE SUNSHINE  MM
  AVERAGE SKY COVER 0.3


WEATHER CONDITIONS
 THE FOLLOWING WEATHER WAS RECORDED TODAY.
  NO SIGNIFICANT WEATHER WAS OBSERVED.


RELATIVE HUMIDITY (PERCENT)
 HIGHEST    MM
 LOWEST     MM
 AVERAGE    MM

..........................................................


THE MITCHELL SD CLIMATE NORMALS FOR TOMORROW
                         NORMAL    RECORD    YEAR
 MAXIMUM TEMPERATURE (F)   87       115      1936
 MINIMUM TEMPERATURE (F)   63        42      1915


SUNRISE AND SUNSET
JULY  3 2014..........SUNRISE   555 AM CDT   SUNSET   917 PM CDT
JULY  4 2014..........SUNRISE   556 AM CDT   SUNSET   917 PM CDT


-  INDICATES NEGATIVE NUMBERS.
R  INDICATES RECORD WAS SET OR TIED.
MM INDICATES DATA IS MISSING.
T  INDICATES TRACE AMOUNT.

$$
