000
CDUS43 KFSD 050649
CLIMHE


CLIMATE REPORT
NATIONAL WEATHER SERVICE SIOUX FALLS SD
147 AM CDT WED APR 5 2017


...................................

...THE MITCHELL SD CLIMATE SUMMARY FOR APRIL 4 2017...

CLIMATE NORMAL PERIOD 1981 TO 2010
CLIMATE RECORD PERIOD 1893 TO 2017


WEATHER ITEM   OBSERVED TIME   RECORD YEAR NORMAL DEPARTURE LAST
                VALUE   (LST)  VALUE       VALUE  FROM      YEAR
                                                  NORMAL
..................................................................
TEMPERATURE (F)
 YESTERDAY
  MAXIMUM         64    340 PM  86    1929  54     10       54
  MINIMUM         37    545 AM   6    1899  30      7       25
  AVERAGE         51                        42      9       40

PRECIPITATION (IN)
  YESTERDAY        0.00          1.48 1985   0.03  -0.03      T
  MONTH TO DATE    0.24                      0.10   0.14     0.01
  SINCE MAR 1      0.58                      1.16  -0.58     1.37
  SINCE JAN 1      1.74                      1.72   0.02     2.60

SNOWFALL (IN)
  YESTERDAY        0.0           9.8  2009  MM     MM        0.0
  MONTH TO DATE    0.0                      MM     MM        0.2
  SINCE MAR 1      3.6                      MM     MM        3.9
  SINCE JUL 1     29.0                      MM     MM       46.3
  SNOW DEPTH       0

DEGREE DAYS
 HEATING
  YESTERDAY       14                        23     -9       25
  MONTH TO DATE   58                        94    -36       82
  SINCE MAR 1    927                      1052   -125      787
  SINCE JUL 1   5661                      6574   -913     5576

 COOLING
  YESTERDAY        0                         0      0        0
  MONTH TO DATE    0                         0      0        0
  SINCE MAR 1      0                         0      0        0
  SINCE JAN 1      0                         0      0        0
..................................................................


WIND (MPH)
  HIGHEST WIND SPEED    21   HIGHEST WIND DIRECTION    NW (330)
  HIGHEST GUST SPEED    26   HIGHEST GUST DIRECTION    NW (330)
  AVERAGE WIND SPEED     9.2


SKY COVER
  POSSIBLE SUNSHINE  MM
  AVERAGE SKY COVER 0.5


WEATHER CONDITIONS
 THE FOLLOWING WEATHER WAS RECORDED YESTERDAY.
  NO SIGNIFICANT WEATHER WAS OBSERVED.


RELATIVE HUMIDITY (PERCENT)
 HIGHEST    92           400 AM
 LOWEST     27           500 PM
 AVERAGE    60

..........................................................


THE MITCHELL SD CLIMATE NORMALS FOR TODAY
                         NORMAL    RECORD    YEAR
 MAXIMUM TEMPERATURE (F)   55        85      1992
 MINIMUM TEMPERATURE (F)   31        10      1899


SUNRISE AND SUNSET
APRIL  5 2017.........SUNRISE   706 AM CDT   SUNSET   804 PM CDT
APRIL  6 2017.........SUNRISE   704 AM CDT   SUNSET   805 PM CDT


-  INDICATES NEGATIVE NUMBERS.
R  INDICATES RECORD WAS SET OR TIED.
MM INDICATES DATA IS MISSING.
T  INDICATES TRACE AMOUNT.




$$
