000
CDUS43 KFSD 080629
CLIMHE


CLIMATE REPORT
NATIONAL WEATHER SERVICE SIOUX FALLS SD
126 AM CDT MON MAY 8 2017


...................................

...THE MITCHELL SD CLIMATE SUMMARY FOR MAY 7 2017...

CLIMATE NORMAL PERIOD 1981 TO 2010
CLIMATE RECORD PERIOD 1893 TO 2017


WEATHER ITEM   OBSERVED TIME   RECORD YEAR NORMAL DEPARTURE LAST
                VALUE   (LST)  VALUE       VALUE  FROM      YEAR
                                                  NORMAL
..................................................................
TEMPERATURE (F)
 YESTERDAY
  MAXIMUM         88    446 PM  96    1963  69     19       68
  MINIMUM         50    316 AM  23    1943  45      5       50
  AVERAGE         69                        57     12       59

PRECIPITATION (IN)
  YESTERDAY        0.00          1.02 1978   0.07  -0.07      T
  MONTH TO DATE    0.24                      0.60  -0.36     0.30
  SINCE MAR 1      3.75                      3.84  -0.09     7.03
  SINCE JAN 1      4.91                      4.40   0.51     8.26

SNOWFALL (IN)
  YESTERDAY        0.0           0.1  1924  MM     MM        0.0
  MONTH TO DATE    0.0                      MM     MM        0.0
  SINCE MAR 1      5.2                      MM     MM        3.9
  SINCE JUL 1     30.6                      MM     MM       46.3
  SNOW DEPTH       0

DEGREE DAYS
 HEATING
  YESTERDAY        0                         9     -9        6
  MONTH TO DATE   53                        69    -16       52
  SINCE MAR 1   1398                      1547   -149     1245
  SINCE JUL 1   6132                      7069   -937     6034

 COOLING
  YESTERDAY        4                         1      3        0
  MONTH TO DATE    4                         4      0        8
  SINCE MAR 1      4                         6     -2       12
  SINCE JAN 1      4                         6     -2       12
..................................................................


WIND (MPH)
  HIGHEST WIND SPEED    25   HIGHEST WIND DIRECTION    SE (150)
  HIGHEST GUST SPEED    32   HIGHEST GUST DIRECTION    SE (140)
  AVERAGE WIND SPEED    16.4


SKY COVER
  POSSIBLE SUNSHINE  MM
  AVERAGE SKY COVER 0.0


WEATHER CONDITIONS
 THE FOLLOWING WEATHER WAS RECORDED YESTERDAY.
  NO SIGNIFICANT WEATHER WAS OBSERVED.


RELATIVE HUMIDITY (PERCENT)
 HIGHEST    74           300 AM
 LOWEST     26           500 PM
 AVERAGE    50

..........................................................


THE MITCHELL SD CLIMATE NORMALS FOR TODAY
                         NORMAL    RECORD    YEAR
 MAXIMUM TEMPERATURE (F)   69       102      1934
 MINIMUM TEMPERATURE (F)   45        25      1945


SUNRISE AND SUNSET
MAY  8 2017...........SUNRISE   615 AM CDT   SUNSET   843 PM CDT
MAY  9 2017...........SUNRISE   613 AM CDT   SUNSET   845 PM CDT


-  INDICATES NEGATIVE NUMBERS.
R  INDICATES RECORD WAS SET OR TIED.
MM INDICATES DATA IS MISSING.
T  INDICATES TRACE AMOUNT.




$$
