000
CDUS43 KFSD 220659
CLIMHE


CLIMATE REPORT
NATIONAL WEATHER SERVICE SIOUX FALLS SD
158 AM CDT MON AUG 22 2016


...................................

...THE MITCHELL SD CLIMATE SUMMARY FOR AUGUST 21 2016...

CLIMATE NORMAL PERIOD 1981 TO 2010
CLIMATE RECORD PERIOD 1893 TO 2016


WEATHER ITEM   OBSERVED TIME   RECORD YEAR NORMAL DEPARTURE LAST
                VALUE   (LST)  VALUE       VALUE  FROM      YEAR
                                                  NORMAL
..................................................................
TEMPERATURE (F)
 YESTERDAY
  MAXIMUM         81    441 PM 102    1968  83     -2       83
  MINIMUM         52    348 AM  41    1920  60     -8       56
  AVERAGE         67                        71     -4       70

PRECIPITATION (IN)
  YESTERDAY        0.00          1.25 1930   0.07  -0.07     0.00
  MONTH TO DATE    3.31                      1.67   1.64     3.49
  SINCE JUN 1      6.89                      8.91  -2.02     9.67
  SINCE JAN 1     19.41                     15.64   3.77    16.76

SNOWFALL (IN)
  YESTERDAY        0.0           0.0    MM  MM     MM        0.0
  MONTH TO DATE    0.0                      MM     MM        0.0
  SINCE JUN 1      0.0                      MM     MM        0.0
  SINCE JUL 1      0.0                      MM     MM        0.0
  SNOW DEPTH       0

DEGREE DAYS
 HEATING
  YESTERDAY        0                         0      0        0
  MONTH TO DATE    0                         0      0       13
  SINCE JUN 1      7                        40    -33       18
  SINCE JUL 1      3                         5     -2       15

 COOLING
  YESTERDAY        2                         7     -5        5
  MONTH TO DATE  195                       170     25      158
  SINCE JUN 1    810                       648    162      648
  SINCE JAN 1    854                       688    166      679
..................................................................


WIND (MPH)
  HIGHEST WIND SPEED    16   HIGHEST WIND DIRECTION    SE (150)
  HIGHEST GUST SPEED    23   HIGHEST GUST DIRECTION    SE (150)
  AVERAGE WIND SPEED     8.8


SKY COVER
  POSSIBLE SUNSHINE  MM
  AVERAGE SKY COVER 0.0


WEATHER CONDITIONS
 THE FOLLOWING WEATHER WAS RECORDED YESTERDAY.
  NO SIGNIFICANT WEATHER WAS OBSERVED.


RELATIVE HUMIDITY (PERCENT)
 HIGHEST    93          1200 AM
 LOWEST     36           500 PM
 AVERAGE    65

..........................................................


THE MITCHELL SD CLIMATE NORMALS FOR TODAY
                         NORMAL    RECORD    YEAR
 MAXIMUM TEMPERATURE (F)   83       110      1938
 MINIMUM TEMPERATURE (F)   60        38      1923


SUNRISE AND SUNSET
AUGUST 22 2016........SUNRISE   645 AM CDT   SUNSET   824 PM CDT
AUGUST 23 2016........SUNRISE   646 AM CDT   SUNSET   822 PM CDT


-  INDICATES NEGATIVE NUMBERS.
R  INDICATES RECORD WAS SET OR TIED.
MM INDICATES DATA IS MISSING.
T  INDICATES TRACE AMOUNT.




$$
