000
CDUS43 KFSD 280625
CLIMHE


CLIMATE REPORT
NATIONAL WEATHER SERVICE SIOUX FALLS SD
1224 AM CST FRI NOV 28 2014


...................................

...THE MITCHELL SD CLIMATE SUMMARY FOR NOVEMBER 27 2014...

CLIMATE NORMAL PERIOD 1981 TO 2010
CLIMATE RECORD PERIOD 1893 TO 2014


WEATHER ITEM   OBSERVED TIME   RECORD YEAR NORMAL DEPARTURE LAST
                VALUE   (LST)  VALUE       VALUE  FROM      YEAR
                                                  NORMAL
..................................................................
TEMPERATURE (F)
 YESTERDAY
  MAXIMUM         22   1159 PM  63    1998  37    -15       40
  MINIMUM          0    719 AM  -8    1985  18    -18        7
  AVERAGE         11                        27    -16       24

PRECIPITATION (IN)
  YESTERDAY        T             0.70 1896   0.02  -0.02     0.00
  MONTH TO DATE    0.49                      0.73  -0.24     0.39
  SINCE SEP 1      2.87                      4.67  -1.80     7.17
  SINCE JAN 1     17.97                     21.02  -3.05    25.66

SNOWFALL (IN)
  YESTERDAY        T             3.0  1994  MM     MM        0.0
                                      1919
                                      1896
  MONTH TO DATE    5.4                      MM     MM        4.0
  SINCE SEP 1      5.4                      MM     MM        4.0
  SINCE JUL 1      5.4                      MM     MM        4.0
  SNOW DEPTH       T

DEGREE DAYS
 HEATING
  YESTERDAY       54                        38     16       41
  MONTH TO DATE  994                       811    183      816
  SINCE SEP 1   1522                      1435     87     1376
  SINCE JUL 1   1534                      1452     82     1399

 COOLING
  YESTERDAY        0                         0      0        0
  MONTH TO DATE    0                         0      0        0
  SINCE SEP 1     78                        79     -1      165
  SINCE JAN 1    724                       824   -100      946
..................................................................


WIND (MPH)
  HIGHEST WIND SPEED    24   HIGHEST WIND DIRECTION     S (160)
  HIGHEST GUST SPEED    31   HIGHEST GUST DIRECTION     S (160)
  AVERAGE WIND SPEED    12.6


SKY COVER
  POSSIBLE SUNSHINE  MM
  AVERAGE SKY COVER 0.8


WEATHER CONDITIONS
 THE FOLLOWING WEATHER WAS RECORDED YESTERDAY.
  LIGHT SNOW


RELATIVE HUMIDITY (PERCENT)
 HIGHEST    87           400 AM
 LOWEST     58          1100 AM
 AVERAGE    73

..........................................................


THE MITCHELL SD CLIMATE NORMALS FOR TODAY
                         NORMAL    RECORD    YEAR
 MAXIMUM TEMPERATURE (F)   36        71      1941
 MINIMUM TEMPERATURE (F)   17       -10      1896


SUNRISE AND SUNSET
NOVEMBER 28 2014......SUNRISE   743 AM CST   SUNSET   457 PM CST
NOVEMBER 29 2014......SUNRISE   744 AM CST   SUNSET   457 PM CST


-  INDICATES NEGATIVE NUMBERS.
R  INDICATES RECORD WAS SET OR TIED.
MM INDICATES DATA IS MISSING.
T  INDICATES TRACE AMOUNT.




$$
