000
CDUS43 KFSD 030022
CLIMHE


CLIMATE REPORT
NATIONAL WEATHER SERVICE SIOUX FALLS SD
722 PM CDT WED APR 2 2014


...................................

...THE MITCHELL SD CLIMATE SUMMARY FOR APRIL 2 2014...
VALID AS OF 0700 PM LOCAL TIME.

CLIMATE NORMAL PERIOD 1981 TO 2010
CLIMATE RECORD PERIOD 1893 TO 2014


WEATHER ITEM   OBSERVED TIME   RECORD YEAR NORMAL DEPARTURE LAST
                VALUE   (LST)  VALUE       VALUE  FROM      YEAR
                                                  NORMAL
..................................................................
TEMPERATURE (F)
 TODAY
  MAXIMUM         40    318 PM  85    1963  53    -13       51
                                      1921
  MINIMUM         22    230 AM   2    1908  30     -8       18
  AVERAGE         31                        41    -10       35

PRECIPITATION (IN)
  TODAY            T             1.00 1988   0.03  -0.03     0.00
  MONTH TO DATE    T                         0.05  -0.05     0.00
  SINCE MAR 1      1.04                      1.11  -0.07     0.80
  SINCE JAN 1      1.54                      1.67  -0.13     2.37

SNOWFALL (IN)
  TODAY            0.0           3.5  1899  MM     MM        0.0
  MONTH TO DATE    T                        MM     MM        0.0
  SINCE MAR 1      8.6                      MM     MM        3.4
  SINCE JUL 1     30.8                      MM     MM       31.3
  SNOW DEPTH       0

DEGREE DAYS
 HEATING
  TODAY           34                        24     10       30
  MONTH TO DATE   75                        48     27       67
  SINCE MAR 1   1121                      1006    115     1206
  SINCE JUL 1   7071                      6528    543     6671

 COOLING
  TODAY            0                         0      0        0
  MONTH TO DATE    0                         0      0        0
  SINCE MAR 1      0                         0      0        0
  SINCE JAN 1      0                         0      0        0
..................................................................


WIND (MPH)
  HIGHEST WIND SPEED    17   HIGHEST WIND DIRECTION    NE (60)
  HIGHEST GUST SPEED    20   HIGHEST GUST DIRECTION     E (90)
  AVERAGE WIND SPEED     8.4


SKY COVER
  POSSIBLE SUNSHINE  MM
  AVERAGE SKY COVER 0.5


WEATHER CONDITIONS
 THE FOLLOWING WEATHER WAS RECORDED TODAY.
  LIGHT RAIN


RELATIVE HUMIDITY (PERCENT)
 HIGHEST    96           200 AM
 LOWEST     59           200 PM
 AVERAGE    78

..........................................................


THE MITCHELL SD CLIMATE NORMALS FOR TOMORROW
                         NORMAL    RECORD    YEAR
 MAXIMUM TEMPERATURE (F)   54        82      1910
 MINIMUM TEMPERATURE (F)   30         2      1936


SUNRISE AND SUNSET
APRIL  2 2014.........SUNRISE   712 AM CDT   SUNSET   800 PM CDT
APRIL  3 2014.........SUNRISE   710 AM CDT   SUNSET   801 PM CDT


-  INDICATES NEGATIVE NUMBERS.
R  INDICATES RECORD WAS SET OR TIED.
MM INDICATES DATA IS MISSING.
T  INDICATES TRACE AMOUNT.




$$
