000
CDUS43 KFSD 170633
CLIMHE


CLIMATE REPORT
NATIONAL WEATHER SERVICE SIOUX FALLS SD
1233 AM CST TUE FEB 17 2015


...................................

...THE MITCHELL SD CLIMATE SUMMARY FOR FEBRUARY 16 2015...

CLIMATE NORMAL PERIOD 1981 TO 2010
CLIMATE RECORD PERIOD 1893 TO 2015


WEATHER ITEM   OBSERVED TIME   RECORD YEAR NORMAL DEPARTURE LAST
                VALUE   (LST)  VALUE       VALUE  FROM      YEAR
                                                  NORMAL
..................................................................
TEMPERATURE (F)
 YESTERDAY
  MAXIMUM         31   1252 PM  64    1981  34     -3       37
  MINIMUM         16    912 PM -34    1936  14      2       11
  AVERAGE         24                        24      0       24

PRECIPITATION (IN)
  YESTERDAY        T             0.66 1938   0.01  -0.01      T
  MONTH TO DATE    0.23                      0.20   0.03     0.16
  SINCE DEC 1      1.98                      0.87   1.11     0.98
  SINCE JAN 1      0.76                      0.42   0.34     0.33

SNOWFALL (IN)
  YESTERDAY        T             8.0  1938  MM     MM         T
  MONTH TO DATE    2.6                      MM     MM        3.2
  SINCE DEC 1     16.1                      MM     MM       15.4
  SINCE JUL 1     21.7                      MM     MM       19.4
  SNOW DEPTH       0

DEGREE DAYS
 HEATING
  YESTERDAY       41                        41      0       41
  MONTH TO DATE  699                       689     10      855
  SINCE DEC 1   3237                      3488   -251     3910
  SINCE JUL 1   4893                      5056   -163     5418

 COOLING
  YESTERDAY        0                         0      0        0
  MONTH TO DATE    0                         0      0        0
  SINCE DEC 1      0                         0      0        0
  SINCE JAN 1      0                         0      0        0
..................................................................


WIND (MPH)
  HIGHEST WIND SPEED    23   HIGHEST WIND DIRECTION     N (340)
  HIGHEST GUST SPEED    28   HIGHEST GUST DIRECTION    NW (330)
  AVERAGE WIND SPEED     7.9


SKY COVER
  POSSIBLE SUNSHINE  MM
  AVERAGE SKY COVER 1.0


WEATHER CONDITIONS
 THE FOLLOWING WEATHER WAS RECORDED YESTERDAY.
  NO SIGNIFICANT WEATHER WAS OBSERVED.


RELATIVE HUMIDITY (PERCENT)
 HIGHEST    74           800 AM
 LOWEST     55           300 PM
 AVERAGE    65

..........................................................


THE MITCHELL SD CLIMATE NORMALS FOR TODAY
                         NORMAL    RECORD    YEAR
 MAXIMUM TEMPERATURE (F)   34        70      1913
 MINIMUM TEMPERATURE (F)   15       -21      1903


SUNRISE AND SUNSET
FEBRUARY 17 2015......SUNRISE   728 AM CST   SUNSET   605 PM CST
FEBRUARY 18 2015......SUNRISE   727 AM CST   SUNSET   606 PM CST


-  INDICATES NEGATIVE NUMBERS.
R  INDICATES RECORD WAS SET OR TIED.
MM INDICATES DATA IS MISSING.
T  INDICATES TRACE AMOUNT.




$$
