434
CDUS43 KFSD 092229
CLIMHE


CLIMATE REPORT
NATIONAL WEATHER SERVICE SIOUX FALLS SD
529 PM CDT WED AUG 9 2017


...................................

...THE MITCHELL SD CLIMATE SUMMARY FOR AUGUST 9 2017...
VALID TODAY AS OF 0500 PM LOCAL TIME.

CLIMATE NORMAL PERIOD 1981 TO 2010
CLIMATE RECORD PERIOD 1893 TO 2017


WEATHER ITEM   OBSERVED TIME   RECORD YEAR NORMAL DEPARTURE LAST
                VALUE   (LST)  VALUE       VALUE  FROM      YEAR
                                                  NORMAL
..................................................................
TEMPERATURE (F)
 TODAY
  MAXIMUM         85    231 PM 109    1947  84      1       94
  MINIMUM         65    547 AM  42    1927  62      3       71
  AVERAGE         75                        73      2       83

PRECIPITATION (IN)
  TODAY            T             1.72 1962   0.09  -0.09     0.00
  MONTH TO DATE    0.19                      0.67  -0.48     0.41
  SINCE JUN 1      3.96                      7.91  -3.95     3.99
  SINCE JAN 1     10.98                     14.64  -3.66    16.51

SNOWFALL (IN)
  TODAY            0.0           0.0    MM  MM     MM        0.0
  MONTH TO DATE    0.0                      MM     MM        0.0
  SINCE JUN 1      0.0                      MM     MM        0.0
  SINCE JUL 1      0.0                      MM     MM        0.0
  SNOW DEPTH       0

DEGREE DAYS
 HEATING
  TODAY            0                         0      0        0
  MONTH TO DATE    1                         0      1        0
  SINCE JUN 1     13                        40    -27        7
  SINCE JUL 1      1                         5     -4        3

 COOLING
  TODAY           10                         8      2       18
  MONTH TO DATE   32                        79    -47       93
  SINCE JUN 1    644                       557     87      708
  SINCE JAN 1    676                       597     79      752
..................................................................


WIND (MPH)
  HIGHEST WIND SPEED    15   HIGHEST WIND DIRECTION    SE (140)
  HIGHEST GUST SPEED    21   HIGHEST GUST DIRECTION    SE (140)
  AVERAGE WIND SPEED     8.1


SKY COVER
  POSSIBLE SUNSHINE  MM
  AVERAGE SKY COVER 0.7


WEATHER CONDITIONS
 THE FOLLOWING WEATHER WAS RECORDED TODAY.
  THUNDERSTORM


RELATIVE HUMIDITY (PERCENT)
 HIGHEST    93           600 AM
 LOWEST     51           300 PM
 AVERAGE    72

..........................................................


THE MITCHELL SD CLIMATE NORMALS FOR TOMORROW
                         NORMAL    RECORD    YEAR
 MAXIMUM TEMPERATURE (F)   84       105      1947
 MINIMUM TEMPERATURE (F)   62        42      1903


SUNRISE AND SUNSET
AUGUST  9 2017........SUNRISE   630 AM CDT   SUNSET   844 PM CDT
AUGUST 10 2017........SUNRISE   631 AM CDT   SUNSET   843 PM CDT


-  INDICATES NEGATIVE NUMBERS.
R  INDICATES RECORD WAS SET OR TIED.
MM INDICATES DATA IS MISSING.
T  INDICATES TRACE AMOUNT.




$$
