000
CDUS43 KFSD 310629
CLIMHE


CLIMATE REPORT
NATIONAL WEATHER SERVICE SIOUX FALLS SD
129 AM CDT THU AUG 31 2017


...................................

...THE MITCHELL SD CLIMATE SUMMARY FOR AUGUST 30 2017...

CLIMATE NORMAL PERIOD 1981 TO 2010
CLIMATE RECORD PERIOD 1893 TO 2017


WEATHER ITEM   OBSERVED TIME   RECORD YEAR NORMAL DEPARTURE LAST
                VALUE   (LST)  VALUE       VALUE  FROM      YEAR
                                                  NORMAL
..................................................................
TEMPERATURE (F)
 YESTERDAY
  MAXIMUM         84    338 PM 103    1898  81      3       89
  MINIMUM         61    647 AM  40    1946  57      4       66
                                      1935
                                      1915
  AVERAGE         73                        69      4       78

PRECIPITATION (IN)
  YESTERDAY        0.00          2.31 2010   0.07  -0.07      T
  MONTH TO DATE    3.03                      2.31   0.72     3.31
  SINCE JUN 1      6.80                      9.55  -2.75     6.89
  SINCE JAN 1     13.82                     16.28  -2.46    19.41

SNOWFALL (IN)
  YESTERDAY        0.0           0.0    MM  MM     MM        0.0
  MONTH TO DATE    0.0                      MM     MM        0.0
  SINCE JUN 1      0.0                      MM     MM        0.0
  SINCE JUL 1      0.0                      MM     MM        0.0
  SNOW DEPTH       0

DEGREE DAYS
 HEATING
  YESTERDAY        0                         1     -1        0
  MONTH TO DATE    2                         5     -3        5
  SINCE JUN 1     14                        45    -31       12
  SINCE JUL 1      2                        10     -8        8

 COOLING
  YESTERDAY        8                         5      3       13
  MONTH TO DATE  120                       223   -103      264
  SINCE JUN 1    732                       701     31      879
  SINCE JAN 1    764                       741     23      923
..................................................................


WIND (MPH)
  HIGHEST WIND SPEED    12   HIGHEST WIND DIRECTION     S (160)
  HIGHEST GUST SPEED    16   HIGHEST GUST DIRECTION    SE (120)
  AVERAGE WIND SPEED     7.0


SKY COVER
  POSSIBLE SUNSHINE  MM
  AVERAGE SKY COVER 0.0


WEATHER CONDITIONS
 THE FOLLOWING WEATHER WAS RECORDED YESTERDAY.
  NO SIGNIFICANT WEATHER WAS OBSERVED.


RELATIVE HUMIDITY (PERCENT)
 HIGHEST   100           400 AM
 LOWEST     51           100 PM
 AVERAGE    76

..........................................................


THE MITCHELL SD CLIMATE NORMALS FOR TODAY
                         NORMAL    RECORD    YEAR
 MAXIMUM TEMPERATURE (F)   81        99      1948
                                             1922
                                             1898
 MINIMUM TEMPERATURE (F)   57        40      1974


SUNRISE AND SUNSET
AUGUST 31 2017........SUNRISE   655 AM CDT   SUNSET   809 PM CDT
SEPTEMBER  1 2017.....SUNRISE   656 AM CDT   SUNSET   807 PM CDT


-  INDICATES NEGATIVE NUMBERS.
R  INDICATES RECORD WAS SET OR TIED.
MM INDICATES DATA IS MISSING.
T  INDICATES TRACE AMOUNT.




$$
