000
CDUS43 KFSD 240644
CLIMHE


CLIMATE REPORT
NATIONAL WEATHER SERVICE SIOUX FALLS SD
142 AM CDT FRI JUL 24 2015


...................................

...THE MITCHELL SD CLIMATE SUMMARY FOR JULY 23 2015...

CLIMATE NORMAL PERIOD 1981 TO 2010
CLIMATE RECORD PERIOD 1893 TO 2015


WEATHER ITEM   OBSERVED TIME   RECORD YEAR NORMAL DEPARTURE LAST
                VALUE   (LST)  VALUE       VALUE  FROM      YEAR
                                                  NORMAL
..................................................................
TEMPERATURE (F)
 YESTERDAY
  MAXIMUM         91    536 PM 109    2005  87      4       83
                                      1934
  MINIMUM         66    454 AM  46    1904  63      3       58
  AVERAGE         79                        75      4       71

PRECIPITATION (IN)
  YESTERDAY        0.00          0.79 1981   0.10  -0.10     0.00
  MONTH TO DATE    1.34                      2.37  -1.03     0.49
  SINCE JUN 1      5.25                      6.50  -1.25     4.68
  SINCE JAN 1     12.34                     13.23  -0.89     9.41

SNOWFALL (IN)
  YESTERDAY        0.0           0.0    MM  MM     MM        0.0
  MONTH TO DATE    0.0                      MM     MM        0.0
  SINCE JUN 1      0.0                      MM     MM        0.0
  SINCE JUL 1      0.0                      MM     MM        0.0
  SNOW DEPTH       0

DEGREE DAYS
 HEATING
  YESTERDAY        0                         0      0        0
  MONTH TO DATE    2                         0      2        9
  SINCE JUN 1      5                        35    -30       35
  SINCE JUL 1      2                         0      2        9

 COOLING
  YESTERDAY       14                        10      4        6
  MONTH TO DATE  210                       228    -18      170
  SINCE JUN 1    407                       398      9      328
  SINCE JAN 1    438                       438      0      406
..................................................................


WIND (MPH)
  HIGHEST WIND SPEED    26   HIGHEST WIND DIRECTION     S (160)
  HIGHEST GUST SPEED    35   HIGHEST GUST DIRECTION    SE (150)
  AVERAGE WIND SPEED    16.4


SKY COVER
  POSSIBLE SUNSHINE  MM
  AVERAGE SKY COVER 0.1


WEATHER CONDITIONS
 THE FOLLOWING WEATHER WAS RECORDED YESTERDAY.
  THUNDERSTORM


RELATIVE HUMIDITY (PERCENT)
 HIGHEST    87           100 AM
 LOWEST     56           300 PM
 AVERAGE    72

..........................................................


THE MITCHELL SD CLIMATE NORMALS FOR TODAY
                         NORMAL    RECORD    YEAR
 MAXIMUM TEMPERATURE (F)   86       116      1940
 MINIMUM TEMPERATURE (F)   63        45      1905


SUNRISE AND SUNSET
JULY 24 2015..........SUNRISE   612 AM CDT   SUNSET   904 PM CDT
JULY 25 2015..........SUNRISE   613 AM CDT   SUNSET   903 PM CDT


-  INDICATES NEGATIVE NUMBERS.
R  INDICATES RECORD WAS SET OR TIED.
MM INDICATES DATA IS MISSING.
T  INDICATES TRACE AMOUNT.




$$
