000
CDUS43 KFSD 250640
CLIMHE


CLIMATE REPORT
NATIONAL WEATHER SERVICE SIOUX FALLS SD
139 AM CDT MON APR 25 2016


...................................

...THE MITCHELL SD CLIMATE SUMMARY FOR APRIL 24 2016...

CLIMATE NORMAL PERIOD 1981 TO 2010
CLIMATE RECORD PERIOD 1893 TO 2016


WEATHER ITEM   OBSERVED TIME   RECORD YEAR NORMAL DEPARTURE LAST
                VALUE   (LST)  VALUE       VALUE  FROM      YEAR
                                                  NORMAL
..................................................................
TEMPERATURE (F)
 YESTERDAY
  MAXIMUM         76    344 PM  91    1906  65     11       81
  MINIMUM         59    544 AM  23    1919  39     20       53
  AVERAGE         68                        52     16       67

PRECIPITATION (IN)
  YESTERDAY        T             1.30 1929   0.10  -0.10     0.85
  MONTH TO DATE    1.71                      1.59   0.12     1.34
  SINCE MAR 1      3.07                      2.65   0.42     1.47
  SINCE JAN 1      4.30                      3.21   1.09     2.24

SNOWFALL (IN)
  YESTERDAY        0.0           2.0  1937  MM     MM        0.0
  MONTH TO DATE    0.2                      MM     MM        0.0
  SINCE MAR 1      3.9                      MM     MM        0.7
  SINCE JUL 1     46.3                      MM     MM       22.6
  SNOW DEPTH       0

DEGREE DAYS
 HEATING
  YESTERDAY        0                        13    -13        0
  MONTH TO DATE  376                       446    -70      337
  SINCE MAR 1   1081                      1404   -323     1105
  SINCE JUL 1   5870                      6926  -1056     6595

 COOLING
  YESTERDAY        3                         0      3        2
  MONTH TO DATE    4                         0      4        2
  SINCE MAR 1      4                         0      4        6
  SINCE JAN 1      4                         0      4        6
..................................................................


WIND (MPH)
  HIGHEST WIND SPEED    24   HIGHEST WIND DIRECTION     S (160)
  HIGHEST GUST SPEED    28   HIGHEST GUST DIRECTION     S (160)
  AVERAGE WIND SPEED    13.9


SKY COVER
  POSSIBLE SUNSHINE  MM
  AVERAGE SKY COVER 0.2


WEATHER CONDITIONS
 THE FOLLOWING WEATHER WAS RECORDED YESTERDAY.
  THUNDERSTORM
  LIGHT RAIN


RELATIVE HUMIDITY (PERCENT)
 HIGHEST    78           800 PM
 LOWEST     41           300 PM
 AVERAGE    60

..........................................................


THE MITCHELL SD CLIMATE NORMALS FOR TODAY
                         NORMAL    RECORD    YEAR
 MAXIMUM TEMPERATURE (F)   65        97      1962
 MINIMUM TEMPERATURE (F)   40        23      1907


SUNRISE AND SUNSET
APRIL 25 2016.........SUNRISE   632 AM CDT   SUNSET   828 PM CDT
APRIL 26 2016.........SUNRISE   631 AM CDT   SUNSET   830 PM CDT


-  INDICATES NEGATIVE NUMBERS.
R  INDICATES RECORD WAS SET OR TIED.
MM INDICATES DATA IS MISSING.
T  INDICATES TRACE AMOUNT.




$$
