000
CDUS43 KFSD 150645
CLIMHE


CLIMATE REPORT
NATIONAL WEATHER SERVICE SIOUX FALLS SD
145 AM CDT MON MAY 15 2017


...................................

...THE MITCHELL SD CLIMATE SUMMARY FOR MAY 14 2017...

CLIMATE NORMAL PERIOD 1981 TO 2010
CLIMATE RECORD PERIOD 1893 TO 2017


WEATHER ITEM   OBSERVED TIME   RECORD YEAR NORMAL DEPARTURE LAST
                VALUE   (LST)  VALUE       VALUE  FROM      YEAR
                                                  NORMAL
..................................................................
TEMPERATURE (F)
 YESTERDAY
  MAXIMUM         89    407 PM  96    1941  71     18       61
                                      1932
                                      1894
  MINIMUM         59    556 AM  28    1953  47     12       32
  AVERAGE         74                        59     15       47

PRECIPITATION (IN)
  YESTERDAY        T             2.40 1961   0.07  -0.07     0.00
  MONTH TO DATE    0.30                      1.08  -0.78     0.98
  SINCE MAR 1      3.81                      4.32  -0.51     7.71
  SINCE JAN 1      4.97                      4.88   0.09     8.94

SNOWFALL (IN)
  YESTERDAY        0.0           0.1  1924  MM     MM        0.0
  MONTH TO DATE    0.0                      MM     MM        0.0
  SINCE MAR 1      5.2                      MM     MM        3.9
  SINCE JUL 1     30.6                      MM     MM       46.3
  SNOW DEPTH       0

DEGREE DAYS
 HEATING
  YESTERDAY        0                         7     -7       18
  MONTH TO DATE   73                       124    -51      112
  SINCE MAR 1   1418                      1602   -184     1305
  SINCE JUL 1   6152                      7124   -972     6094

 COOLING
  YESTERDAY        9                         1      8        0
  MONTH TO DATE   23                        11     12        8
  SINCE MAR 1     23                        13     10       12
  SINCE JAN 1     23                        13     10       12
..................................................................


WIND (MPH)
  HIGHEST WIND SPEED    25   HIGHEST WIND DIRECTION     S (160)
  HIGHEST GUST SPEED    30   HIGHEST GUST DIRECTION     N (340)
  AVERAGE WIND SPEED    12.0


SKY COVER
  POSSIBLE SUNSHINE  MM
  AVERAGE SKY COVER 0.0


WEATHER CONDITIONS
 THE FOLLOWING WEATHER WAS RECORDED YESTERDAY.
  THUNDERSTORM


RELATIVE HUMIDITY (PERCENT)
 HIGHEST    75           600 AM
 LOWEST     29           400 PM
 AVERAGE    52

..........................................................


THE MITCHELL SD CLIMATE NORMALS FOR TODAY
                         NORMAL    RECORD    YEAR
 MAXIMUM TEMPERATURE (F)   71       100      1931
 MINIMUM TEMPERATURE (F)   48        25      1959


SUNRISE AND SUNSET
MAY 15 2017...........SUNRISE   606 AM CDT   SUNSET   851 PM CDT
MAY 16 2017...........SUNRISE   605 AM CDT   SUNSET   852 PM CDT


-  INDICATES NEGATIVE NUMBERS.
R  INDICATES RECORD WAS SET OR TIED.
MM INDICATES DATA IS MISSING.
T  INDICATES TRACE AMOUNT.




$$
