000
CDUS43 KFSD 170625
CLIMHE


CLIMATE REPORT
NATIONAL WEATHER SERVICE SIOUX FALLS SD
123 AM CDT SAT SEP 17 2016


...................................

...THE MITCHELL SD CLIMATE SUMMARY FOR SEPTEMBER 16 2016...

CLIMATE NORMAL PERIOD 1981 TO 2010
CLIMATE RECORD PERIOD 1893 TO 2016


WEATHER ITEM   OBSERVED TIME   RECORD YEAR NORMAL DEPARTURE LAST
                VALUE   (LST)  VALUE       VALUE  FROM      YEAR
                                                  NORMAL
..................................................................
TEMPERATURE (F)
 YESTERDAY
  MAXIMUM         76    333 PM  98    1955  76      0       91
  MINIMUM         55   1157 PM  27    1903  49      6       70
  AVERAGE         66                        63      3       81

PRECIPITATION (IN)
  YESTERDAY        0.00          2.57 1986   0.07  -0.07      T
  MONTH TO DATE    2.12                      1.26   0.86      T
  SINCE SEP 1      2.12                      1.26   0.86      T
  SINCE JAN 1     21.53                     17.61   3.92    16.93

SNOWFALL (IN)
  YESTERDAY        0.0           0.0    MM  MM     MM        0.0
  MONTH TO DATE    0.0                      MM     MM        0.0
  SINCE SEP 1      0.0                      MM     MM        0.0
  SINCE JUL 1      0.0                      MM     MM        0.0
  SNOW DEPTH       0

DEGREE DAYS
 HEATING
  YESTERDAY        0                         4     -4        0
  MONTH TO DATE   35                        44     -9       21
  SINCE SEP 1     35                        44     -9       21
  SINCE JUL 1     43                        61    -18       49

 COOLING
  YESTERDAY        1                         2     -1       16
  MONTH TO DATE   51                        57     -6      120
  SINCE SEP 1     51                        57     -6      120
  SINCE JAN 1    983                       802    181      844
..................................................................


WIND (MPH)
  HIGHEST WIND SPEED    22   HIGHEST WIND DIRECTION     W (270)
  HIGHEST GUST SPEED    28   HIGHEST GUST DIRECTION    NW (300)
  AVERAGE WIND SPEED    10.4


SKY COVER
  POSSIBLE SUNSHINE  MM
  AVERAGE SKY COVER 0.5


WEATHER CONDITIONS
 THE FOLLOWING WEATHER WAS RECORDED YESTERDAY.
  FOG


RELATIVE HUMIDITY (PERCENT)
 HIGHEST   100           100 AM
 LOWEST     41           400 PM
 AVERAGE    71

..........................................................


THE MITCHELL SD CLIMATE NORMALS FOR TODAY
                         NORMAL    RECORD    YEAR
 MAXIMUM TEMPERATURE (F)   75        97      1955
                                             1940
 MINIMUM TEMPERATURE (F)   49        30      1916
                                             1899


SUNRISE AND SUNSET
SEPTEMBER 17 2016.....SUNRISE   714 AM CDT   SUNSET   738 PM CDT
SEPTEMBER 18 2016.....SUNRISE   715 AM CDT   SUNSET   736 PM CDT


-  INDICATES NEGATIVE NUMBERS.
R  INDICATES RECORD WAS SET OR TIED.
MM INDICATES DATA IS MISSING.
T  INDICATES TRACE AMOUNT.




$$
