000
CDUS43 KFSD 070632
CLIMHE


CLIMATE REPORT
NATIONAL WEATHER SERVICE SIOUX FALLS SD
132 AM CDT FRI JUL 7 2017


...................................

...THE MITCHELL SD CLIMATE SUMMARY FOR JULY 6 2017...

CLIMATE NORMAL PERIOD 1981 TO 2010
CLIMATE RECORD PERIOD 1893 TO 2017


WEATHER ITEM   OBSERVED TIME   RECORD YEAR NORMAL DEPARTURE LAST
                VALUE   (LST)  VALUE       VALUE  FROM      YEAR
                                                  NORMAL
..................................................................
TEMPERATURE (F)
 YESTERDAY
  MAXIMUM         94    157 PM 108    1937  87      7       89
  MINIMUM         67   1159 PM  48    1915  63      4       63
  AVERAGE         81                        75      6       76

PRECIPITATION (IN)
  YESTERDAY        0.00          1.30 1914   0.12  -0.12     0.43
  MONTH TO DATE    0.27                      0.74  -0.47     0.43
  SINCE JUN 1      1.02                      4.87  -3.85     2.47
  SINCE JAN 1      8.04                     11.60  -3.56    14.99

SNOWFALL (IN)
  YESTERDAY        0.0           0.0    MM  MM     MM        0.0
  MONTH TO DATE    0.0                      MM     MM        0.0
  SINCE JUN 1      0.0                      MM     MM        0.0
  SINCE JUL 1      0.0                      MM     MM        0.0
  SNOW DEPTH       0

DEGREE DAYS
 HEATING
  YESTERDAY        0                         0      0        0
  MONTH TO DATE    0                         0      0        3
  SINCE JUN 1     12                        35    -23        7
  SINCE JUL 1      0                         0      0        3

 COOLING
  YESTERDAY       16                        10      6       11
  MONTH TO DATE   75                        58     17       51
  SINCE JUN 1    293                       228     65      335
  SINCE JAN 1    325                       268     57      379
..................................................................


WIND (MPH)
  HIGHEST WIND SPEED    25   HIGHEST WIND DIRECTION     S (190)
  HIGHEST GUST SPEED    36   HIGHEST GUST DIRECTION     S (180)
  AVERAGE WIND SPEED    10.9


SKY COVER
  POSSIBLE SUNSHINE  MM
  AVERAGE SKY COVER 0.0


WEATHER CONDITIONS
 THE FOLLOWING WEATHER WAS RECORDED YESTERDAY.
  NO SIGNIFICANT WEATHER WAS OBSERVED.


RELATIVE HUMIDITY (PERCENT)
 HIGHEST    66           600 AM
 LOWEST     38           600 PM
 AVERAGE    52

..........................................................


THE MITCHELL SD CLIMATE NORMALS FOR TODAY
                         NORMAL    RECORD    YEAR
 MAXIMUM TEMPERATURE (F)   87       103      2007
                                             1930
 MINIMUM TEMPERATURE (F)   63        45      1922


SUNRISE AND SUNSET
JULY  7 2017..........SUNRISE   558 AM CDT   SUNSET   916 PM CDT
JULY  8 2017..........SUNRISE   559 AM CDT   SUNSET   916 PM CDT


-  INDICATES NEGATIVE NUMBERS.
R  INDICATES RECORD WAS SET OR TIED.
MM INDICATES DATA IS MISSING.
T  INDICATES TRACE AMOUNT.




$$
