000
CDUS43 KFSD 052229
CLIMHE


CLIMATE REPORT
NATIONAL WEATHER SERVICE SIOUX FALLS SD
528 PM CDT WED APR 5 2017


...................................

...THE MITCHELL SD CLIMATE SUMMARY FOR APRIL 5 2017...
VALID TODAY AS OF 0500 PM LOCAL TIME.

CLIMATE NORMAL PERIOD 1981 TO 2010
CLIMATE RECORD PERIOD 1893 TO 2017


WEATHER ITEM   OBSERVED TIME   RECORD YEAR NORMAL DEPARTURE LAST
                VALUE   (LST)  VALUE       VALUE  FROM      YEAR
                                                  NORMAL
..................................................................
TEMPERATURE (F)
 TODAY
  MAXIMUM         55   1116 AM  85    1992  55      0       66
  MINIMUM         37    649 AM  10    1899  31      6       40
  AVERAGE         46                        43      3       53

PRECIPITATION (IN)
  TODAY            0.06          1.42 1999   0.03   0.03     0.03
  MONTH TO DATE    0.30                      0.13   0.17     0.04
  SINCE MAR 1      0.64                      1.19  -0.55     1.40
  SINCE JAN 1      1.80                      1.75   0.05     2.63

SNOWFALL (IN)
  TODAY            0.0           2.0  1938  MM     MM        0.0
  MONTH TO DATE    0.0                      MM     MM        0.2
  SINCE MAR 1      3.6                      MM     MM        3.9
  SINCE JUL 1     29.0                      MM     MM       46.3
  SNOW DEPTH       0

DEGREE DAYS
 HEATING
  TODAY           19                        22     -3       12
  MONTH TO DATE   77                       116    -39       94
  SINCE MAR 1    946                      1074   -128      799
  SINCE JUL 1   5680                      6596   -916     5588

 COOLING
  TODAY            0                         0      0        0
  MONTH TO DATE    0                         0      0        0
  SINCE MAR 1      0                         0      0        0
  SINCE JAN 1      0                         0      0        0
..................................................................


WIND (MPH)
  HIGHEST WIND SPEED    24   HIGHEST WIND DIRECTION     N (360)
  HIGHEST GUST SPEED    29   HIGHEST GUST DIRECTION     N (10)
  AVERAGE WIND SPEED    11.6


SKY COVER
  POSSIBLE SUNSHINE  MM
  AVERAGE SKY COVER 0.6


WEATHER CONDITIONS
 THE FOLLOWING WEATHER WAS RECORDED TODAY.
  LIGHT RAIN


RELATIVE HUMIDITY (PERCENT)
 HIGHEST    92           500 AM
 LOWEST     54          1100 AM
 AVERAGE    73

..........................................................


THE MITCHELL SD CLIMATE NORMALS FOR TOMORROW
                         NORMAL    RECORD    YEAR
 MAXIMUM TEMPERATURE (F)   55        87      1991
 MINIMUM TEMPERATURE (F)   31        10      1982


SUNRISE AND SUNSET
APRIL  5 2017.........SUNRISE   706 AM CDT   SUNSET   804 PM CDT
APRIL  6 2017.........SUNRISE   704 AM CDT   SUNSET   805 PM CDT


-  INDICATES NEGATIVE NUMBERS.
R  INDICATES RECORD WAS SET OR TIED.
MM INDICATES DATA IS MISSING.
T  INDICATES TRACE AMOUNT.




$$
