000
CDUS43 KFSD 202234
CLIMHE


CLIMATE REPORT
NATIONAL WEATHER SERVICE SIOUX FALLS SD
534 PM CDT MON JUL 20 2015


...................................

...THE MITCHELL SD CLIMATE SUMMARY FOR JULY 20 2015...
VALID TODAY AS OF 0500 PM LOCAL TIME.

CLIMATE NORMAL PERIOD 1981 TO 2010
CLIMATE RECORD PERIOD 1893 TO 2015


WEATHER ITEM   OBSERVED TIME   RECORD YEAR NORMAL DEPARTURE LAST
                VALUE   (LST)  VALUE       VALUE  FROM      YEAR
                                                  NORMAL
..................................................................
TEMPERATURE (F)
 TODAY
  MAXIMUM         82    310 PM 112    1934  87     -5       85
  MINIMUM         66    626 AM  46    1898  63      3       68
  AVERAGE         74                        75     -1       77

PRECIPITATION (IN)
  TODAY            0.01          0.81 2013   0.08  -0.07     0.00
  MONTH TO DATE    1.34                      2.07  -0.73     0.45
  SINCE JUN 1      5.25                      6.20  -0.95     4.64
  SINCE JAN 1     12.34                     12.93  -0.59     9.37

SNOWFALL (IN)
  TODAY            0.0           0.0    MM  MM     MM        0.0
  MONTH TO DATE    0.0                      MM     MM        0.0
  SINCE JUN 1      0.0                      MM     MM        0.0
  SINCE JUL 1      0.0                      MM     MM        0.0
  SNOW DEPTH       0

DEGREE DAYS
 HEATING
  TODAY            0                         0      0        0
  MONTH TO DATE    2                         0      2        9
  SINCE JUN 1      5                        35    -30       35
  SINCE JUL 1      2                         0      2        9

 COOLING
  TODAY            9                        10     -1       12
  MONTH TO DATE  184                       198    -14      137
  SINCE JUN 1    381                       368     13      295
  SINCE JAN 1    412                       408      4      373
..................................................................


WIND (MPH)
  HIGHEST WIND SPEED    21   HIGHEST WIND DIRECTION    NW (300)
  HIGHEST GUST SPEED    29   HIGHEST GUST DIRECTION     N (20)
  AVERAGE WIND SPEED    11.0


SKY COVER
  POSSIBLE SUNSHINE  MM
  AVERAGE SKY COVER 0.1


WEATHER CONDITIONS
 THE FOLLOWING WEATHER WAS RECORDED TODAY.
  THUNDERSTORM
  LIGHT RAIN


RELATIVE HUMIDITY (PERCENT)
 HIGHEST    87           500 AM
 LOWEST     39           400 PM
 AVERAGE    63

..........................................................


THE MITCHELL SD CLIMATE NORMALS FOR TOMORROW
                         NORMAL    RECORD    YEAR
 MAXIMUM TEMPERATURE (F)   87       114      1934
 MINIMUM TEMPERATURE (F)   63        44      1947


SUNRISE AND SUNSET
JULY 20 2015..........SUNRISE   608 AM CDT   SUNSET   908 PM CDT
JULY 21 2015..........SUNRISE   609 AM CDT   SUNSET   907 PM CDT


-  INDICATES NEGATIVE NUMBERS.
R  INDICATES RECORD WAS SET OR TIED.
MM INDICATES DATA IS MISSING.
T  INDICATES TRACE AMOUNT.




$$
