000
CDUS43 KFSD 270624
CLIMHE


CLIMATE REPORT
NATIONAL WEATHER SERVICE SIOUX FALLS SD
123 AM CDT WED SEP 27 2017


...................................

...THE MITCHELL SD CLIMATE SUMMARY FOR SEPTEMBER 26 2017...

CLIMATE NORMAL PERIOD 1981 TO 2010
CLIMATE RECORD PERIOD 1893 TO 2017


WEATHER ITEM   OBSERVED TIME   RECORD YEAR NORMAL DEPARTURE LAST
                VALUE   (LST)  VALUE       VALUE  FROM      YEAR
                                                  NORMAL
..................................................................
TEMPERATURE (F)
 YESTERDAY
  MAXIMUM         64    514 PM  95    1956  71     -7       75
  MINIMUM         47   1159 PM  24    1965  45      2       44
  AVERAGE         56                        58     -2       60

PRECIPITATION (IN)
  YESTERDAY        T             1.63 1929   0.07  -0.07     0.00
  MONTH TO DATE    2.59                      2.03   0.56     2.15
  SINCE SEP 1      2.59                      2.03   0.56     2.15
  SINCE JAN 1     16.41                     18.38  -1.97    21.56

SNOWFALL (IN)
  YESTERDAY        0.0           0.0    MM  MM     MM        0.0
  MONTH TO DATE    0.0                      MM     MM        0.0
  SINCE SEP 1      0.0                      MM     MM        0.0
  SINCE JUL 1      0.0                      MM     MM        0.0
  SNOW DEPTH       0

DEGREE DAYS
 HEATING
  YESTERDAY        9                         8      1        5
  MONTH TO DATE   74                       106    -32       45
  SINCE SEP 1     74                       106    -32       45
  SINCE JUL 1     76                       123    -47       53

 COOLING
  YESTERDAY        0                         1     -1        0
  MONTH TO DATE  113                        69     44       99
  SINCE SEP 1    113                        69     44       99
  SINCE JAN 1    883                       814     69     1031
..................................................................


WIND (MPH)
  HIGHEST WIND SPEED    15   HIGHEST WIND DIRECTION    NW (320)
  HIGHEST GUST SPEED    23   HIGHEST GUST DIRECTION    NW (300)
  AVERAGE WIND SPEED     6.9


SKY COVER
  POSSIBLE SUNSHINE  MM
  AVERAGE SKY COVER 0.6


WEATHER CONDITIONS
 THE FOLLOWING WEATHER WAS RECORDED YESTERDAY.
  LIGHT RAIN


RELATIVE HUMIDITY (PERCENT)
 HIGHEST    93          1200 AM
 LOWEST     52           500 PM
 AVERAGE    73

..........................................................


THE MITCHELL SD CLIMATE NORMALS FOR TODAY
                         NORMAL    RECORD    YEAR
 MAXIMUM TEMPERATURE (F)   71       100      1956
 MINIMUM TEMPERATURE (F)   44        24      1935


SUNRISE AND SUNSET
SEPTEMBER 27 2017.....SUNRISE   725 AM CDT   SUNSET   720 PM CDT
SEPTEMBER 28 2017.....SUNRISE   727 AM CDT   SUNSET   718 PM CDT


-  INDICATES NEGATIVE NUMBERS.
R  INDICATES RECORD WAS SET OR TIED.
MM INDICATES DATA IS MISSING.
T  INDICATES TRACE AMOUNT.




$$
