000
CDUS43 KFSD 090707
CLIMHE


CLIMATE REPORT
NATIONAL WEATHER SERVICE SIOUX FALLS SD
206 AM CDT WED APR 9 2014


...................................

...THE MITCHELL SD CLIMATE SUMMARY FOR APRIL 8 2014...

CLIMATE NORMAL PERIOD 1981 TO 2010
CLIMATE RECORD PERIOD 1893 TO 2014


WEATHER ITEM   OBSERVED TIME   RECORD YEAR NORMAL DEPARTURE LAST
                VALUE   (LST)  VALUE       VALUE  FROM      YEAR
                                                  NORMAL
..................................................................
TEMPERATURE (F)
 YESTERDAY
  MAXIMUM         58    547 PM  84    1934  56      2       52
  MINIMUM         32    354 AM  10    1997  32      0       32
  AVERAGE         45                        44      1       42

PRECIPITATION (IN)
  YESTERDAY        0.00          1.47 1999   0.06  -0.06      T
  MONTH TO DATE    T                         0.28  -0.28     0.01
  SINCE MAR 1      1.04                      1.34  -0.30     0.81
  SINCE JAN 1      1.54                      1.90  -0.36     2.38

SNOWFALL (IN)
  YESTERDAY        0.0           5.0  1904  MM     MM        0.0
  MONTH TO DATE    T                        MM     MM        0.0
  SINCE MAR 1      8.6                      MM     MM        3.4
  SINCE JUL 1     30.8                      MM     MM       31.3
  SNOW DEPTH       0

DEGREE DAYS
 HEATING
  YESTERDAY       20                        21     -1       23
  MONTH TO DATE  205                       180     25      175
  SINCE MAR 1   1251                      1138    113     1314
  SINCE JUL 1   7201                      6660    541     6779

 COOLING
  YESTERDAY        0                         0      0        0
  MONTH TO DATE    0                         0      0        0
  SINCE MAR 1      0                         0      0        0
  SINCE JAN 1      0                         0      0        0
..................................................................


WIND (MPH)
  HIGHEST WIND SPEED    20   HIGHEST WIND DIRECTION     N (360)
  HIGHEST GUST SPEED    23   HIGHEST GUST DIRECTION     N (10)
  AVERAGE WIND SPEED     9.3


SKY COVER
  POSSIBLE SUNSHINE  MM
  AVERAGE SKY COVER 0.2


WEATHER CONDITIONS
 THE FOLLOWING WEATHER WAS RECORDED YESTERDAY.
  NO SIGNIFICANT WEATHER WAS OBSERVED.


RELATIVE HUMIDITY (PERCENT)
 HIGHEST    92           300 AM
 LOWEST     27           300 PM
 AVERAGE    60

..........................................................


THE MITCHELL SD CLIMATE NORMALS FOR TODAY
                         NORMAL    RECORD    YEAR
 MAXIMUM TEMPERATURE (F)   57        92      1977
                                             1930
 MINIMUM TEMPERATURE (F)   32        10      1997


SUNRISE AND SUNSET
APRIL  9 2014.........SUNRISE   700 AM CDT   SUNSET   809 PM CDT
APRIL 10 2014.........SUNRISE   658 AM CDT   SUNSET   810 PM CDT


-  INDICATES NEGATIVE NUMBERS.
R  INDICATES RECORD WAS SET OR TIED.
MM INDICATES DATA IS MISSING.
T  INDICATES TRACE AMOUNT.




$$
