000
CDUS43 KFSD 140658
CLIMHE


CLIMATE REPORT
NATIONAL WEATHER SERVICE SIOUX FALLS SD
1255 AM CST WED JAN 14 2015


...................................

...THE MITCHELL SD CLIMATE SUMMARY FOR JANUARY 13 2015...

CLIMATE NORMAL PERIOD 1981 TO 2010
CLIMATE RECORD PERIOD 1893 TO 2015


WEATHER ITEM   OBSERVED TIME   RECORD YEAR NORMAL DEPARTURE LAST
                VALUE   (LST)  VALUE       VALUE  FROM      YEAR
                                                  NORMAL
..................................................................
TEMPERATURE (F)
 YESTERDAY
  MAXIMUM         23    902 PM  57    1980  28     -5       44
  MINIMUM        -10    325 AM -37    1916   9    -19       24
  AVERAGE          7                        18    -11       34

PRECIPITATION (IN)
  YESTERDAY        T             1.00 1910   0.01  -0.01      T
  MONTH TO DATE    0.34                      0.09   0.25     0.05
  SINCE DEC 1      1.56                      0.54   1.02     0.70
  SINCE JAN 1      0.34                      0.09   0.25     0.05

SNOWFALL (IN)
  YESTERDAY        T            16.0  1910  MM     MM        0.0
  MONTH TO DATE    4.7                      MM     MM        0.4
  SINCE DEC 1     12.4                      MM     MM       11.8
  SINCE JUL 1     18.0                      MM     MM       15.8
  SNOW DEPTH       7

DEGREE DAYS
 HEATING
  YESTERDAY       58                        47     11       31
  MONTH TO DATE  743                       608    135      646
  SINCE DEC 1   1968                      1975     -7     2252
  SINCE JUL 1   3624                      3543     81     3760

 COOLING
  YESTERDAY        0                         0      0        0
  MONTH TO DATE    0                         0      0        0
  SINCE DEC 1      0                         0      0        0
  SINCE JAN 1      0                         0      0        0
..................................................................


WIND (MPH)
  HIGHEST WIND SPEED    22   HIGHEST WIND DIRECTION     S (170)
  HIGHEST GUST SPEED    MM   HIGHEST GUST DIRECTION    MM
  AVERAGE WIND SPEED    11.8


SKY COVER
  POSSIBLE SUNSHINE  MM
  AVERAGE SKY COVER 0.6


WEATHER CONDITIONS
 THE FOLLOWING WEATHER WAS RECORDED YESTERDAY.
  LIGHT SNOW


RELATIVE HUMIDITY (PERCENT)
 HIGHEST    92           100 AM
 LOWEST     62           300 PM
 AVERAGE    77

..........................................................


THE MITCHELL SD CLIMATE NORMALS FOR TODAY
                         NORMAL    RECORD    YEAR
 MAXIMUM TEMPERATURE (F)   28        59      1901
 MINIMUM TEMPERATURE (F)    9       -35      1916


SUNRISE AND SUNSET
JANUARY 14 2015.......SUNRISE   803 AM CST   SUNSET   519 PM CST
JANUARY 15 2015.......SUNRISE   803 AM CST   SUNSET   520 PM CST


-  INDICATES NEGATIVE NUMBERS.
R  INDICATES RECORD WAS SET OR TIED.
MM INDICATES DATA IS MISSING.
T  INDICATES TRACE AMOUNT.




$$
