000
CDUS43 KFSD 122235
CLIMHE


CLIMATE REPORT
NATIONAL WEATHER SERVICE SIOUX FALLS SD
533 PM CDT TUE APR 12 2016


...................................

...THE MITCHELL SD CLIMATE SUMMARY FOR APRIL 12 2016...
VALID TODAY AS OF 0500 PM LOCAL TIME.

CLIMATE NORMAL PERIOD 1981 TO 2010
CLIMATE RECORD PERIOD 1893 TO 2016


WEATHER ITEM   OBSERVED TIME   RECORD YEAR NORMAL DEPARTURE LAST
                VALUE   (LST)  VALUE       VALUE  FROM      YEAR
                                                  NORMAL
..................................................................
TEMPERATURE (F)
 TODAY
  MAXIMUM         75    359 PM  91    1931  59     16       77
  MINIMUM         29   1203 AM  15    1997  34     -5       43
                                      1957
  AVERAGE         52                        46      6       60

PRECIPITATION (IN)
  TODAY            0.00          1.72 1983   0.07  -0.07     0.00
  MONTH TO DATE    0.07                      0.56  -0.49     0.26
  SINCE MAR 1      1.43                      1.62  -0.19     0.39
  SINCE JAN 1      2.66                      2.18   0.48     1.16

SNOWFALL (IN)
  TODAY            0.0           4.0  1996  MM     MM        0.0
                                      1995
  MONTH TO DATE    0.2                      MM     MM        0.0
  SINCE MAR 1      3.9                      MM     MM        0.7
  SINCE JUL 1     46.3                      MM     MM       22.6
  SNOW DEPTH       0

DEGREE DAYS
 HEATING
  TODAY           13                        19     -6        5
  MONTH TO DATE  252                       258     -6      191
  SINCE MAR 1    957                      1216   -259      959
  SINCE JUL 1   5746                      6738   -992     6449

 COOLING
  TODAY            0                         0      0        0
  MONTH TO DATE    0                         0      0        0
  SINCE MAR 1      0                         0      0        4
  SINCE JAN 1      0                         0      0        4
..................................................................


WIND (MPH)
  HIGHEST WIND SPEED    31   HIGHEST WIND DIRECTION     S (160)
  HIGHEST GUST SPEED    39   HIGHEST GUST DIRECTION    SE (150)
  AVERAGE WIND SPEED    17.4


SKY COVER
  POSSIBLE SUNSHINE  MM
  AVERAGE SKY COVER 0.5


WEATHER CONDITIONS
 THE FOLLOWING WEATHER WAS RECORDED TODAY.
  NO SIGNIFICANT WEATHER WAS OBSERVED.


RELATIVE HUMIDITY (PERCENT)
 HIGHEST    58          1200 AM
 LOWEST     27           100 PM
 AVERAGE    43

..........................................................


THE MITCHELL SD CLIMATE NORMALS FOR TOMORROW
                         NORMAL    RECORD    YEAR
 MAXIMUM TEMPERATURE (F)   59        91      1908
 MINIMUM TEMPERATURE (F)   34        15      1950
                                             1909
                                             1907


SUNRISE AND SUNSET
APRIL 12 2016.........SUNRISE   653 AM CDT   SUNSET   813 PM CDT
APRIL 13 2016.........SUNRISE   652 AM CDT   SUNSET   814 PM CDT


-  INDICATES NEGATIVE NUMBERS.
R  INDICATES RECORD WAS SET OR TIED.
MM INDICATES DATA IS MISSING.
T  INDICATES TRACE AMOUNT.




$$
