000
CDUS43 KFSD 010658
CLIMHE


CLIMATE REPORT
NATIONAL WEATHER SERVICE SIOUX FALLS SD
155 AM CDT MON MAY 1 2017


...................................

...THE MITCHELL SD CLIMATE SUMMARY FOR APRIL 30 2017...

CLIMATE NORMAL PERIOD 1981 TO 2010
CLIMATE RECORD PERIOD 1893 TO 2017


WEATHER ITEM   OBSERVED TIME   RECORD YEAR NORMAL DEPARTURE LAST
                VALUE   (LST)  VALUE       VALUE  FROM      YEAR
                                                  NORMAL
..................................................................
TEMPERATURE (F)
 YESTERDAY
  MAXIMUM         49   1247 PM  96    1992  67    -18       46
                                      1934
  MINIMUM         38   1000 PM  14    1903  42     -4       43
  AVERAGE         44                        54    -10       45

PRECIPITATION (IN)
  YESTERDAY       MM             1.40 1911   0.10  MM        0.87
  MONTH TO DATE    2.43                      2.18   0.25     5.37
  SINCE MAR 1      2.77                      3.24  -0.47     6.73
  SINCE JAN 1      3.93                      3.80   0.13     7.96

SNOWFALL (IN)
  YESTERDAY        0.0           0.5  1954  MM     MM        0.0
  MONTH TO DATE    1.6                      MM     MM        0.2
  SINCE MAR 1      5.2                      MM     MM        3.9
  SINCE JUL 1     30.6                      MM     MM       46.3
  SNOW DEPTH       0

DEGREE DAYS
 HEATING
  YESTERDAY       21                        11     10       20
  MONTH TO DATE  476                       518    -42      488
  SINCE MAR 1   1345                      1478   -133     1193
  SINCE JUL 1   6079                      7000   -921     5982

 COOLING
  YESTERDAY        0                         0      0        0
  MONTH TO DATE    0                         2     -2        4
  SINCE MAR 1      0                         2     -2        4
  SINCE JAN 1      0                         2     -2        4
..................................................................


WIND (MPH)
  HIGHEST WIND SPEED    25   HIGHEST WIND DIRECTION    NE (50)
  HIGHEST GUST SPEED    35   HIGHEST GUST DIRECTION     N (20)
  AVERAGE WIND SPEED    15.0


SKY COVER
  POSSIBLE SUNSHINE  MM
  AVERAGE SKY COVER 0.7


WEATHER CONDITIONS
 THE FOLLOWING WEATHER WAS RECORDED YESTERDAY.
  RAIN
  LIGHT RAIN
  FOG


RELATIVE HUMIDITY (PERCENT)
 HIGHEST   100          1000 PM
 LOWEST     42           100 PM
 AVERAGE    71

..........................................................


THE MITCHELL SD CLIMATE NORMALS FOR TODAY
                         NORMAL    RECORD    YEAR
 MAXIMUM TEMPERATURE (F)   67        98      1959
 MINIMUM TEMPERATURE (F)   42        19      1909


SUNRISE AND SUNSET
MAY  1 2017...........SUNRISE   624 AM CDT   SUNSET   835 PM CDT
MAY  2 2017...........SUNRISE   622 AM CDT   SUNSET   836 PM CDT


-  INDICATES NEGATIVE NUMBERS.
R  INDICATES RECORD WAS SET OR TIED.
MM INDICATES DATA IS MISSING.
T  INDICATES TRACE AMOUNT.




$$
