433
CDUS43 KFSD 190649
CLIMHE


CLIMATE REPORT
NATIONAL WEATHER SERVICE SIOUX FALLS SD
148 AM CDT SUN MAR 19 2017


...................................

...THE MITCHELL SD CLIMATE SUMMARY FOR MARCH 18 2017...

CLIMATE NORMAL PERIOD 1981 TO 2010
CLIMATE RECORD PERIOD 1893 TO 2017


WEATHER ITEM   OBSERVED TIME   RECORD YEAR NORMAL DEPARTURE LAST
                VALUE   (LST)  VALUE       VALUE  FROM      YEAR
                                                  NORMAL
..................................................................
TEMPERATURE (F)
 YESTERDAY
  MAXIMUM         53    436 PM  88    2012  45      8       39
  MINIMUM         22    613 AM -11    1923  24     -2       20
  AVERAGE         38                        35      3       30

PRECIPITATION (IN)
  YESTERDAY        0.00          1.20 1987   0.03  -0.03     0.02
  MONTH TO DATE    0.34                      0.51  -0.17     0.02
  SINCE MAR 1      0.34                      0.51  -0.17     0.02
  SINCE JAN 1      1.50                      1.07   0.43     1.25

SNOWFALL (IN)
  YESTERDAY        0.0          12.0  1957  MM     MM        0.2
  MONTH TO DATE    3.6                      MM     MM        0.2
  SINCE MAR 1      3.6                      MM     MM        0.2
  SINCE JUL 1     29.0                      MM     MM       42.6
  SNOW DEPTH       0

DEGREE DAYS
 HEATING
  YESTERDAY       27                        30     -3       35
  MONTH TO DATE  608                       602      6      393
  SINCE MAR 1    608                       602      6      393
  SINCE JUL 1   5342                      6124   -782     5182

 COOLING
  YESTERDAY        0                         0      0        0
  MONTH TO DATE    0                         0      0        0
  SINCE MAR 1      0                         0      0        0
  SINCE JAN 1      0                         0      0        0
..................................................................


WIND (MPH)
  HIGHEST WIND SPEED    21   HIGHEST WIND DIRECTION    SE (140)
  HIGHEST GUST SPEED    25   HIGHEST GUST DIRECTION    SE (140)
  AVERAGE WIND SPEED    11.1


SKY COVER
  POSSIBLE SUNSHINE  MM
  AVERAGE SKY COVER 0.1


WEATHER CONDITIONS
 THE FOLLOWING WEATHER WAS RECORDED YESTERDAY.
  NO SIGNIFICANT WEATHER WAS OBSERVED.


RELATIVE HUMIDITY (PERCENT)
 HIGHEST    88           500 AM
 LOWEST     28           300 PM
 AVERAGE    58

..........................................................


THE MITCHELL SD CLIMATE NORMALS FOR TODAY
                         NORMAL    RECORD    YEAR
 MAXIMUM TEMPERATURE (F)   46        80      2004
 MINIMUM TEMPERATURE (F)   25        -7      1923


SUNRISE AND SUNSET
MARCH 19 2017.........SUNRISE   737 AM CDT   SUNSET   744 PM CDT
MARCH 20 2017.........SUNRISE   735 AM CDT   SUNSET   745 PM CDT


-  INDICATES NEGATIVE NUMBERS.
R  INDICATES RECORD WAS SET OR TIED.
MM INDICATES DATA IS MISSING.
T  INDICATES TRACE AMOUNT.




$$
