000
CDUS43 KFSD 081302
CLIMHE


CLIMATE REPORT
NATIONAL WEATHER SERVICE SIOUX FALLS SD
801 AM CDT SUN MAY 8 2016


...................................

...THE MITCHELL SD CLIMATE SUMMARY FOR MAY 7 2016...

CLIMATE NORMAL PERIOD 1981 TO 2010
CLIMATE RECORD PERIOD 1893 TO 2016


WEATHER ITEM   OBSERVED TIME   RECORD YEAR NORMAL DEPARTURE LAST
                VALUE   (LST)  VALUE       VALUE  FROM      YEAR
                                                  NORMAL
..................................................................
TEMPERATURE (F)
 YESTERDAY
  MAXIMUM         68    414 PM  96    1963  69     -1       68
  MINIMUM         50   1158 PM  23    1943  45      5       50
  AVERAGE         59                        57      2       59

PRECIPITATION (IN)
  YESTERDAY        0.02          1.02 1978   0.07  -0.05     0.03
  MONTH TO DATE    0.32                      0.60  -0.28     1.43
  SINCE MAR 1      7.05                      3.84   3.21     2.98
  SINCE JAN 1      8.28                      4.40   3.88     3.75

SNOWFALL (IN)
  YESTERDAY        0.0           0.1  1924  MM     MM        0.0
  MONTH TO DATE    0.0                      MM     MM        0.0
  SINCE MAR 1      3.9                      MM     MM        0.7
  SINCE JUL 1     46.3                      MM     MM       22.6
  SNOW DEPTH       0

DEGREE DAYS
 HEATING
  YESTERDAY        6                         9     -3        6
  MONTH TO DATE   52                        69    -17       22
  SINCE MAR 1   1245                      1547   -302     1186
  SINCE JUL 1   6034                      7069  -1035     6676

 COOLING
  YESTERDAY        0                         1     -1        0
  MONTH TO DATE    8                         4      4        5
  SINCE MAR 1     12                         6      6       11
  SINCE JAN 1     12                         6      6       11
..................................................................


WIND (MPH)
  HIGHEST WIND SPEED    20   HIGHEST WIND DIRECTION     N (20)
  HIGHEST GUST SPEED    25   HIGHEST GUST DIRECTION     N (20)
  AVERAGE WIND SPEED     6.1


SKY COVER
  POSSIBLE SUNSHINE  MM
  AVERAGE SKY COVER 0.1


WEATHER CONDITIONS
 THE FOLLOWING WEATHER WAS RECORDED YESTERDAY.
  THUNDERSTORM
  RAIN
  LIGHT RAIN


RELATIVE HUMIDITY (PERCENT)
 HIGHEST    77          1100 PM
 LOWEST     37           300 PM
 AVERAGE    57

..........................................................


THE MITCHELL SD CLIMATE NORMALS FOR TODAY
                         NORMAL    RECORD    YEAR
 MAXIMUM TEMPERATURE (F)   69       102      1934
 MINIMUM TEMPERATURE (F)   45        25      1945


SUNRISE AND SUNSET
MAY  8 2016...........SUNRISE   614 AM CDT   SUNSET   844 PM CDT
MAY  9 2016...........SUNRISE   613 AM CDT   SUNSET   845 PM CDT


-  INDICATES NEGATIVE NUMBERS.
R  INDICATES RECORD WAS SET OR TIED.
MM INDICATES DATA IS MISSING.
T  INDICATES TRACE AMOUNT.




$$
