000
CDUS43 KFSD 090036
CLIMHE


CLIMATE REPORT
NATIONAL WEATHER SERVICE SIOUX FALLS SD
736 PM CDT MON SEP 8 2014


...................................

...THE MITCHELL SD CLIMATE SUMMARY FOR SEPTEMBER 8 2014...
VALID AS OF 0700 PM LOCAL TIME.

CLIMATE NORMAL PERIOD 1981 TO 2010
CLIMATE RECORD PERIOD 1893 TO 2014


WEATHER ITEM   OBSERVED TIME   RECORD YEAR NORMAL DEPARTURE LAST
                VALUE   (LST)  VALUE       VALUE  FROM      YEAR
                                                  NORMAL
..................................................................
TEMPERATURE (F)
 TODAY
  MAXIMUM         81    520 PM 102    1908  79      2       89
  MINIMUM         61    532 AM  37    1995  53      8       68
                                      1992
  AVERAGE         71                        66      5       79

PRECIPITATION (IN)
  TODAY            0.18          2.15 1926   0.07   0.11     0.01
  MONTH TO DATE    0.57                      0.66  -0.09     0.02
  SINCE SEP 1      0.57                      0.66  -0.09     0.02
  SINCE JAN 1     15.67                     17.01  -1.34    18.51

SNOWFALL (IN)
  TODAY            0.0           0.0    MM  MM     MM        0.0
  MONTH TO DATE    0.0                      MM     MM        0.0
  SINCE SEP 1      0.0                      MM     MM        0.0
  SINCE JUL 1      0.0                      MM     MM        0.0
  SNOW DEPTH       0

DEGREE DAYS
 HEATING
  TODAY            0                         3     -3        0
  MONTH TO DATE    6                        16    -10        1
  SINCE SEP 1      6                        16    -10        1
  SINCE JUL 1     18                        33    -15       24

 COOLING
  TODAY            6                         4      2       14
  MONTH TO DATE   26                        36    -10       78
  SINCE SEP 1     26                        36    -10       78
  SINCE JAN 1    672                       781   -109      859
..................................................................


WIND (MPH)
  HIGHEST WIND SPEED    26   HIGHEST WIND DIRECTION     S (170)
  HIGHEST GUST SPEED    35   HIGHEST GUST DIRECTION     S (170)
  AVERAGE WIND SPEED    13.7


SKY COVER
  POSSIBLE SUNSHINE  MM
  AVERAGE SKY COVER 0.1


WEATHER CONDITIONS
 THE FOLLOWING WEATHER WAS RECORDED TODAY.
  THUNDERSTORM
  RAIN
  LIGHT RAIN
  FOG


RELATIVE HUMIDITY (PERCENT)
 HIGHEST    MM
 LOWEST     MM
 AVERAGE    MM

..........................................................


THE MITCHELL SD CLIMATE NORMALS FOR TOMORROW
                         NORMAL    RECORD    YEAR
 MAXIMUM TEMPERATURE (F)   78       105      1904
 MINIMUM TEMPERATURE (F)   53        31      1910


SUNRISE AND SUNSET
SEPTEMBER  8 2014.....SUNRISE   704 AM CDT   SUNSET   755 PM CDT
SEPTEMBER  9 2014.....SUNRISE   705 AM CDT   SUNSET   753 PM CDT


-  INDICATES NEGATIVE NUMBERS.
R  INDICATES RECORD WAS SET OR TIED.
MM INDICATES DATA IS MISSING.
T  INDICATES TRACE AMOUNT.

$$
