000
CDUS43 KFSD 010656
CLIMHE


CLIMATE REPORT
NATIONAL WEATHER SERVICE SIOUX FALLS SD
155 AM CDT SUN OCT 1 2017


...................................

...THE MITCHELL SD CLIMATE SUMMARY FOR SEPTEMBER 30 2017...

CLIMATE NORMAL PERIOD 1981 TO 2010
CLIMATE RECORD PERIOD 1893 TO 2017


WEATHER ITEM   OBSERVED TIME   RECORD YEAR NORMAL DEPARTURE LAST
                VALUE   (LST)  VALUE       VALUE  FROM      YEAR
                                                  NORMAL
..................................................................
TEMPERATURE (F)
 YESTERDAY
  MAXIMUM         67   1120 PM  93    1991  70     -3       75
  MINIMUM         54    804 AM  14    1899  43     11       44
  AVERAGE         61                        56      5       60

PRECIPITATION (IN)
  YESTERDAY        0.02          1.43 1903   0.07  -0.05     0.00
  MONTH TO DATE    2.61                      2.32   0.29     2.15
  SINCE SEP 1      2.61                      2.32   0.29     2.15
  SINCE JAN 1     16.43                     18.67  -2.24    21.56

SNOWFALL (IN)
  YESTERDAY        0.0           0.0    MM  MM     MM        0.0
  MONTH TO DATE    0.0                      MM     MM        0.0
  SINCE SEP 1      0.0                      MM     MM        0.0
  SINCE JUL 1      0.0                      MM     MM        0.0
  SNOW DEPTH       0

DEGREE DAYS
 HEATING
  YESTERDAY        4                         9     -5        5
  MONTH TO DATE   94                       141    -47       76
  SINCE SEP 1     94                       141    -47       76
  SINCE JUL 1     96                       158    -62       84

 COOLING
  YESTERDAY        0                         1     -1        0
  MONTH TO DATE  113                        72     41       99
  SINCE SEP 1    113                        72     41       99
  SINCE JAN 1    883                       817     66     1031
..................................................................


WIND (MPH)
  HIGHEST WIND SPEED    26   HIGHEST WIND DIRECTION    SE (150)
  HIGHEST GUST SPEED    35   HIGHEST GUST DIRECTION    SE (140)
  AVERAGE WIND SPEED    16.0


SKY COVER
  POSSIBLE SUNSHINE  MM
  AVERAGE SKY COVER 0.8


WEATHER CONDITIONS
 THE FOLLOWING WEATHER WAS RECORDED YESTERDAY.
  LIGHT RAIN


RELATIVE HUMIDITY (PERCENT)
 HIGHEST    84           200 PM
 LOWEST     53          1200 AM
 AVERAGE    69

..........................................................


THE MITCHELL SD CLIMATE NORMALS FOR TODAY
                         NORMAL    RECORD    YEAR
 MAXIMUM TEMPERATURE (F)   69        93      1951
 MINIMUM TEMPERATURE (F)   43        22      1974


SUNRISE AND SUNSET
OCTOBER  1 2017.......SUNRISE   730 AM CDT   SUNSET   713 PM CDT
OCTOBER  2 2017.......SUNRISE   731 AM CDT   SUNSET   711 PM CDT


-  INDICATES NEGATIVE NUMBERS.
R  INDICATES RECORD WAS SET OR TIED.
MM INDICATES DATA IS MISSING.
T  INDICATES TRACE AMOUNT.




$$
