000
CDUS43 KFSD 070630
CLIMHE


CLIMATE REPORT
NATIONAL WEATHER SERVICE SIOUX FALLS SD
130 AM CDT WED JUN 7 2017


...................................

...THE MITCHELL SD CLIMATE SUMMARY FOR JUNE 6 2017...

CLIMATE NORMAL PERIOD 1981 TO 2010
CLIMATE RECORD PERIOD 1893 TO 2017


WEATHER ITEM   OBSERVED TIME   RECORD YEAR NORMAL DEPARTURE LAST
                VALUE   (LST)  VALUE       VALUE  FROM      YEAR
                                                  NORMAL
..................................................................
TEMPERATURE (F)
 YESTERDAY
  MAXIMUM         90        MM  97    1946  77     13       75
                                      1933
  MINIMUM         60        MM  35    1894  55      5       55
  AVERAGE         75                        66      9       65

PRECIPITATION (IN)
  YESTERDAY        T             1.30 1965   0.15  -0.15      T
  MONTH TO DATE    T                         0.89  -0.89     0.31
  SINCE JUN 1      T                         0.89  -0.89     0.31
  SINCE JAN 1      7.02                      7.62  -0.60    12.83

SNOWFALL (IN)
  YESTERDAY        0.0           0.0    MM  MM     MM        0.0
  MONTH TO DATE    0.0                      MM     MM        0.0
  SINCE JUN 1      0.0                      MM     MM        0.0
  SINCE JUL 1     30.6                      MM     MM       46.3
  SNOW DEPTH       0

DEGREE DAYS
 HEATING
  YESTERDAY        0                         2     -2        0
  MONTH TO DATE    0                        15    -15        2
  SINCE JUN 1      0                        15    -15        2
  SINCE JUL 1   6283                      7225   -942     6147

 COOLING
  YESTERDAY       10                         3      7        0
  MONTH TO DATE   54                        17     37       14
  SINCE JUN 1     54                        17     37       14
  SINCE JAN 1     86                        57     29       58
..................................................................


WIND (MPH)
  HIGHEST WIND SPEED    14   HIGHEST WIND DIRECTION     W (270)
  HIGHEST GUST SPEED    MM   HIGHEST GUST DIRECTION    MM
  AVERAGE WIND SPEED     6.1


SKY COVER
  POSSIBLE SUNSHINE  MM
  AVERAGE SKY COVER 0.2


WEATHER CONDITIONS
 THE FOLLOWING WEATHER WAS RECORDED YESTERDAY.
  LIGHT RAIN


RELATIVE HUMIDITY (PERCENT)
 HIGHEST    81          1100 PM
 LOWEST     32          1200 PM
 AVERAGE    57

..........................................................


THE MITCHELL SD CLIMATE NORMALS FOR TODAY
                         NORMAL    RECORD    YEAR
 MAXIMUM TEMPERATURE (F)   78        97      1987
 MINIMUM TEMPERATURE (F)   56        31      1901


SUNRISE AND SUNSET
JUNE  7 2017..........SUNRISE   551 AM CDT   SUNSET   912 PM CDT
JUNE  8 2017..........SUNRISE   550 AM CDT   SUNSET   913 PM CDT


-  INDICATES NEGATIVE NUMBERS.
R  INDICATES RECORD WAS SET OR TIED.
MM INDICATES DATA IS MISSING.
T  INDICATES TRACE AMOUNT.




$$
