000
CDUS43 KFSD 200637
CLIMHE


CLIMATE REPORT
NATIONAL WEATHER SERVICE SIOUX FALLS SD
1236 AM CST TUE JAN 20 2015


...................................

...THE MITCHELL SD CLIMATE SUMMARY FOR JANUARY 19 2015...

CLIMATE NORMAL PERIOD 1981 TO 2010
CLIMATE RECORD PERIOD 1893 TO 2015


WEATHER ITEM   OBSERVED TIME   RECORD YEAR NORMAL DEPARTURE LAST
                VALUE   (LST)  VALUE       VALUE  FROM      YEAR
                                                  NORMAL
..................................................................
TEMPERATURE (F)
 YESTERDAY
  MAXIMUM         50    346 PM  60    1900  28     22       53
  MINIMUM         28    100 AM -38    1970   9     19       29
  AVERAGE         39                        19     20       41

PRECIPITATION (IN)
  YESTERDAY        T             1.26 1988   0.01  -0.01     0.00
  MONTH TO DATE    0.34                      0.13   0.21     0.06
  SINCE DEC 1      1.56                      0.58   0.98     0.71
  SINCE JAN 1      0.34                      0.13   0.21     0.06

SNOWFALL (IN)
  YESTERDAY        0.0          10.0  1988  MM     MM        0.0
  MONTH TO DATE    4.7                      MM     MM        0.4
  SINCE DEC 1     12.4                      MM     MM       11.8
  SINCE JUL 1     18.0                      MM     MM       15.8
  SNOW DEPTH       1

DEGREE DAYS
 HEATING
  YESTERDAY       26                        46    -20       24
  MONTH TO DATE  943                       885     58      868
  SINCE DEC 1   2168                      2252    -84     2474
  SINCE JUL 1   3824                      3820      4     3982

 COOLING
  YESTERDAY        0                         0      0        0
  MONTH TO DATE    0                         0      0        0
  SINCE DEC 1      0                         0      0        0
  SINCE JAN 1      0                         0      0        0
..................................................................


WIND (MPH)
  HIGHEST WIND SPEED    23   HIGHEST WIND DIRECTION    NW (300)
  HIGHEST GUST SPEED    28   HIGHEST GUST DIRECTION     W (290)
  AVERAGE WIND SPEED    10.1


SKY COVER
  POSSIBLE SUNSHINE  MM
  AVERAGE SKY COVER 0.2


WEATHER CONDITIONS
 THE FOLLOWING WEATHER WAS RECORDED YESTERDAY.
  LT FREEZING RAIN


RELATIVE HUMIDITY (PERCENT)
 HIGHEST    92           100 AM
 LOWEST     50           200 PM
 AVERAGE    71

..........................................................


THE MITCHELL SD CLIMATE NORMALS FOR TODAY
                         NORMAL    RECORD    YEAR
 MAXIMUM TEMPERATURE (F)   28        65      1944
 MINIMUM TEMPERATURE (F)    9       -25      1985


SUNRISE AND SUNSET
JANUARY 20 2015.......SUNRISE   800 AM CST   SUNSET   527 PM CST
JANUARY 21 2015.......SUNRISE   759 AM CST   SUNSET   528 PM CST


-  INDICATES NEGATIVE NUMBERS.
R  INDICATES RECORD WAS SET OR TIED.
MM INDICATES DATA IS MISSING.
T  INDICATES TRACE AMOUNT.




$$
