000
CDUS43 KFSD 140625
CLIMHE


CLIMATE REPORT
NATIONAL WEATHER SERVICE SIOUX FALLS SD
125 AM CDT THU MAY 14 2015


...................................

...THE MITCHELL SD CLIMATE SUMMARY FOR MAY 13 2015...

CLIMATE NORMAL PERIOD 1981 TO 2010
CLIMATE RECORD PERIOD 1893 TO 2015


WEATHER ITEM   OBSERVED TIME   RECORD YEAR NORMAL DEPARTURE LAST
                VALUE   (LST)  VALUE       VALUE  FROM      YEAR
                                                  NORMAL
..................................................................
TEMPERATURE (F)
 YESTERDAY
  MAXIMUM         76    435 PM  93    2013  70      6       61
  MINIMUM         51    205 AM  26    1943  47      4       35
                                      1899
  AVERAGE         64                        59      5       48

PRECIPITATION (IN)
  YESTERDAY        0.00          4.60 1908   0.07  -0.07     0.00
  MONTH TO DATE    2.94                      1.01   1.93     1.00
  SINCE MAR 1      4.49                      4.25   0.24     2.57
  SINCE JAN 1      5.26                      4.81   0.45     3.07

SNOWFALL (IN)
  YESTERDAY        0.0           0.0    MM  MM     MM        0.0
  MONTH TO DATE    0.0                      MM     MM        0.0
  SINCE MAR 1      0.7                      MM     MM        8.6
  SINCE JUL 1     22.6                      MM     MM       30.8
  SNOW DEPTH       0

DEGREE DAYS
 HEATING
  YESTERDAY        1                         7     -6       17
  MONTH TO DATE   96                       117    -21      162
  SINCE MAR 1   1260                      1595   -335     1735
  SINCE JUL 1   6750                      7117   -367     7685

 COOLING
  YESTERDAY        0                         1     -1        0
  MONTH TO DATE    5                        10     -5        0
  SINCE MAR 1     11                        12     -1        0
  SINCE JAN 1     11                        12     -1        0
..................................................................


WIND (MPH)
  HIGHEST WIND SPEED    37   HIGHEST WIND DIRECTION     S (160)
  HIGHEST GUST SPEED    47   HIGHEST GUST DIRECTION     S (160)
  AVERAGE WIND SPEED    23.4


SKY COVER
  POSSIBLE SUNSHINE  MM
  AVERAGE SKY COVER 0.2


WEATHER CONDITIONS
 THE FOLLOWING WEATHER WAS RECORDED YESTERDAY.
  NO SIGNIFICANT WEATHER WAS OBSERVED.


RELATIVE HUMIDITY (PERCENT)
 HIGHEST    66           600 AM
 LOWEST     36           200 PM
 AVERAGE    51

..........................................................


THE MITCHELL SD CLIMATE NORMALS FOR TODAY
                         NORMAL    RECORD    YEAR
 MAXIMUM TEMPERATURE (F)   71        96      1941
                                             1932
 MINIMUM TEMPERATURE (F)   47        28      1973
                                             1953


SUNRISE AND SUNSET
MAY 14 2015...........SUNRISE   608 AM CDT   SUNSET   850 PM CDT
MAY 15 2015...........SUNRISE   607 AM CDT   SUNSET   851 PM CDT


-  INDICATES NEGATIVE NUMBERS.
R  INDICATES RECORD WAS SET OR TIED.
MM INDICATES DATA IS MISSING.
T  INDICATES TRACE AMOUNT.




$$
