000
CDUS43 KFSD 032239
CLIMHE


CLIMATE REPORT
NATIONAL WEATHER SERVICE SIOUX FALLS SD
538 PM CDT SAT JUN 3 2017


...................................

...THE MITCHELL SD CLIMATE SUMMARY FOR JUNE 3 2017...
VALID TODAY AS OF 0500 PM LOCAL TIME.

CLIMATE NORMAL PERIOD 1981 TO 2010
CLIMATE RECORD PERIOD 1893 TO 2017


WEATHER ITEM   OBSERVED TIME   RECORD YEAR NORMAL DEPARTURE LAST
                VALUE   (LST)  VALUE       VALUE  FROM      YEAR
                                                  NORMAL
..................................................................
TEMPERATURE (F)
 TODAY
  MAXIMUM         89    358 PM 100    1933  76     13       80
  MINIMUM         61    526 AM  35    1998  54      7       60
  AVERAGE         75                        65     10       70

PRECIPITATION (IN)
  TODAY            0.00          1.71 1940   0.15  -0.15     0.31
  MONTH TO DATE    0.00                      0.44  -0.44     0.31
  SINCE JUN 1      0.00                      0.44  -0.44     0.31
  SINCE JAN 1      7.02                      7.17  -0.15    12.83

SNOWFALL (IN)
  TODAY            0.0           0.0    MM  MM     MM        0.0
  MONTH TO DATE    0.0                      MM     MM        0.0
  SINCE JUN 1      0.0                      MM     MM        0.0
  SINCE JUL 1     30.6                      MM     MM       46.3
  SNOW DEPTH       0

DEGREE DAYS
 HEATING
  TODAY            0                         3     -3        0
  MONTH TO DATE    0                         9     -9        2
  SINCE JUN 1      0                         9     -9        2
  SINCE JUL 1   6283                      7219   -936     6147

 COOLING
  TODAY           10                         3      7        5
  MONTH TO DATE   27                         8     19        7
  SINCE JUN 1     27                         8     19        7
  SINCE JAN 1     59                        48     11       51
..................................................................


WIND (MPH)
  HIGHEST WIND SPEED    14   HIGHEST WIND DIRECTION    NW (300)
  HIGHEST GUST SPEED    16   HIGHEST GUST DIRECTION    NE (30)
  AVERAGE WIND SPEED     7.4


SKY COVER
  POSSIBLE SUNSHINE  MM
  AVERAGE SKY COVER 0.1


WEATHER CONDITIONS
 THE FOLLOWING WEATHER WAS RECORDED TODAY.
  NO SIGNIFICANT WEATHER WAS OBSERVED.


RELATIVE HUMIDITY (PERCENT)
 HIGHEST    78           500 AM
 LOWEST     27           400 PM
 AVERAGE    53

..........................................................


THE MITCHELL SD CLIMATE NORMALS FOR TOMORROW
                         NORMAL    RECORD    YEAR
 MAXIMUM TEMPERATURE (F)   76       101      1933
 MINIMUM TEMPERATURE (F)   55        35      1951


SUNRISE AND SUNSET
JUNE  3 2017..........SUNRISE   552 AM CDT   SUNSET   909 PM CDT
JUNE  4 2017..........SUNRISE   552 AM CDT   SUNSET   910 PM CDT


-  INDICATES NEGATIVE NUMBERS.
R  INDICATES RECORD WAS SET OR TIED.
MM INDICATES DATA IS MISSING.
T  INDICATES TRACE AMOUNT.




$$
