000
CDUS43 KFSD 040628
CLIMHE


CLIMATE REPORT
NATIONAL WEATHER SERVICE SIOUX FALLS SD
1225 AM CST SAT FEB 4 2017


...................................

...THE MITCHELL SD CLIMATE SUMMARY FOR FEBRUARY 3 2017...

CLIMATE NORMAL PERIOD 1981 TO 2010
CLIMATE RECORD PERIOD 1893 TO 2017


WEATHER ITEM   OBSERVED TIME   RECORD YEAR NORMAL DEPARTURE LAST
                VALUE   (LST)  VALUE       VALUE  FROM      YEAR
                                                  NORMAL
..................................................................
TEMPERATURE (F)
 YESTERDAY
  MAXIMUM         27    359 PM  67    1962  30     -3       28
  MINIMUM          7    805 AM -36    1996  11     -4       16
  AVERAGE         17                        21     -4       22

PRECIPITATION (IN)
  YESTERDAY        0.00          0.60 1924   0.01  -0.01      T
  MONTH TO DATE    T                         0.04  -0.04     0.06
  SINCE DEC 1      1.87                      0.71   1.16     1.54
  SINCE JAN 1      0.76                      0.26   0.50     0.51

SNOWFALL (IN)
  YESTERDAY        0.0           6.0  1924  MM     MM         T
  MONTH TO DATE    T                        MM     MM        0.9
  SINCE DEC 1     17.5                      MM     MM       22.0
  SINCE JUL 1     23.0                      MM     MM       35.2
  SNOW DEPTH       1

DEGREE DAYS
 HEATING
  YESTERDAY       48                        44      4       43
  MONTH TO DATE  139                       134      5      117
  SINCE DEC 1   2894                      2933    -39     2735
  SINCE JUL 1   3988                      4501   -513     3918

 COOLING
  YESTERDAY        0                         0      0        0
  MONTH TO DATE    0                         0      0        0
  SINCE DEC 1      0                         0      0        0
  SINCE JAN 1      0                         0      0        0
..................................................................


WIND (MPH)
  HIGHEST WIND SPEED    23   HIGHEST WIND DIRECTION     S (160)
  HIGHEST GUST SPEED    30   HIGHEST GUST DIRECTION     S (160)
  AVERAGE WIND SPEED    10.1


SKY COVER
  POSSIBLE SUNSHINE  MM
  AVERAGE SKY COVER 0.2


WEATHER CONDITIONS
 THE FOLLOWING WEATHER WAS RECORDED YESTERDAY.
  NO SIGNIFICANT WEATHER WAS OBSERVED.


RELATIVE HUMIDITY (PERCENT)
 HIGHEST    88           800 AM
 LOWEST     40           200 PM
 AVERAGE    64

..........................................................


THE MITCHELL SD CLIMATE NORMALS FOR TODAY
                         NORMAL    RECORD    YEAR
 MAXIMUM TEMPERATURE (F)   31        64      2005
 MINIMUM TEMPERATURE (F)   11       -30      1902


SUNRISE AND SUNSET
FEBRUARY  4 2017......SUNRISE   745 AM CST   SUNSET   548 PM CST
FEBRUARY  5 2017......SUNRISE   744 AM CST   SUNSET   549 PM CST


-  INDICATES NEGATIVE NUMBERS.
R  INDICATES RECORD WAS SET OR TIED.
MM INDICATES DATA IS MISSING.
T  INDICATES TRACE AMOUNT.




$$
