000
CDUS43 KFSD 120635
CLIMHE


CLIMATE REPORT
NATIONAL WEATHER SERVICE SIOUX FALLS SD
1234 AM CST WED NOV 12 2014


...................................

...THE MITCHELL SD CLIMATE SUMMARY FOR NOVEMBER 11 2014...

CLIMATE NORMAL PERIOD 1981 TO 2010
CLIMATE RECORD PERIOD 1893 TO 2014


WEATHER ITEM   OBSERVED TIME   RECORD YEAR NORMAL DEPARTURE LAST
                VALUE   (LST)  VALUE       VALUE  FROM      YEAR
                                                  NORMAL
..................................................................
TEMPERATURE (F)
 YESTERDAY
  MAXIMUM         20    136 PM  77    2005  47    -27       39
  MINIMUM          9   1159 PM  -8    1986  26    -17        5
  AVERAGE         15                        37    -22       22

PRECIPITATION (IN)
  YESTERDAY        0.00          1.32 1982   0.02  -0.02     0.05
  MONTH TO DATE    0.16                      0.40  -0.24     0.34
  SINCE SEP 1      2.54                      4.34  -1.80     7.12
  SINCE JAN 1     17.64                     20.69  -3.05    25.61

SNOWFALL (IN)
  YESTERDAY        0.0           5.8  2000  MM     MM        0.8
  MONTH TO DATE    0.4                      MM     MM        3.4
  SINCE SEP 1      0.4                      MM     MM        3.4
  SINCE JUL 1      0.4                      MM     MM        3.4
  SNOW DEPTH       T

DEGREE DAYS
 HEATING
  YESTERDAY       50                        28     22       43
  MONTH TO DATE  264                       278    -14      292
  SINCE SEP 1    792                       902   -110      852
  SINCE JUL 1    804                       919   -115      875

 COOLING
  YESTERDAY        0                         0      0        0
  MONTH TO DATE    0                         0      0        0
  SINCE SEP 1     78                        79     -1      165
  SINCE JAN 1    724                       824   -100      946
..................................................................


WIND (MPH)
  HIGHEST WIND SPEED    25   HIGHEST WIND DIRECTION    NW (320)
  HIGHEST GUST SPEED    31   HIGHEST GUST DIRECTION    NW (320)
  AVERAGE WIND SPEED    18.4


SKY COVER
  POSSIBLE SUNSHINE  MM
  AVERAGE SKY COVER 0.6


WEATHER CONDITIONS
 THE FOLLOWING WEATHER WAS RECORDED YESTERDAY.
  NO SIGNIFICANT WEATHER WAS OBSERVED.


RELATIVE HUMIDITY (PERCENT)
 HIGHEST    80           800 AM
 LOWEST     61           500 PM
 AVERAGE    71

..........................................................


THE MITCHELL SD CLIMATE NORMALS FOR TODAY
                         NORMAL    RECORD    YEAR
 MAXIMUM TEMPERATURE (F)   47        73      1999
 MINIMUM TEMPERATURE (F)   26        -5      1911
                                             1896


SUNRISE AND SUNSET
NOVEMBER 12 2014......SUNRISE   723 AM CST   SUNSET   509 PM CST
NOVEMBER 13 2014......SUNRISE   724 AM CST   SUNSET   508 PM CST


-  INDICATES NEGATIVE NUMBERS.
R  INDICATES RECORD WAS SET OR TIED.
MM INDICATES DATA IS MISSING.
T  INDICATES TRACE AMOUNT.




$$
