000
CDUS43 KFSD 012229
CLIMHE


CLIMATE REPORT
NATIONAL WEATHER SERVICE SIOUX FALLS SD
528 PM CDT SAT APR 1 2017


...................................

...THE MITCHELL SD CLIMATE SUMMARY FOR APRIL 1 2017...
VALID TODAY AS OF 0500 PM LOCAL TIME.

CLIMATE NORMAL PERIOD 1981 TO 2010
CLIMATE RECORD PERIOD 1893 TO 2017


WEATHER ITEM   OBSERVED TIME   RECORD YEAR NORMAL DEPARTURE LAST
                VALUE   (LST)  VALUE       VALUE  FROM      YEAR
                                                  NORMAL
..................................................................
TEMPERATURE (F)
 TODAY
  MAXIMUM         62    350 PM  92    2012  53      9       41
  MINIMUM         40    449 AM   1    1924  29     11       31
  AVERAGE         51                        41     10       36

PRECIPITATION (IN)
  TODAY            0.00          1.28 1897   0.02  -0.02     0.01
  MONTH TO DATE    0.00                      0.02  -0.02     0.01
  SINCE MAR 1      0.34                      1.08  -0.74     1.37
  SINCE JAN 1      1.50                      1.64  -0.14     2.60

SNOWFALL (IN)
  TODAY            0.0           3.0  1927  MM     MM        0.2
  MONTH TO DATE    0.0                      MM     MM        0.2
  SINCE MAR 1      3.6                      MM     MM        3.9
  SINCE JUL 1     29.0                      MM     MM       46.3
  SNOW DEPTH       0

DEGREE DAYS
 HEATING
  TODAY           14                        24    -10       29
  MONTH TO DATE   14                        24    -10       29
  SINCE MAR 1    883                       982    -99      734
  SINCE JUL 1   5617                      6504   -887     5523

 COOLING
  TODAY            0                         0      0        0
  MONTH TO DATE    0                         0      0        0
  SINCE MAR 1      0                         0      0        0
  SINCE JAN 1      0                         0      0        0
..................................................................


WIND (MPH)
  HIGHEST WIND SPEED    16   HIGHEST WIND DIRECTION    SE (150)
  HIGHEST GUST SPEED    21   HIGHEST GUST DIRECTION     S (170)
  AVERAGE WIND SPEED     4.5


SKY COVER
  POSSIBLE SUNSHINE  MM
  AVERAGE SKY COVER 0.4


WEATHER CONDITIONS
 THE FOLLOWING WEATHER WAS RECORDED TODAY.
  NO SIGNIFICANT WEATHER WAS OBSERVED.


RELATIVE HUMIDITY (PERCENT)
 HIGHEST    82           700 AM
 LOWEST     32           300 PM
 AVERAGE    57

..........................................................


THE MITCHELL SD CLIMATE NORMALS FOR TOMORROW
                         NORMAL    RECORD    YEAR
 MAXIMUM TEMPERATURE (F)   53        85      1963
                                             1921
 MINIMUM TEMPERATURE (F)   30         2      1908


SUNRISE AND SUNSET
APRIL  1 2017.........SUNRISE   713 AM CDT   SUNSET   759 PM CDT
APRIL  2 2017.........SUNRISE   711 AM CDT   SUNSET   801 PM CDT


-  INDICATES NEGATIVE NUMBERS.
R  INDICATES RECORD WAS SET OR TIED.
MM INDICATES DATA IS MISSING.
T  INDICATES TRACE AMOUNT.




$$
