000
CDUS43 KFSD 010707
CLIMHE


CLIMATE REPORT
NATIONAL WEATHER SERVICE SIOUX FALLS SD
205 AM CDT TUE APR 1 2014


...................................

...THE MITCHELL SD CLIMATE SUMMARY FOR MARCH 31 2014...

CLIMATE NORMAL PERIOD 1981 TO 2010
CLIMATE RECORD PERIOD 1893 TO 2014


WEATHER ITEM   OBSERVED TIME   RECORD YEAR NORMAL DEPARTURE LAST
                VALUE   (LST)  VALUE       VALUE  FROM      YEAR
                                                  NORMAL
..................................................................
TEMPERATURE (F)
 YESTERDAY
  MAXIMUM         55    752 AM  90    1946  52      3       42
  MINIMUM         19   1112 PM   2    1936  29    -10       19
                                      1924
  AVERAGE         37                        40     -3       31

PRECIPITATION (IN)
  YESTERDAY        0.03          1.29 1897   0.06  -0.03      T
  MONTH TO DATE    1.04                      1.06  -0.02     0.80
  SINCE MAR 1      1.04                      1.06  -0.02     0.80
  SINCE JAN 1      1.54                      1.62  -0.08     2.37

SNOWFALL (IN)
  YESTERDAY        0.3          12.8  2009  MM     MM         T
  MONTH TO DATE    8.6                      MM     MM        3.4
  SINCE MAR 1      8.6                      MM     MM        3.4
  SINCE JUL 1     30.8                      MM     MM       31.3
  SNOW DEPTH       0

DEGREE DAYS
 HEATING
  YESTERDAY       28                        25      3       34
  MONTH TO DATE 1046                       958     88     1139
  SINCE MAR 1   1046                       958     88     1139
  SINCE JUL 1   6996                      6480    516     6604

 COOLING
  YESTERDAY        0                         0      0        0
  MONTH TO DATE    0                         0      0        0
  SINCE MAR 1      0                         0      0        0
  SINCE JAN 1      0                         0      0        0
..................................................................


WIND (MPH)
  HIGHEST WIND SPEED    45   HIGHEST WIND DIRECTION    NW (320)
  HIGHEST GUST SPEED    54   HIGHEST GUST DIRECTION    NW (320)
  AVERAGE WIND SPEED    23.5


SKY COVER
  POSSIBLE SUNSHINE  MM
  AVERAGE SKY COVER 0.5


WEATHER CONDITIONS
 THE FOLLOWING WEATHER WAS RECORDED YESTERDAY.
  SNOW
  LIGHT SNOW
  FOG
  BLOWING SNOW


RELATIVE HUMIDITY (PERCENT)
 HIGHEST    85           200 PM
 LOWEST     54           600 AM
 AVERAGE    70

..........................................................


THE MITCHELL SD CLIMATE NORMALS FOR TODAY
                         NORMAL    RECORD    YEAR
 MAXIMUM TEMPERATURE (F)   53        92      2012
 MINIMUM TEMPERATURE (F)   29         1      1924


SUNRISE AND SUNSET
APRIL  1 2014.........SUNRISE   714 AM CDT   SUNSET   759 PM CDT
APRIL  2 2014.........SUNRISE   712 AM CDT   SUNSET   800 PM CDT


-  INDICATES NEGATIVE NUMBERS.
R  INDICATES RECORD WAS SET OR TIED.
MM INDICATES DATA IS MISSING.
T  INDICATES TRACE AMOUNT.




$$
