434
CDUS43 KFSD 140620
CLIMHE


CLIMATE REPORT
NATIONAL WEATHER SERVICE SIOUX FALLS SD
1220 AM CST TUE FEB 14 2017


...................................

...THE MITCHELL SD CLIMATE SUMMARY FOR FEBRUARY 13 2017...

CLIMATE NORMAL PERIOD 1981 TO 2010
CLIMATE RECORD PERIOD 1893 TO 2017


WEATHER ITEM   OBSERVED TIME   RECORD YEAR NORMAL DEPARTURE LAST
                VALUE   (LST)  VALUE       VALUE  FROM      YEAR
                                                  NORMAL
..................................................................
TEMPERATURE (F)
 YESTERDAY
  MAXIMUM         50    349 PM  66    1934  33     17       16
  MINIMUM         33   1147 PM -29    1905  13     20        5
  AVERAGE         42                        23     19       11

PRECIPITATION (IN)
  YESTERDAY        0.00          0.75 1919   0.01  -0.01      T
  MONTH TO DATE    0.18                      0.17   0.01     0.14
  SINCE DEC 1      2.05                      0.84   1.21     1.62
  SINCE JAN 1      0.94                      0.39   0.55     0.59

SNOWFALL (IN)
  YESTERDAY        0.0           6.0  1919  MM     MM         T
  MONTH TO DATE    T                        MM     MM        1.8
  SINCE DEC 1     17.5                      MM     MM       22.9
  SINCE JUL 1     23.0                      MM     MM       36.1
  SNOW DEPTH       0

DEGREE DAYS
 HEATING
  YESTERDAY       23                        42    -19       54
  MONTH TO DATE  502                       565    -63      530
  SINCE DEC 1   3257                      3364   -107     3148
  SINCE JUL 1   4351                      4932   -581     4331

 COOLING
  YESTERDAY        0                         0      0        0
  MONTH TO DATE    0                         0      0        0
  SINCE DEC 1      0                         0      0        0
  SINCE JAN 1      0                         0      0        0
..................................................................


WIND (MPH)
  HIGHEST WIND SPEED    22   HIGHEST WIND DIRECTION    NW (320)
  HIGHEST GUST SPEED    26   HIGHEST GUST DIRECTION    NW (320)
  AVERAGE WIND SPEED    11.7


SKY COVER
  POSSIBLE SUNSHINE  MM
  AVERAGE SKY COVER 0.0


WEATHER CONDITIONS
 THE FOLLOWING WEATHER WAS RECORDED YESTERDAY.
  NO SIGNIFICANT WEATHER WAS OBSERVED.


RELATIVE HUMIDITY (PERCENT)
 HIGHEST    82           700 PM
 LOWEST     50           400 PM
 AVERAGE    66

..........................................................


THE MITCHELL SD CLIMATE NORMALS FOR TODAY
                         NORMAL    RECORD    YEAR
 MAXIMUM TEMPERATURE (F)   33        65      1954
 MINIMUM TEMPERATURE (F)   14       -30      1936


SUNRISE AND SUNSET
FEBRUARY 14 2017......SUNRISE   732 AM CST   SUNSET   601 PM CST
FEBRUARY 15 2017......SUNRISE   730 AM CST   SUNSET   603 PM CST


-  INDICATES NEGATIVE NUMBERS.
R  INDICATES RECORD WAS SET OR TIED.
MM INDICATES DATA IS MISSING.
T  INDICATES TRACE AMOUNT.




$$
