000
CDUS43 KFSD 310621
CLIMHE


CLIMATE REPORT
NATIONAL WEATHER SERVICE SIOUX FALLS SD
119 AM CDT WED MAY 31 2017


...................................

...THE MITCHELL SD CLIMATE SUMMARY FOR MAY 30 2017...

CLIMATE NORMAL PERIOD 1981 TO 2010
CLIMATE RECORD PERIOD 1893 TO 2017


WEATHER ITEM   OBSERVED TIME   RECORD YEAR NORMAL DEPARTURE LAST
                VALUE   (LST)  VALUE       VALUE  FROM      YEAR
                                                  NORMAL
..................................................................
TEMPERATURE (F)
 YESTERDAY
  MAXIMUM         75    357 PM 108    1934  75      0       82
  MINIMUM         44    527 AM  30    1897  53     -9       60
  AVERAGE         60                        64     -4       71

PRECIPITATION (IN)
  YESTERDAY        0.00          1.48 2004   0.16  -0.16     0.13
  MONTH TO DATE    2.35                      2.78  -0.43     4.56
  SINCE MAR 1      5.86                      6.02  -0.16    11.29
  SINCE JAN 1      7.02                      6.58   0.44    12.52

SNOWFALL (IN)
  YESTERDAY        0.0           0.0    MM  MM     MM        0.0
  MONTH TO DATE    0.0                      MM     MM        0.0
  SINCE MAR 1      5.2                      MM     MM        3.9
  SINCE JUL 1     30.6                      MM     MM       46.3
  SNOW DEPTH       0

DEGREE DAYS
 HEATING
  YESTERDAY        5                         3      2        0
  MONTH TO DATE  199                       206     -7      163
  SINCE MAR 1   1544                      1684   -140     1356
  SINCE JUL 1   6278                      7206   -928     6145

 COOLING
  YESTERDAY        0                         2     -2        6
  MONTH TO DATE   32                        34     -2       39
  SINCE MAR 1     32                        36     -4       43
  SINCE JAN 1     32                        36     -4       43
..................................................................


WIND (MPH)
  HIGHEST WIND SPEED    24   HIGHEST WIND DIRECTION     N (350)
  HIGHEST GUST SPEED    31   HIGHEST GUST DIRECTION    NW (320)
  AVERAGE WIND SPEED    10.5


SKY COVER
  POSSIBLE SUNSHINE  MM
  AVERAGE SKY COVER 0.1


WEATHER CONDITIONS
 THE FOLLOWING WEATHER WAS RECORDED YESTERDAY.
  NO SIGNIFICANT WEATHER WAS OBSERVED.


RELATIVE HUMIDITY (PERCENT)
 HIGHEST    76           500 AM
 LOWEST     23           200 PM
 AVERAGE    50

..........................................................


THE MITCHELL SD CLIMATE NORMALS FOR TODAY
                         NORMAL    RECORD    YEAR
 MAXIMUM TEMPERATURE (F)   75       103      1934
 MINIMUM TEMPERATURE (F)   53        31      1946


SUNRISE AND SUNSET
MAY 31 2017...........SUNRISE   553 AM CDT   SUNSET   907 PM CDT
JUNE  1 2017..........SUNRISE   553 AM CDT   SUNSET   908 PM CDT


-  INDICATES NEGATIVE NUMBERS.
R  INDICATES RECORD WAS SET OR TIED.
MM INDICATES DATA IS MISSING.
T  INDICATES TRACE AMOUNT.




$$
