294
CDUS43 KFSD 102222
CLIMHE


CLIMATE REPORT
NATIONAL WEATHER SERVICE SIOUX FALLS SD
421 PM CST FRI MAR 10 2017


...................................

...THE MITCHELL SD CLIMATE SUMMARY FOR MARCH 10 2017...
VALID TODAY AS OF 0400 PM LOCAL TIME.

CLIMATE NORMAL PERIOD 1981 TO 2010
CLIMATE RECORD PERIOD 1893 TO 2017


WEATHER ITEM   OBSERVED TIME   RECORD YEAR NORMAL DEPARTURE LAST
                VALUE   (LST)  VALUE       VALUE  FROM      YEAR
                                                  NORMAL
..................................................................
TEMPERATURE (F)
 TODAY
  MAXIMUM         17    359 PM  76    2012  42    -25       60
  MINIMUM          7    407 AM -10    1948  22    -15       22
  AVERAGE         12                        32    -20       41

PRECIPITATION (IN)
  TODAY            T             1.66 1956   0.02  -0.02     0.00
  MONTH TO DATE    0.07                      0.25  -0.18      T
  SINCE MAR 1      0.07                      0.25  -0.18      T
  SINCE JAN 1      1.23                      0.81   0.42     1.23

SNOWFALL (IN)
  TODAY            T            24.0  1956  MM     MM        0.0
  MONTH TO DATE    0.7                      MM     MM         T
  SINCE MAR 1      0.7                      MM     MM         T
  SINCE JUL 1     26.1                      MM     MM       42.4
  SNOW DEPTH       T

DEGREE DAYS
 HEATING
  TODAY           53                        33     20       24
  MONTH TO DATE  316                       349    -33      263
  SINCE MAR 1    316                       349    -33      263
  SINCE JUL 1   5050                      5871   -821     5052

 COOLING
  TODAY            0                         0      0        0
  MONTH TO DATE    0                         0      0        0
  SINCE MAR 1      0                         0      0        0
  SINCE JAN 1      0                         0      0        0
..................................................................


WIND (MPH)
  HIGHEST WIND SPEED    16   HIGHEST WIND DIRECTION    NE (40)
  HIGHEST GUST SPEED    21   HIGHEST GUST DIRECTION     N (350)
  AVERAGE WIND SPEED     9.9


SKY COVER
  POSSIBLE SUNSHINE  MM
  AVERAGE SKY COVER 0.7


WEATHER CONDITIONS
 THE FOLLOWING WEATHER WAS RECORDED TODAY.
  LIGHT SNOW


RELATIVE HUMIDITY (PERCENT)
 HIGHEST    83          1200 AM
 LOWEST     56           400 PM
 AVERAGE    70

..........................................................


THE MITCHELL SD CLIMATE NORMALS FOR TOMORROW
                         NORMAL    RECORD    YEAR
 MAXIMUM TEMPERATURE (F)   42        80      2016
 MINIMUM TEMPERATURE (F)   22       -15      1948


SUNRISE AND SUNSET
MARCH 10 2017.........SUNRISE   653 AM CST   SUNSET   633 PM CST
MARCH 11 2017.........SUNRISE   651 AM CST   SUNSET   634 PM CST


-  INDICATES NEGATIVE NUMBERS.
R  INDICATES RECORD WAS SET OR TIED.
MM INDICATES DATA IS MISSING.
T  INDICATES TRACE AMOUNT.




$$
