000
CDUS43 KFSD 110655
CLIMHE


CLIMATE REPORT
NATIONAL WEATHER SERVICE SIOUX FALLS SD
154 AM CDT MON APR 11 2016


...................................

...THE MITCHELL SD CLIMATE SUMMARY FOR APRIL 10 2016...

CLIMATE NORMAL PERIOD 1981 TO 2010
CLIMATE RECORD PERIOD 1893 TO 2016


WEATHER ITEM   OBSERVED TIME   RECORD YEAR NORMAL DEPARTURE LAST
                VALUE   (LST)  VALUE       VALUE  FROM      YEAR
                                                  NORMAL
..................................................................
TEMPERATURE (F)
 YESTERDAY
  MAXIMUM         67    326 PM  88    1977  58      9       60
  MINIMUM         31   1130 PM  13    1939  33     -2       31
  AVERAGE         49                        45      4       46

PRECIPITATION (IN)
  YESTERDAY        0.00          1.25 2008   0.07  -0.07     0.00
  MONTH TO DATE    0.07                      0.42  -0.35     0.26
  SINCE MAR 1      1.43                      1.48  -0.05     0.39
  SINCE JAN 1      2.66                      2.04   0.62     1.16

SNOWFALL (IN)
  YESTERDAY        0.0          11.0  1995  MM     MM        0.0
  MONTH TO DATE    0.2                      MM     MM        0.0
  SINCE MAR 1      3.9                      MM     MM        0.7
  SINCE JUL 1     46.3                      MM     MM       22.6
  SNOW DEPTH       0

DEGREE DAYS
 HEATING
  YESTERDAY       16                        20     -4       19
  MONTH TO DATE  210                       220    -10      180
  SINCE MAR 1    915                      1178   -263      948
  SINCE JUL 1   5704                      6700   -996     6438

 COOLING
  YESTERDAY        0                         0      0        0
  MONTH TO DATE    0                         0      0        0
  SINCE MAR 1      0                         0      0        4
  SINCE JAN 1      0                         0      0        4
..................................................................


WIND (MPH)
  HIGHEST WIND SPEED    33   HIGHEST WIND DIRECTION    NW (320)
  HIGHEST GUST SPEED    46   HIGHEST GUST DIRECTION     W (290)
  AVERAGE WIND SPEED    15.9


SKY COVER
  POSSIBLE SUNSHINE  MM
  AVERAGE SKY COVER 0.1


WEATHER CONDITIONS
 THE FOLLOWING WEATHER WAS RECORDED YESTERDAY.
  NO SIGNIFICANT WEATHER WAS OBSERVED.


RELATIVE HUMIDITY (PERCENT)
 HIGHEST    70           300 AM
 LOWEST     26           400 PM
 AVERAGE    48

..........................................................


THE MITCHELL SD CLIMATE NORMALS FOR TODAY
                         NORMAL    RECORD    YEAR
 MAXIMUM TEMPERATURE (F)   58        89      1968
 MINIMUM TEMPERATURE (F)   33        14      1997
                                             1939


SUNRISE AND SUNSET
APRIL 11 2016.........SUNRISE   655 AM CDT   SUNSET   812 PM CDT
APRIL 12 2016.........SUNRISE   653 AM CDT   SUNSET   813 PM CDT


-  INDICATES NEGATIVE NUMBERS.
R  INDICATES RECORD WAS SET OR TIED.
MM INDICATES DATA IS MISSING.
T  INDICATES TRACE AMOUNT.




$$
