488
CDUS43 KFSD 291245
CLIMHE


CLIMATE REPORT
NATIONAL WEATHER SERVICE SIOUX FALLS SD
745 AM CDT THU SEP 29 2016


...................................

...THE MITCHELL SD CLIMATE SUMMARY FOR SEPTEMBER 28 2016...

CLIMATE NORMAL PERIOD 1981 TO 2010
CLIMATE RECORD PERIOD 1893 TO 2016


WEATHER ITEM   OBSERVED TIME   RECORD YEAR NORMAL DEPARTURE LAST
                VALUE   (LST)  VALUE       VALUE  FROM      YEAR
                                                  NORMAL
..................................................................
TEMPERATURE (F)
 YESTERDAY
  MAXIMUM         68    451 PM  93    2011  71     -3       78
                                      1897
  MINIMUM         38    400 AM  23    1951  44     -6       53
  AVERAGE         53                        57     -4       66

PRECIPITATION (IN)
  YESTERDAY        0.00          0.49 2013   0.07  -0.07     0.17
  MONTH TO DATE    2.15                      2.17  -0.02     1.50
  SINCE SEP 1      2.15                      2.17  -0.02     1.50
  SINCE JAN 1     21.56                     18.52   3.04    18.43

SNOWFALL (IN)
  YESTERDAY        0.0           0.0    MM  MM     MM        0.0
  MONTH TO DATE    0.0                      MM     MM        0.0
  SINCE SEP 1      0.0                      MM     MM        0.0
  SINCE JUL 1      0.0                      MM     MM        0.0
  SNOW DEPTH       0

DEGREE DAYS
 HEATING
  YESTERDAY       12                         9      3        0
  MONTH TO DATE   59                       123    -64       47
  SINCE SEP 1     59                       123    -64       47
  SINCE JUL 1     67                       140    -73       75

 COOLING
  YESTERDAY        0                         1     -1        1
  MONTH TO DATE   99                        71     28      159
  SINCE SEP 1     99                        71     28      159
  SINCE JAN 1   1031                       816    215      883
..................................................................


WIND (MPH)
  HIGHEST WIND SPEED    12   HIGHEST WIND DIRECTION    NE (30)
  HIGHEST GUST SPEED    17   HIGHEST GUST DIRECTION    NE (40)
  AVERAGE WIND SPEED     5.6


SKY COVER
  POSSIBLE SUNSHINE  MM
  AVERAGE SKY COVER 0.1


WEATHER CONDITIONS
 THE FOLLOWING WEATHER WAS RECORDED YESTERDAY.
  NO SIGNIFICANT WEATHER WAS OBSERVED.


RELATIVE HUMIDITY (PERCENT)
 HIGHEST    92           500 AM
 LOWEST     39           400 PM
 AVERAGE    66

..........................................................


THE MITCHELL SD CLIMATE NORMALS FOR TODAY
                         NORMAL    RECORD    YEAR
 MAXIMUM TEMPERATURE (F)   70        93      1991
 MINIMUM TEMPERATURE (F)   43        11      1899


SUNRISE AND SUNSET
SEPTEMBER 29 2016.....SUNRISE   728 AM CDT   SUNSET   716 PM CDT
SEPTEMBER 30 2016.....SUNRISE   729 AM CDT   SUNSET   714 PM CDT


-  INDICATES NEGATIVE NUMBERS.
R  INDICATES RECORD WAS SET OR TIED.
MM INDICATES DATA IS MISSING.
T  INDICATES TRACE AMOUNT.




$$
