000
CDUS43 KFSD 170635
CLIMHE


CLIMATE REPORT
NATIONAL WEATHER SERVICE SIOUX FALLS SD
132 AM CDT THU AUG 17 2017


...................................

...THE MITCHELL SD CLIMATE SUMMARY FOR AUGUST 16 2017...

CLIMATE NORMAL PERIOD 1981 TO 2010
CLIMATE RECORD PERIOD 1893 TO 2017


WEATHER ITEM   OBSERVED TIME   RECORD YEAR NORMAL DEPARTURE LAST
                VALUE   (LST)  VALUE       VALUE  FROM      YEAR
                                                  NORMAL
..................................................................
TEMPERATURE (F)
 YESTERDAY
  MAXIMUM         70    141 PM 109    1988  83    -13       87
  MINIMUM         65   1159 PM  38    1897  61      4       63
  AVERAGE         68                        72     -4       75

PRECIPITATION (IN)
  YESTERDAY        0.99          1.61 1980   0.08   0.91     0.00
  MONTH TO DATE    1.46                      1.27   0.19     1.78
  SINCE JUN 1      5.23                      8.51  -3.28     5.36
  SINCE JAN 1     12.25                     15.24  -2.99    17.88

SNOWFALL (IN)
  YESTERDAY        0.0           0.0    MM  MM     MM        0.0
  MONTH TO DATE    0.0                      MM     MM        0.0
  SINCE JUN 1      0.0                      MM     MM        0.0
  SINCE JUL 1      0.0                      MM     MM        0.0
  SNOW DEPTH       0

DEGREE DAYS
 HEATING
  YESTERDAY        0                         0      0        0
  MONTH TO DATE    1                         0      1        0
  SINCE JUN 1     13                        40    -27        7
  SINCE JUL 1      1                         5     -4        3

 COOLING
  YESTERDAY        3                         8     -5       10
  MONTH TO DATE   53                       135    -82      165
  SINCE JUN 1    665                       613     52      780
  SINCE JAN 1    697                       653     44      824
..................................................................


WIND (MPH)
  HIGHEST WIND SPEED    18   HIGHEST WIND DIRECTION    NW (320)
  HIGHEST GUST SPEED    23   HIGHEST GUST DIRECTION    NW (310)
  AVERAGE WIND SPEED     8.0


SKY COVER
  POSSIBLE SUNSHINE  MM
  AVERAGE SKY COVER 0.9


WEATHER CONDITIONS
 THE FOLLOWING WEATHER WAS RECORDED YESTERDAY.
  THUNDERSTORM
  HEAVY RAIN
  RAIN
  LIGHT RAIN
  FOG


RELATIVE HUMIDITY (PERCENT)
 HIGHEST   100           200 AM
 LOWEST     84           100 PM
 AVERAGE    92

..........................................................


THE MITCHELL SD CLIMATE NORMALS FOR TODAY
                         NORMAL    RECORD    YEAR
 MAXIMUM TEMPERATURE (F)   83       102      1988
                                             1936
 MINIMUM TEMPERATURE (F)   61        40      1943
                                             1897


SUNRISE AND SUNSET
AUGUST 17 2017........SUNRISE   639 AM CDT   SUNSET   832 PM CDT
AUGUST 18 2017........SUNRISE   640 AM CDT   SUNSET   831 PM CDT


-  INDICATES NEGATIVE NUMBERS.
R  INDICATES RECORD WAS SET OR TIED.
MM INDICATES DATA IS MISSING.
T  INDICATES TRACE AMOUNT.




$$
