000
CDUS43 KFSD 190848
CLIMHE


CLIMATE REPORT
NATIONAL WEATHER SERVICE SIOUX FALLS SD
346 AM CDT FRI JUN 19 2015


...................................

...THE MITCHELL SD CLIMATE SUMMARY FOR JUNE 18 2015...

CLIMATE NORMAL PERIOD 1981 TO 2010
CLIMATE RECORD PERIOD 1893 TO 2015


WEATHER ITEM   OBSERVED TIME   RECORD YEAR NORMAL DEPARTURE LAST
                VALUE   (LST)  VALUE       VALUE  FROM      YEAR
                                                  NORMAL
..................................................................
TEMPERATURE (F)
 YESTERDAY
  MAXIMUM         80    350 PM 103    1933  82     -2       88
  MINIMUM         56    220 AM  39    1902  59     -3       65
  AVERAGE         68                        71     -3       77

PRECIPITATION (IN)
  YESTERDAY        T             3.70 1923   0.15  -0.15     0.00
  MONTH TO DATE    2.12                      2.76  -0.64     2.84
  SINCE JUN 1      2.12                      2.76  -0.64     2.84
  SINCE JAN 1      9.21                      9.49  -0.28     7.57

SNOWFALL (IN)
  YESTERDAY        0.0           0.0    MM  MM     MM        0.0
  MONTH TO DATE    0.0                      MM     MM        0.0
  SINCE JUN 1      0.0                      MM     MM        0.0
  SINCE JUL 1     22.6                      MM     MM       30.8
  SNOW DEPTH       0

DEGREE DAYS
 HEATING
  YESTERDAY        0                         1     -1        0
  MONTH TO DATE    3                        30    -27       26
  SINCE JUN 1      3                        30    -27       26
  SINCE JUL 1   6876                      7240   -364     7791

 COOLING
  YESTERDAY        3                         6     -3       12
  MONTH TO DATE  107                        74     33       54
  SINCE JUN 1    107                        74     33       54
  SINCE JAN 1    138                       114     24      132
..................................................................


WIND (MPH)
  HIGHEST WIND SPEED    10   HIGHEST WIND DIRECTION     E (110)
  HIGHEST GUST SPEED    15   HIGHEST GUST DIRECTION     E (70)
  AVERAGE WIND SPEED     5.0


SKY COVER
  POSSIBLE SUNSHINE  MM
  AVERAGE SKY COVER 0.1


WEATHER CONDITIONS
 THE FOLLOWING WEATHER WAS RECORDED YESTERDAY.
  LIGHT RAIN
  FOG


RELATIVE HUMIDITY (PERCENT)
 HIGHEST    93           100 AM
 LOWEST     42           500 PM
 AVERAGE    68

..........................................................


THE MITCHELL SD CLIMATE NORMALS FOR TODAY
                         NORMAL    RECORD    YEAR
 MAXIMUM TEMPERATURE (F)   82       104      1933
 MINIMUM TEMPERATURE (F)   60        42      1948


SUNRISE AND SUNSET
JUNE 19 2015..........SUNRISE   550 AM CDT   SUNSET   917 PM CDT
JUNE 20 2015..........SUNRISE   550 AM CDT   SUNSET   917 PM CDT


-  INDICATES NEGATIVE NUMBERS.
R  INDICATES RECORD WAS SET OR TIED.
MM INDICATES DATA IS MISSING.
T  INDICATES TRACE AMOUNT.




$$
