000
CDUS43 KFSD 152230
CLIMHE


CLIMATE REPORT
NATIONAL WEATHER SERVICE SIOUX FALLS SD
530 PM CDT SUN MAR 15 2015


...................................

...THE MITCHELL SD CLIMATE SUMMARY FOR MARCH 15 2015...
VALID TODAY AS OF 0500 PM LOCAL TIME.

CLIMATE NORMAL PERIOD 1981 TO 2010
CLIMATE RECORD PERIOD 1893 TO 2015


WEATHER ITEM   OBSERVED TIME   RECORD YEAR NORMAL DEPARTURE LAST
                VALUE   (LST)  VALUE       VALUE  FROM      YEAR
                                                  NORMAL
..................................................................
TEMPERATURE (F)
 TODAY
  MAXIMUM         82R   359 PM  75    1935  44     38       39
  MINIMUM         55    415 AM -16    1897  23     32       23
  AVERAGE         69                        34     35       31

PRECIPITATION (IN)
  TODAY            0.00          1.33 1938   0.03  -0.03      T
  MONTH TO DATE    0.08                      0.41  -0.33     0.23
  SINCE MAR 1      0.08                      0.41  -0.33     0.23
  SINCE JAN 1      0.85                      0.97  -0.12     0.73

SNOWFALL (IN)
  TODAY            0.0           5.6  2004  MM     MM         T
  MONTH TO DATE    0.7                      MM     MM        2.8
  SINCE MAR 1      0.7                      MM     MM        2.8
  SINCE JUL 1     22.6                      MM     MM       25.0
  SNOW DEPTH       0

DEGREE DAYS
 HEATING
  TODAY            0                        31    -31       34
  MONTH TO DATE  400                       510   -110      559
  SINCE MAR 1    400                       510   -110      559
  SINCE JUL 1   5890                      6032   -142     6509

 COOLING
  TODAY            4                         0      4        0
  MONTH TO DATE    4                         0      4        0
  SINCE MAR 1      4                         0      4        0
  SINCE JAN 1      4                         0      4        0
..................................................................


WIND (MPH)
  HIGHEST WIND SPEED    23   HIGHEST WIND DIRECTION     S (190)
  HIGHEST GUST SPEED    32   HIGHEST GUST DIRECTION     S (200)
  AVERAGE WIND SPEED    13.8


SKY COVER
  POSSIBLE SUNSHINE  MM
  AVERAGE SKY COVER 0.0


WEATHER CONDITIONS
 THE FOLLOWING WEATHER WAS RECORDED TODAY.
  NO SIGNIFICANT WEATHER WAS OBSERVED.


RELATIVE HUMIDITY (PERCENT)
 HIGHEST    30           700 AM
 LOWEST     18           300 PM
 AVERAGE    24

..........................................................


THE MITCHELL SD CLIMATE NORMALS FOR TOMORROW
                         NORMAL    RECORD    YEAR
 MAXIMUM TEMPERATURE (F)   44        84      2012
 MINIMUM TEMPERATURE (F)   24       -11      1906
                                             1900


SUNRISE AND SUNSET
MARCH 15 2015.........SUNRISE   745 AM CDT   SUNSET   738 PM CDT
MARCH 16 2015.........SUNRISE   743 AM CDT   SUNSET   739 PM CDT


-  INDICATES NEGATIVE NUMBERS.
R  INDICATES RECORD WAS SET OR TIED.
MM INDICATES DATA IS MISSING.
T  INDICATES TRACE AMOUNT.




$$
