000
CDUS43 KFSD 130750
CLIMHE


CLIMATE REPORT
NATIONAL WEATHER SERVICE SIOUX FALLS SD
134 AM CST SUN NOV 13 2016


...................................

...THE MITCHELL SD CLIMATE SUMMARY FOR NOVEMBER 12 2016...

CLIMATE NORMAL PERIOD 1981 TO 2010
CLIMATE RECORD PERIOD 1893 TO 2016


WEATHER ITEM   OBSERVED TIME   RECORD YEAR NORMAL DEPARTURE LAST
                VALUE   (LST)  VALUE       VALUE  FROM      YEAR
                                                  NORMAL
..................................................................
TEMPERATURE (F)
 YESTERDAY
  MAXIMUM         62    325 PM  73    1999  47     15       52
  MINIMUM         35    738 AM  -5    1911  26      9       31
                                      1896
  AVERAGE         49                        36     13       42

PRECIPITATION (IN)
  YESTERDAY        0.00          1.74 1993   0.03  -0.03     0.00
  MONTH TO DATE    T                         0.43  -0.43     0.17
  SINCE SEP 1      4.10                      4.37  -0.27     3.21
  SINCE JAN 1     23.51                     20.72   2.79    20.14

SNOWFALL (IN)
  YESTERDAY        0.0           6.0  1959  MM     MM        0.0
  MONTH TO DATE    0.0                      MM     MM        0.0
  SINCE SEP 1      T                        MM     MM         T
  SINCE JUL 1      T                        MM     MM         T
  SNOW DEPTH       0

DEGREE DAYS
 HEATING
  YESTERDAY       16                        29    -13       23
  MONTH TO DATE  153                       307   -154      194
  SINCE SEP 1    596                       931   -335      588
  SINCE JUL 1    604                       948   -344      616

 COOLING
  YESTERDAY        0                         0      0        0
  MONTH TO DATE    0                         0      0        0
  SINCE SEP 1    104                        79     25      170
  SINCE JAN 1   1036                       824    212      894
..................................................................


WIND (MPH)
  HIGHEST WIND SPEED    23   HIGHEST WIND DIRECTION     S (190)
  HIGHEST GUST SPEED    30   HIGHEST GUST DIRECTION     S (180)
  AVERAGE WIND SPEED    13.7


SKY COVER
  POSSIBLE SUNSHINE  MM
  AVERAGE SKY COVER 0.0


WEATHER CONDITIONS
 THE FOLLOWING WEATHER WAS RECORDED YESTERDAY.
  NO SIGNIFICANT WEATHER WAS OBSERVED.


RELATIVE HUMIDITY (PERCENT)
 HIGHEST    82           100 AM
 LOWEST     30           300 PM
 AVERAGE    56

..........................................................


THE MITCHELL SD CLIMATE NORMALS FOR TODAY
                         NORMAL    RECORD    YEAR
 MAXIMUM TEMPERATURE (F)   46        75      1999
 MINIMUM TEMPERATURE (F)   25       -13      1940


SUNRISE AND SUNSET
NOVEMBER 13 2016......SUNRISE   725 AM CST   SUNSET   508 PM CST
NOVEMBER 14 2016......SUNRISE   726 AM CST   SUNSET   507 PM CST


-  INDICATES NEGATIVE NUMBERS.
R  INDICATES RECORD WAS SET OR TIED.
MM INDICATES DATA IS MISSING.
T  INDICATES TRACE AMOUNT.




$$
