000
CDUS43 KFSD 080626
CLIMHE


CLIMATE REPORT
NATIONAL WEATHER SERVICE SIOUX FALLS SD
125 AM CDT WED OCT 8 2014


...................................

...THE MITCHELL SD CLIMATE SUMMARY FOR OCTOBER 7 2014...

CLIMATE NORMAL PERIOD 1981 TO 2010
CLIMATE RECORD PERIOD 1893 TO 2014


WEATHER ITEM   OBSERVED TIME   RECORD YEAR NORMAL DEPARTURE LAST
                VALUE   (LST)  VALUE       VALUE  FROM      YEAR
                                                  NORMAL
..................................................................
TEMPERATURE (F)
 YESTERDAY
  MAXIMUM         68    336 PM  90    1942  66      2       75
                                      1910
  MINIMUM         43   1159 PM  19    1952  40      3       39
  AVERAGE         56                        53      3       57

PRECIPITATION (IN)
  YESTERDAY        0.00          0.95 2011   0.06  -0.06     0.00
  MONTH TO DATE    0.06                      0.45  -0.39     1.16
  SINCE SEP 1      1.80                      2.77  -0.97     3.60
  SINCE JAN 1     16.90                     19.12  -2.22    22.09

SNOWFALL (IN)
  YESTERDAY        0.0           2.0  1970  MM     MM        0.0
  MONTH TO DATE    0.0                      MM     MM        0.0
  SINCE SEP 1      0.0                      MM     MM        0.0
  SINCE JUL 1      0.0                      MM     MM        0.0
  SNOW DEPTH       0

DEGREE DAYS
 HEATING
  YESTERDAY        9                        12     -3        8
  MONTH TO DATE   87                        77     10       72
  SINCE SEP 1    205                       218    -13      110
  SINCE JUL 1    217                       235    -18      133

 COOLING
  YESTERDAY        0                         1     -1        0
  MONTH TO DATE    0                         7     -7        0
  SINCE SEP 1     78                        79     -1      163
  SINCE JAN 1    724                       824   -100      944
..................................................................


WIND (MPH)
  HIGHEST WIND SPEED    33   HIGHEST WIND DIRECTION    NW (310)
  HIGHEST GUST SPEED    41   HIGHEST GUST DIRECTION    NW (300)
  AVERAGE WIND SPEED    17.9


SKY COVER
  POSSIBLE SUNSHINE  MM
  AVERAGE SKY COVER 0.1


WEATHER CONDITIONS
 THE FOLLOWING WEATHER WAS RECORDED YESTERDAY.
  NO SIGNIFICANT WEATHER WAS OBSERVED.


RELATIVE HUMIDITY (PERCENT)
 HIGHEST    71           100 AM
 LOWEST     26           300 PM
 AVERAGE    49

..........................................................


THE MITCHELL SD CLIMATE NORMALS FOR TODAY
                         NORMAL    RECORD    YEAR
 MAXIMUM TEMPERATURE (F)   66        87      2010
 MINIMUM TEMPERATURE (F)   40        17      2000


SUNRISE AND SUNSET
OCTOBER  8 2014.......SUNRISE   738 AM CDT   SUNSET   701 PM CDT
OCTOBER  9 2014.......SUNRISE   739 AM CDT   SUNSET   659 PM CDT


-  INDICATES NEGATIVE NUMBERS.
R  INDICATES RECORD WAS SET OR TIED.
MM INDICATES DATA IS MISSING.
T  INDICATES TRACE AMOUNT.




$$
