000
CDUS43 KFSD 170044
CLIMHE


CLIMATE REPORT
NATIONAL WEATHER SERVICE SIOUX FALLS SD
744 PM CDT WED APR 16 2014


...................................

...THE MITCHELL SD CLIMATE SUMMARY FOR APRIL 16 2014...
VALID AS OF 0700 PM LOCAL TIME.

CLIMATE NORMAL PERIOD 1981 TO 2010
CLIMATE RECORD PERIOD 1893 TO 2014


WEATHER ITEM   OBSERVED TIME   RECORD YEAR NORMAL DEPARTURE LAST
                VALUE   (LST)  VALUE       VALUE  FROM      YEAR
                                                  NORMAL
..................................................................
TEMPERATURE (F)
 TODAY
  MAXIMUM         46    317 AM  92    1964  61    -15       39
  MINIMUM         33    559 PM  11    1907  36     -3       27
                                      1904
  AVERAGE         40                        48     -8       33

PRECIPITATION (IN)
  TODAY            T             0.94 1900   0.08  -0.08     0.00
  MONTH TO DATE    0.11                      0.87  -0.76     1.70
  SINCE MAR 1      1.15                      1.93  -0.78     2.50
  SINCE JAN 1      1.65                      2.49  -0.84     4.07

SNOWFALL (IN)
  TODAY            T             7.0  1945  MM     MM        0.0
  MONTH TO DATE    T                        MM     MM       13.8
  SINCE MAR 1      8.6                      MM     MM       17.2
  SINCE JUL 1     30.8                      MM     MM       45.1
  SNOW DEPTH       0

DEGREE DAYS
 HEATING
  TODAY           25                        17      8       32
  MONTH TO DATE  355                       328     27      450
  SINCE MAR 1   1401                      1286    115     1589
  SINCE JUL 1   7351                      6808    543     7054

 COOLING
  TODAY            0                         0      0        0
  MONTH TO DATE    0                         0      0        0
  SINCE MAR 1      0                         0      0        0
  SINCE JAN 1      0                         0      0        0
..................................................................


WIND (MPH)
  HIGHEST WIND SPEED    31   HIGHEST WIND DIRECTION     N (360)
  HIGHEST GUST SPEED    37   HIGHEST GUST DIRECTION     N (360)
  AVERAGE WIND SPEED    19.8


SKY COVER
  POSSIBLE SUNSHINE  MM
  AVERAGE SKY COVER 0.8


WEATHER CONDITIONS
 THE FOLLOWING WEATHER WAS RECORDED TODAY.
  LIGHT RAIN
  LIGHT SNOW
  FOG


RELATIVE HUMIDITY (PERCENT)
 HIGHEST    89          1100 AM
 LOWEST     53           200 AM
 AVERAGE    71

..........................................................


THE MITCHELL SD CLIMATE NORMALS FOR TOMORROW
                         NORMAL    RECORD    YEAR
 MAXIMUM TEMPERATURE (F)   61        90      1985
 MINIMUM TEMPERATURE (F)   36        11      1907


SUNRISE AND SUNSET
APRIL 16 2014.........SUNRISE   648 AM CDT   SUNSET   817 PM CDT
APRIL 17 2014.........SUNRISE   646 AM CDT   SUNSET   818 PM CDT


-  INDICATES NEGATIVE NUMBERS.
R  INDICATES RECORD WAS SET OR TIED.
MM INDICATES DATA IS MISSING.
T  INDICATES TRACE AMOUNT.




$$
