000
CDUS43 KFSD 200641
CLIMHE


CLIMATE REPORT
NATIONAL WEATHER SERVICE SIOUX FALLS SD
1240 AM CST MON NOV 20 2017


...................................

...THE MITCHELL SD CLIMATE SUMMARY FOR NOVEMBER 19 2017...

CLIMATE NORMAL PERIOD 1981 TO 2010
CLIMATE RECORD PERIOD 1893 TO 2017


WEATHER ITEM   OBSERVED TIME   RECORD YEAR NORMAL DEPARTURE LAST
                VALUE   (LST)  VALUE       VALUE  FROM      YEAR
                                                  NORMAL
..................................................................
TEMPERATURE (F)
 YESTERDAY
  MAXIMUM         54    218 PM  72    1897  42     12       32
  MINIMUM         23    217 AM  -5    1914  22      1       17
  AVERAGE         39                        32      7       25

PRECIPITATION (IN)
  YESTERDAY        0.00          0.54 1948   0.02  -0.02     0.00
  MONTH TO DATE    0.10                      0.58  -0.48     0.52
  SINCE SEP 1      5.78                      4.52   1.26     4.62
  SINCE JAN 1     19.60                     20.87  -1.27    24.03

SNOWFALL (IN)
  YESTERDAY        0.0           6.0  1948  MM     MM        0.0
  MONTH TO DATE    1.2                      MM     MM        4.2
  SINCE SEP 1      1.2                      MM     MM        4.2
  SINCE JUL 1      1.2                      MM     MM        4.2
  SNOW DEPTH       0

DEGREE DAYS
 HEATING
  YESTERDAY       26                        33     -7       40
  MONTH TO DATE  584                       525     59      309
  SINCE SEP 1   1122                      1149    -27      752
  SINCE JUL 1   1124                      1166    -42      760

 COOLING
  YESTERDAY        0                         0      0        0
  MONTH TO DATE    0                         0      0        0
  SINCE SEP 1    120                        79     41      104
  SINCE JAN 1    890                       824     66     1036
..................................................................


WIND (MPH)
  HIGHEST WIND SPEED    16   HIGHEST WIND DIRECTION     S (200)
  HIGHEST GUST SPEED    19   HIGHEST GUST DIRECTION     S (200)
  AVERAGE WIND SPEED     8.2


SKY COVER
  POSSIBLE SUNSHINE  MM
  AVERAGE SKY COVER 0.0


WEATHER CONDITIONS
 THE FOLLOWING WEATHER WAS RECORDED YESTERDAY.
  NO SIGNIFICANT WEATHER WAS OBSERVED.


RELATIVE HUMIDITY (PERCENT)
 HIGHEST    81          1200 AM
 LOWEST     32           200 PM
 AVERAGE    57

..........................................................


THE MITCHELL SD CLIMATE NORMALS FOR TODAY
                         NORMAL    RECORD    YEAR
 MAXIMUM TEMPERATURE (F)   41        76      1962
 MINIMUM TEMPERATURE (F)   21        -8      1937
                                             1921


SUNRISE AND SUNSET
NOVEMBER 20 2017......SUNRISE   733 AM CST   SUNSET   502 PM CST
NOVEMBER 21 2017......SUNRISE   735 AM CST   SUNSET   501 PM CST


-  INDICATES NEGATIVE NUMBERS.
R  INDICATES RECORD WAS SET OR TIED.
MM INDICATES DATA IS MISSING.
T  INDICATES TRACE AMOUNT.




$$
