909
CDUS43 KFSD 232224
CLIMHE


CLIMATE REPORT
NATIONAL WEATHER SERVICE SIOUX FALLS SD
523 PM CDT SAT SEP 23 2017


...................................

...THE MITCHELL SD CLIMATE SUMMARY FOR SEPTEMBER 23 2017...
VALID TODAY AS OF 0500 PM LOCAL TIME.

CLIMATE NORMAL PERIOD 1981 TO 2010
CLIMATE RECORD PERIOD 1893 TO 2017


WEATHER ITEM   OBSERVED TIME   RECORD YEAR NORMAL DEPARTURE LAST
                VALUE   (LST)  VALUE       VALUE  FROM      YEAR
                                                  NORMAL
..................................................................
TEMPERATURE (F)
 TODAY
  MAXIMUM         59   1206 AM 104    1935  73    -14       92
  MINIMUM         55    536 AM  27    2012  46      9       67
  AVERAGE         57                        59     -2       80

PRECIPITATION (IN)
  TODAY            0.36          0.75 1963   0.08   0.28      T
  MONTH TO DATE    1.32                      1.81  -0.49     2.12
  SINCE SEP 1      1.32                      1.81  -0.49     2.12
  SINCE JAN 1     15.14                     18.16  -3.02    21.53

SNOWFALL (IN)
  TODAY            0.0           0.0    MM  MM     MM        0.0
  MONTH TO DATE    0.0                      MM     MM        0.0
  SINCE SEP 1      0.0                      MM     MM        0.0
  SINCE JUL 1      0.0                      MM     MM        0.0
  SNOW DEPTH       0

DEGREE DAYS
 HEATING
  TODAY            8                         7      1        0
  MONTH TO DATE   46                        84    -38       35
  SINCE SEP 1     46                        84    -38       35
  SINCE JUL 1     48                       101    -53       43

 COOLING
  TODAY            0                         1     -1       15
  MONTH TO DATE  113                        66     47       94
  SINCE SEP 1    113                        66     47       94
  SINCE JAN 1    883                       811     72     1026
..................................................................


WIND (MPH)
  HIGHEST WIND SPEED    18   HIGHEST WIND DIRECTION    NW (310)
  HIGHEST GUST SPEED    25   HIGHEST GUST DIRECTION     N (340)
  AVERAGE WIND SPEED     9.9


SKY COVER
  POSSIBLE SUNSHINE  MM
  AVERAGE SKY COVER 0.9


WEATHER CONDITIONS
 THE FOLLOWING WEATHER WAS RECORDED TODAY.
  THUNDERSTORM
  HEAVY RAIN
  RAIN
  LIGHT RAIN
  FOG


RELATIVE HUMIDITY (PERCENT)
 HIGHEST   100          1000 AM
 LOWEST     86           100 AM
 AVERAGE    93

..........................................................


THE MITCHELL SD CLIMATE NORMALS FOR TOMORROW
                         NORMAL    RECORD    YEAR
 MAXIMUM TEMPERATURE (F)   72        94      1935
 MINIMUM TEMPERATURE (F)   46        23      1965


SUNRISE AND SUNSET
SEPTEMBER 23 2017.....SUNRISE   721 AM CDT   SUNSET   727 PM CDT
SEPTEMBER 24 2017.....SUNRISE   722 AM CDT   SUNSET   725 PM CDT


-  INDICATES NEGATIVE NUMBERS.
R  INDICATES RECORD WAS SET OR TIED.
MM INDICATES DATA IS MISSING.
T  INDICATES TRACE AMOUNT.




$$
