000
CDUS43 KFSD 030622
CLIMHE


CLIMATE REPORT
NATIONAL WEATHER SERVICE SIOUX FALLS SD
1222 AM CST TUE MAR 3 2015


...................................

...THE MITCHELL SD CLIMATE SUMMARY FOR MARCH 2 2015...

CLIMATE NORMAL PERIOD 1981 TO 2010
CLIMATE RECORD PERIOD 1893 TO 2015


WEATHER ITEM   OBSERVED TIME   RECORD YEAR NORMAL DEPARTURE LAST
                VALUE   (LST)  VALUE       VALUE  FROM      YEAR
                                                  NORMAL
..................................................................
TEMPERATURE (F)
 YESTERDAY
  MAXIMUM         38    436 PM  76    1974  39     -1        1
  MINIMUM          5    525 AM -18    1913  19    -14      -16
  AVERAGE         22                        29     -7       -7

PRECIPITATION (IN)
  YESTERDAY        0.00          3.03 1906   0.02  -0.02     0.00
  MONTH TO DATE    0.00                      0.04  -0.04     0.18
  SINCE MAR 1      0.00                      0.04  -0.04     0.18
  SINCE JAN 1      0.77                      0.60   0.17     0.68

SNOWFALL (IN)
  YESTERDAY        0.0          24.0  1906  MM     MM        0.0
  MONTH TO DATE    0.0                      MM     MM        2.5
  SINCE MAR 1      0.0                      MM     MM        2.5
  SINCE JUL 1     21.9                      MM     MM       24.7
  SNOW DEPTH       0

DEGREE DAYS
 HEATING
  YESTERDAY       43                        36      7       72
  MONTH TO DATE   85                        73     12      138
  SINCE MAR 1     85                        73     12      138
  SINCE JUL 1   5575                      5595    -20     6088

 COOLING
  YESTERDAY        0                         0      0        0
  MONTH TO DATE    0                         0      0        0
  SINCE MAR 1      0                         0      0        0
  SINCE JAN 1      0                         0      0        0
..................................................................


WIND (MPH)
  HIGHEST WIND SPEED    29   HIGHEST WIND DIRECTION     S (160)
  HIGHEST GUST SPEED    35   HIGHEST GUST DIRECTION     S (160)
  AVERAGE WIND SPEED    14.6


SKY COVER
  POSSIBLE SUNSHINE  MM
  AVERAGE SKY COVER 0.4


WEATHER CONDITIONS
 THE FOLLOWING WEATHER WAS RECORDED YESTERDAY.
  NO SIGNIFICANT WEATHER WAS OBSERVED.


RELATIVE HUMIDITY (PERCENT)
 HIGHEST    92          1200 AM
 LOWEST     40           300 PM
 AVERAGE    66

..........................................................


THE MITCHELL SD CLIMATE NORMALS FOR TODAY
                         NORMAL    RECORD    YEAR
 MAXIMUM TEMPERATURE (F)   39        77      1905
 MINIMUM TEMPERATURE (F)   19       -14      1916


SUNRISE AND SUNSET
MARCH  3 2015.........SUNRISE   706 AM CST   SUNSET   623 PM CST
MARCH  4 2015.........SUNRISE   704 AM CST   SUNSET   624 PM CST


-  INDICATES NEGATIVE NUMBERS.
R  INDICATES RECORD WAS SET OR TIED.
MM INDICATES DATA IS MISSING.
T  INDICATES TRACE AMOUNT.




$$
