000
CDUS43 KFSD 240627
CLIMHE


CLIMATE REPORT
NATIONAL WEATHER SERVICE SIOUX FALLS SD
127 AM CDT SAT SEP 24 2016


...................................

...THE MITCHELL SD CLIMATE SUMMARY FOR SEPTEMBER 23 2016...

CLIMATE NORMAL PERIOD 1981 TO 2010
CLIMATE RECORD PERIOD 1893 TO 2016


WEATHER ITEM   OBSERVED TIME   RECORD YEAR NORMAL DEPARTURE LAST
                VALUE   (LST)  VALUE       VALUE  FROM      YEAR
                                                  NORMAL
..................................................................
TEMPERATURE (F)
 YESTERDAY
  MAXIMUM         92    358 PM 104    1935  73     19       70
  MINIMUM         67    730 AM  27    2012  46     21       63
  AVERAGE         80                        59     21       67

PRECIPITATION (IN)
  YESTERDAY        T             0.75 1963   0.08  -0.08     0.42
  MONTH TO DATE    2.12                      1.81   0.31     0.52
  SINCE SEP 1      2.12                      1.81   0.31     0.52
  SINCE JAN 1     21.53                     18.16   3.37    17.45

SNOWFALL (IN)
  YESTERDAY        0.0           0.0    MM  MM     MM        0.0
  MONTH TO DATE    0.0                      MM     MM        0.0
  SINCE SEP 1      0.0                      MM     MM        0.0
  SINCE JUL 1      0.0                      MM     MM        0.0
  SNOW DEPTH       0

DEGREE DAYS
 HEATING
  YESTERDAY        0                         7     -7        0
  MONTH TO DATE   35                        84    -49       47
  SINCE SEP 1     35                        84    -49       47
  SINCE JUL 1     43                       101    -58       75

 COOLING
  YESTERDAY       15                         1     14        2
  MONTH TO DATE   94                        66     28      138
  SINCE SEP 1     94                        66     28      138
  SINCE JAN 1   1026                       811    215      862
..................................................................


WIND (MPH)
  HIGHEST WIND SPEED    26   HIGHEST WIND DIRECTION     S (180)
  HIGHEST GUST SPEED    35   HIGHEST GUST DIRECTION     S (180)
  AVERAGE WIND SPEED    13.8


SKY COVER
  POSSIBLE SUNSHINE  MM
  AVERAGE SKY COVER 0.4


WEATHER CONDITIONS
 THE FOLLOWING WEATHER WAS RECORDED YESTERDAY.
  LIGHT RAIN


RELATIVE HUMIDITY (PERCENT)
 HIGHEST    90           900 AM
 LOWEST     34           500 PM
 AVERAGE    62

..........................................................


THE MITCHELL SD CLIMATE NORMALS FOR TODAY
                         NORMAL    RECORD    YEAR
 MAXIMUM TEMPERATURE (F)   72        94      1935
 MINIMUM TEMPERATURE (F)   46        23      1965


SUNRISE AND SUNSET
SEPTEMBER 24 2016.....SUNRISE   722 AM CDT   SUNSET   725 PM CDT
SEPTEMBER 25 2016.....SUNRISE   723 AM CDT   SUNSET   723 PM CDT


-  INDICATES NEGATIVE NUMBERS.
R  INDICATES RECORD WAS SET OR TIED.
MM INDICATES DATA IS MISSING.
T  INDICATES TRACE AMOUNT.




$$
