000
CDUS43 KFSD 060639
CLIMHE


CLIMATE REPORT
NATIONAL WEATHER SERVICE SIOUX FALLS SD
1237 AM CST FRI MAR 6 2015


...................................

...THE MITCHELL SD CLIMATE SUMMARY FOR MARCH 5 2015...

CLIMATE NORMAL PERIOD 1981 TO 2010
CLIMATE RECORD PERIOD 1893 TO 2015


WEATHER ITEM   OBSERVED TIME   RECORD YEAR NORMAL DEPARTURE LAST
                VALUE   (LST)  VALUE       VALUE  FROM      YEAR
                                                  NORMAL
..................................................................
TEMPERATURE (F)
 YESTERDAY
  MAXIMUM         37    521 PM  74    2000  40     -3       27
  MINIMUM         -9    441 AM -14    1920  20    -29       10
  AVERAGE         14                        30    -16       19

PRECIPITATION (IN)
  YESTERDAY        0.00          1.00 1933   0.03  -0.03     0.00
  MONTH TO DATE    0.04                      0.12  -0.08     0.21
  SINCE MAR 1      0.04                      0.12  -0.08     0.21
  SINCE JAN 1      0.81                      0.68   0.13     0.71

SNOWFALL (IN)
  YESTERDAY        0.0          11.0  1966  MM     MM        0.0
  MONTH TO DATE    0.7                      MM     MM        2.8
  SINCE MAR 1      0.7                      MM     MM        2.8
  SINCE JUL 1     22.6                      MM     MM       25.0
  SNOW DEPTH       1

DEGREE DAYS
 HEATING
  YESTERDAY       51                        35     16       46
  MONTH TO DATE  242                       179     63      302
  SINCE MAR 1    242                       179     63      302
  SINCE JUL 1   5732                      5701     31     6252

 COOLING
  YESTERDAY        0                         0      0        0
  MONTH TO DATE    0                         0      0        0
  SINCE MAR 1      0                         0      0        0
  SINCE JAN 1      0                         0      0        0
..................................................................


WIND (MPH)
  HIGHEST WIND SPEED    20   HIGHEST WIND DIRECTION    SW (210)
  HIGHEST GUST SPEED    27   HIGHEST GUST DIRECTION     S (200)
  AVERAGE WIND SPEED     8.9


SKY COVER
  POSSIBLE SUNSHINE  MM
  AVERAGE SKY COVER 0.0


WEATHER CONDITIONS
 THE FOLLOWING WEATHER WAS RECORDED YESTERDAY.
  NO SIGNIFICANT WEATHER WAS OBSERVED.


RELATIVE HUMIDITY (PERCENT)
 HIGHEST    83           500 AM
 LOWEST     24           500 PM
 AVERAGE    54

..........................................................


THE MITCHELL SD CLIMATE NORMALS FOR TODAY
                         NORMAL    RECORD    YEAR
 MAXIMUM TEMPERATURE (F)   40        82      1987
 MINIMUM TEMPERATURE (F)   20       -15      1989


SUNRISE AND SUNSET
MARCH  6 2015.........SUNRISE   701 AM CST   SUNSET   627 PM CST
MARCH  7 2015.........SUNRISE   659 AM CST   SUNSET   628 PM CST


-  INDICATES NEGATIVE NUMBERS.
R  INDICATES RECORD WAS SET OR TIED.
MM INDICATES DATA IS MISSING.
T  INDICATES TRACE AMOUNT.




$$
