000
CDUS43 KFSD 250647
CLIMHE


CLIMATE REPORT
NATIONAL WEATHER SERVICE SIOUX FALLS SD
1245 AM CST SAT NOV 25 2017


...................................

...THE MITCHELL SD CLIMATE SUMMARY FOR NOVEMBER 24 2017...

CLIMATE NORMAL PERIOD 1981 TO 2010
CLIMATE RECORD PERIOD 1893 TO 2017


WEATHER ITEM   OBSERVED TIME   RECORD YEAR NORMAL DEPARTURE LAST
                VALUE   (LST)  VALUE       VALUE  FROM      YEAR
                                                  NORMAL
..................................................................
TEMPERATURE (F)
 YESTERDAY
  MAXIMUM         63   1104 AM  71    2011  39     24       36
  MINIMUM         37   1133 PM -12    1985  19     18       32
  AVERAGE         50                        29     21       34

PRECIPITATION (IN)
  YESTERDAY        T             0.40 1917   0.02  -0.02     0.01
  MONTH TO DATE    0.10                      0.67  -0.57     0.53
  SINCE SEP 1      5.78                      4.61   1.17     4.63
  SINCE JAN 1     19.60                     20.96  -1.36    24.04

SNOWFALL (IN)
  YESTERDAY        0.0           6.0  1903  MM     MM         T
  MONTH TO DATE    1.2                      MM     MM        4.2
  SINCE SEP 1      1.2                      MM     MM        4.2
  SINCE JUL 1      1.2                      MM     MM        4.2
  SNOW DEPTH       0

DEGREE DAYS
 HEATING
  YESTERDAY       15                        36    -21       31
  MONTH TO DATE  714                       699     15      471
  SINCE SEP 1   1252                      1323    -71      914
  SINCE JUL 1   1254                      1340    -86      922

 COOLING
  YESTERDAY        0                         0      0        0
  MONTH TO DATE    0                         0      0        0
  SINCE SEP 1    120                        79     41      104
  SINCE JAN 1    890                       824     66     1036
..................................................................


WIND (MPH)
  HIGHEST WIND SPEED    39   HIGHEST WIND DIRECTION    NW (310)
  HIGHEST GUST SPEED    51   HIGHEST GUST DIRECTION    NW (310)
  AVERAGE WIND SPEED    14.0


SKY COVER
  POSSIBLE SUNSHINE  MM
  AVERAGE SKY COVER 0.1


WEATHER CONDITIONS
 THE FOLLOWING WEATHER WAS RECORDED YESTERDAY.
  NO SIGNIFICANT WEATHER WAS OBSERVED.


RELATIVE HUMIDITY (PERCENT)
 HIGHEST    79           700 AM
 LOWEST     39          1200 PM
 AVERAGE    59

..........................................................


THE MITCHELL SD CLIMATE NORMALS FOR TODAY
                         NORMAL    RECORD    YEAR
 MAXIMUM TEMPERATURE (F)   38        72      1960
 MINIMUM TEMPERATURE (F)   19       -10      1977
                                             1975


SUNRISE AND SUNSET
NOVEMBER 25 2017......SUNRISE   739 AM CST   SUNSET   459 PM CST
NOVEMBER 26 2017......SUNRISE   741 AM CST   SUNSET   458 PM CST


-  INDICATES NEGATIVE NUMBERS.
R  INDICATES RECORD WAS SET OR TIED.
MM INDICATES DATA IS MISSING.
T  INDICATES TRACE AMOUNT.




$$
