000
CDUS43 KFSD 040725
CLIMHE


CLIMATE REPORT
NATIONAL WEATHER SERVICE SIOUX FALLS SD
124 AM CST SUN DEC 4 2016


...................................

...THE MITCHELL SD CLIMATE SUMMARY FOR DECEMBER 3 2016...

CLIMATE NORMAL PERIOD 1981 TO 2010
CLIMATE RECORD PERIOD 1893 TO 2016


WEATHER ITEM   OBSERVED TIME   RECORD YEAR NORMAL DEPARTURE LAST
                VALUE   (LST)  VALUE       VALUE  FROM      YEAR
                                                  NORMAL
..................................................................
TEMPERATURE (F)
 YESTERDAY
  MAXIMUM         37    818 PM  68    1941  34      3       33
  MINIMUM         25    242 AM -10    1985  15     10        5
  AVERAGE         31                        24      7       19

PRECIPITATION (IN)
  YESTERDAY        0.03          0.87 1953   0.03   0.00     0.00
  MONTH TO DATE    0.03                      0.08  -0.05     0.16
  SINCE DEC 1      0.03                      0.08  -0.05     0.16
  SINCE JAN 1     25.24                     21.15   4.09    22.57

SNOWFALL (IN)
  YESTERDAY        T            12.0  1953  MM     MM        0.0
  MONTH TO DATE    T                        MM     MM        2.6
  SINCE DEC 1      T                        MM     MM        2.6
  SINCE JUL 1      5.5                      MM     MM       15.8
  SNOW DEPTH       0

DEGREE DAYS
 HEATING
  YESTERDAY       34                        41     -7       46
  MONTH TO DATE  101                       121    -20      124
  SINCE DEC 1    101                       121    -20      124
  SINCE JUL 1   1195                      1689   -494     1307

 COOLING
  YESTERDAY        0                         0      0        0
  MONTH TO DATE    0                         0      0        0
  SINCE DEC 1      0                         0      0        0
  SINCE JAN 1   1036                       824    212      894
..................................................................


WIND (MPH)
  HIGHEST WIND SPEED    22   HIGHEST WIND DIRECTION     S (180)
  HIGHEST GUST SPEED    29   HIGHEST GUST DIRECTION     S (190)
  AVERAGE WIND SPEED    12.7


SKY COVER
  POSSIBLE SUNSHINE  MM
  AVERAGE SKY COVER 0.6


WEATHER CONDITIONS
 THE FOLLOWING WEATHER WAS RECORDED YESTERDAY.
  LIGHT RAIN
  LIGHT SNOW
  FOG


RELATIVE HUMIDITY (PERCENT)
 HIGHEST   100           400 AM
 LOWEST     85           400 PM
 AVERAGE    93

..........................................................


THE MITCHELL SD CLIMATE NORMALS FOR TODAY
                         NORMAL    RECORD    YEAR
 MAXIMUM TEMPERATURE (F)   33        62      1941
 MINIMUM TEMPERATURE (F)   15       -15      1897


SUNRISE AND SUNSET
DECEMBER  4 2016......SUNRISE   750 AM CST   SUNSET   455 PM CST
DECEMBER  5 2016......SUNRISE   751 AM CST   SUNSET   455 PM CST


-  INDICATES NEGATIVE NUMBERS.
R  INDICATES RECORD WAS SET OR TIED.
MM INDICATES DATA IS MISSING.
T  INDICATES TRACE AMOUNT.




$$
