000
CDUS43 KFSD 290639
CLIMHE


CLIMATE REPORT
NATIONAL WEATHER SERVICE SIOUX FALLS SD
138 AM CDT WED MAR 29 2017


...................................

...THE MITCHELL SD CLIMATE SUMMARY FOR MARCH 28 2017...

CLIMATE NORMAL PERIOD 1981 TO 2010
CLIMATE RECORD PERIOD 1893 TO 2017


WEATHER ITEM   OBSERVED TIME   RECORD YEAR NORMAL DEPARTURE LAST
                VALUE   (LST)  VALUE       VALUE  FROM      YEAR
                                                  NORMAL
..................................................................
TEMPERATURE (F)
 YESTERDAY
  MAXIMUM         62    237 PM  82    1986  50     12       61
                                      1946
                                      1910
  MINIMUM         31    543 AM  -3    1899  28      3       30
  AVERAGE         47                        39      8       46

PRECIPITATION (IN)
  YESTERDAY        0.00          0.98 1940   0.07  -0.07     0.00
  MONTH TO DATE    0.34                      0.88  -0.54     0.60
  SINCE MAR 1      0.34                      0.88  -0.54     0.60
  SINCE JAN 1      1.50                      1.44   0.06     1.83

SNOWFALL (IN)
  YESTERDAY        0.0           6.0  1928  MM     MM        0.0
                                      1900
  MONTH TO DATE    3.6                      MM     MM        3.7
  SINCE MAR 1      3.6                      MM     MM        3.7
  SINCE JUL 1     29.0                      MM     MM       46.1
  SNOW DEPTH       0

DEGREE DAYS
 HEATING
  YESTERDAY       18                        26     -8       19
  MONTH TO DATE  816                       882    -66      649
  SINCE MAR 1    816                       882    -66      649
  SINCE JUL 1   5550                      6404   -854     5438

 COOLING
  YESTERDAY        0                         0      0        0
  MONTH TO DATE    0                         0      0        0
  SINCE MAR 1      0                         0      0        0
  SINCE JAN 1      0                         0      0        0
..................................................................


WIND (MPH)
  HIGHEST WIND SPEED    17   HIGHEST WIND DIRECTION    SE (140)
  HIGHEST GUST SPEED    21   HIGHEST GUST DIRECTION     E (90)
  AVERAGE WIND SPEED     6.5


SKY COVER
  POSSIBLE SUNSHINE  MM
  AVERAGE SKY COVER 0.1


WEATHER CONDITIONS
 THE FOLLOWING WEATHER WAS RECORDED YESTERDAY.
  FOG
  HAZE


RELATIVE HUMIDITY (PERCENT)
 HIGHEST   100           300 AM
 LOWEST     39           200 PM
 AVERAGE    70

..........................................................


THE MITCHELL SD CLIMATE NORMALS FOR TODAY
                         NORMAL    RECORD    YEAR
 MAXIMUM TEMPERATURE (F)   51        85      1943
 MINIMUM TEMPERATURE (F)   28         1      1969


SUNRISE AND SUNSET
MARCH 29 2017.........SUNRISE   719 AM CDT   SUNSET   756 PM CDT
MARCH 30 2017.........SUNRISE   717 AM CDT   SUNSET   757 PM CDT


-  INDICATES NEGATIVE NUMBERS.
R  INDICATES RECORD WAS SET OR TIED.
MM INDICATES DATA IS MISSING.
T  INDICATES TRACE AMOUNT.




$$
