000
CDUS43 KFSD 010643
CLIMHE


CLIMATE REPORT
NATIONAL WEATHER SERVICE SIOUX FALLS SD
143 AM CDT WED OCT 1 2014


...................................

...THE MITCHELL SD CLIMATE SUMMARY FOR SEPTEMBER 30 2014...

CLIMATE NORMAL PERIOD 1981 TO 2010
CLIMATE RECORD PERIOD 1893 TO 2014


WEATHER ITEM   OBSERVED TIME   RECORD YEAR NORMAL DEPARTURE LAST
                VALUE   (LST)  VALUE       VALUE  FROM      YEAR
                                                  NORMAL
..................................................................
TEMPERATURE (F)
 YESTERDAY
  MAXIMUM         80    243 PM  91    1992  70     10       85
                                      1932
  MINIMUM         54    409 AM  14    1899  43     11       55
  AVERAGE         67                        56     11       70

PRECIPITATION (IN)
  YESTERDAY        0.15          1.43 1903   0.07   0.08     0.00
  MONTH TO DATE    1.74                      2.32  -0.58     2.44
  SINCE SEP 1      1.74                      2.32  -0.58     2.44
  SINCE JAN 1     16.84                     18.67  -1.83    20.93

SNOWFALL (IN)
  YESTERDAY        0.0           0.0    MM  MM     MM        0.0
  MONTH TO DATE    0.0                      MM     MM        0.0
  SINCE SEP 1      0.0                      MM     MM        0.0
  SINCE JUL 1      0.0                      MM     MM        0.0
  SNOW DEPTH       0

DEGREE DAYS
 HEATING
  YESTERDAY        0                         9     -9        0
  MONTH TO DATE  118                       141    -23       38
  SINCE SEP 1    118                       141    -23       38
  SINCE JUL 1    130                       158    -28       61

 COOLING
  YESTERDAY        2                         1      1        5
  MONTH TO DATE   78                        72      6      163
  SINCE SEP 1     78                        72      6      163
  SINCE JAN 1    724                       817    -93      944
..................................................................


WIND (MPH)
  HIGHEST WIND SPEED    26   HIGHEST WIND DIRECTION     S (170)
  HIGHEST GUST SPEED    35   HIGHEST GUST DIRECTION     S (180)
  AVERAGE WIND SPEED    17.3


SKY COVER
  POSSIBLE SUNSHINE  MM
  AVERAGE SKY COVER 0.5


WEATHER CONDITIONS
 THE FOLLOWING WEATHER WAS RECORDED YESTERDAY.
  RAIN
  LIGHT RAIN
  FOG


RELATIVE HUMIDITY (PERCENT)
 HIGHEST    93           400 AM
 LOWEST     35           400 PM
 AVERAGE    64

..........................................................


THE MITCHELL SD CLIMATE NORMALS FOR TODAY
                         NORMAL    RECORD    YEAR
 MAXIMUM TEMPERATURE (F)   69        93      1951
 MINIMUM TEMPERATURE (F)   43        22      1974


SUNRISE AND SUNSET
OCTOBER  1 2014.......SUNRISE   730 AM CDT   SUNSET   713 PM CDT
OCTOBER  2 2014.......SUNRISE   731 AM CDT   SUNSET   711 PM CDT


-  INDICATES NEGATIVE NUMBERS.
R  INDICATES RECORD WAS SET OR TIED.
MM INDICATES DATA IS MISSING.
T  INDICATES TRACE AMOUNT.




$$
