000
CDUS43 KFSD 280657
CLIMHE


CLIMATE REPORT
NATIONAL WEATHER SERVICE SIOUX FALLS SD
1257 AM CST WED JAN 28 2015


...................................

...THE MITCHELL SD CLIMATE SUMMARY FOR JANUARY 27 2015...

CLIMATE NORMAL PERIOD 1981 TO 2010
CLIMATE RECORD PERIOD 1893 TO 2015


WEATHER ITEM   OBSERVED TIME   RECORD YEAR NORMAL DEPARTURE LAST
                VALUE   (LST)  VALUE       VALUE  FROM      YEAR
                                                  NORMAL
..................................................................
TEMPERATURE (F)
 YESTERDAY
  MAXIMUM         49    340 PM  66    1989  29     20        5
  MINIMUM         28    655 AM -25    1897  10     18       -8
  AVERAGE         39                        19     20       -1

PRECIPITATION (IN)
  YESTERDAY        0.00          1.32 1944   0.01  -0.01     0.00
  MONTH TO DATE    0.40                      0.20   0.20     0.06
  SINCE DEC 1      1.62                      0.65   0.97     0.71
  SINCE JAN 1      0.40                      0.20   0.20     0.06

SNOWFALL (IN)
  YESTERDAY        0.0           4.0  1994  MM     MM        0.0
  MONTH TO DATE    5.2                      MM     MM        0.4
  SINCE DEC 1     12.9                      MM     MM       11.8
  SINCE JUL 1     18.5                      MM     MM       15.8
  SNOW DEPTH       0

DEGREE DAYS
 HEATING
  YESTERDAY       26                        46    -20       66
  MONTH TO DATE 1177                      1253    -76     1253
  SINCE DEC 1   2402                      2620   -218     2859
  SINCE JUL 1   4058                      4188   -130     4367

 COOLING
  YESTERDAY        0                         0      0        0
  MONTH TO DATE    0                         0      0        0
  SINCE DEC 1      0                         0      0        0
  SINCE JAN 1      0                         0      0        0
..................................................................


WIND (MPH)
  HIGHEST WIND SPEED    21   HIGHEST WIND DIRECTION     S (160)
  HIGHEST GUST SPEED    25   HIGHEST GUST DIRECTION    SE (150)
  AVERAGE WIND SPEED    10.6


SKY COVER
  POSSIBLE SUNSHINE  MM
  AVERAGE SKY COVER 0.0


WEATHER CONDITIONS
 THE FOLLOWING WEATHER WAS RECORDED YESTERDAY.
  NO SIGNIFICANT WEATHER WAS OBSERVED.


RELATIVE HUMIDITY (PERCENT)
 HIGHEST   100           300 AM
 LOWEST     66           200 PM
 AVERAGE    83

..........................................................


THE MITCHELL SD CLIMATE NORMALS FOR TODAY
                         NORMAL    RECORD    YEAR
 MAXIMUM TEMPERATURE (F)   29        60      1906
 MINIMUM TEMPERATURE (F)   10       -20      1997


SUNRISE AND SUNSET
JANUARY 28 2015.......SUNRISE   753 AM CST   SUNSET   537 PM CST
JANUARY 29 2015.......SUNRISE   752 AM CST   SUNSET   539 PM CST


-  INDICATES NEGATIVE NUMBERS.
R  INDICATES RECORD WAS SET OR TIED.
MM INDICATES DATA IS MISSING.
T  INDICATES TRACE AMOUNT.




$$
