000
CDUS43 KFSD 120025
CLIMHE


CLIMATE REPORT
NATIONAL WEATHER SERVICE SIOUX FALLS SD
725 PM CDT FRI JUL 11 2014


...................................

...THE MITCHELL SD CLIMATE SUMMARY FOR JULY 11 2014...
VALID AS OF 0700 PM LOCAL TIME.

CLIMATE NORMAL PERIOD 1981 TO 2010
CLIMATE RECORD PERIOD 1893 TO 2014


WEATHER ITEM   OBSERVED TIME   RECORD YEAR NORMAL DEPARTURE LAST
                VALUE   (LST)  VALUE       VALUE  FROM      YEAR
                                                  NORMAL
..................................................................
TEMPERATURE (F)
 TODAY
  MAXIMUM         89    234 PM 110    1930  87      2       88
  MINIMUM         71    607 AM  43    1900  63      8       65
  AVERAGE         80                        75      5       77

PRECIPITATION (IN)
  TODAY            0.39          1.35 1913   0.09   0.30      T
  MONTH TO DATE    0.48                      1.24  -0.76     2.10
  SINCE JUN 1      4.67                      5.37  -0.70     4.24
  SINCE JAN 1      9.40                     12.10  -2.70    14.19

SNOWFALL (IN)
  TODAY            0.0           0.0    MM  MM     MM        0.0
  MONTH TO DATE    0.0                      MM     MM        0.0
  SINCE JUN 1      0.0                      MM     MM        0.0
  SINCE JUL 1      0.0                      MM     MM        0.0
  SNOW DEPTH       0

DEGREE DAYS
 HEATING
  TODAY            0                         0      0        0
  MONTH TO DATE    3                         0      3        0
  SINCE JUN 1     29                        35     -6       50
  SINCE JUL 1      3                         0      3        0

 COOLING
  TODAY           15                        10      5       12
  MONTH TO DATE   87                       108    -21      122
  SINCE JUN 1    245                       278    -33      289
  SINCE JAN 1    323                       318      5      346
..................................................................


WIND (MPH)
  HIGHEST WIND SPEED    26   HIGHEST WIND DIRECTION    SW (210)
  HIGHEST GUST SPEED    37   HIGHEST GUST DIRECTION     S (200)
  AVERAGE WIND SPEED     9.7


SKY COVER
  POSSIBLE SUNSHINE  MM
  AVERAGE SKY COVER 0.3


WEATHER CONDITIONS
 THE FOLLOWING WEATHER WAS RECORDED TODAY.
  THUNDERSTORM
  HEAVY RAIN
  LIGHT RAIN
  FOG


RELATIVE HUMIDITY (PERCENT)
 HIGHEST    90           300 AM
 LOWEST     63           100 PM
 AVERAGE    77

..........................................................


THE MITCHELL SD CLIMATE NORMALS FOR TOMORROW
                         NORMAL    RECORD    YEAR
 MAXIMUM TEMPERATURE (F)   87       105      1938
                                             1936
 MINIMUM TEMPERATURE (F)   63        38      1900


SUNRISE AND SUNSET
JULY 11 2014..........SUNRISE   601 AM CDT   SUNSET   914 PM CDT
JULY 12 2014..........SUNRISE   602 AM CDT   SUNSET   914 PM CDT


-  INDICATES NEGATIVE NUMBERS.
R  INDICATES RECORD WAS SET OR TIED.
MM INDICATES DATA IS MISSING.
T  INDICATES TRACE AMOUNT.




$$
