000
CDUS43 KFSD 140635
CLIMHE


CLIMATE REPORT
NATIONAL WEATHER SERVICE SIOUX FALLS SD
134 AM CDT MON AUG 14 2017


...................................

...THE MITCHELL SD CLIMATE SUMMARY FOR AUGUST 13 2017...

CLIMATE NORMAL PERIOD 1981 TO 2010
CLIMATE RECORD PERIOD 1893 TO 2017


WEATHER ITEM   OBSERVED TIME   RECORD YEAR NORMAL DEPARTURE LAST
                VALUE   (LST)  VALUE       VALUE  FROM      YEAR
                                                  NORMAL
..................................................................
TEMPERATURE (F)
 YESTERDAY
  MAXIMUM         78    622 PM 105    1938  84     -6       84
  MINIMUM         59    519 AM  41    1964  62     -3       61
  AVERAGE         69                        73     -4       73

PRECIPITATION (IN)
  YESTERDAY        0.17          1.81 1966   0.09   0.08     0.00
  MONTH TO DATE    0.43                      1.02  -0.59     1.43
  SINCE JUN 1      4.20                      8.26  -4.06     5.01
  SINCE JAN 1     11.22                     14.99  -3.77    17.53

SNOWFALL (IN)
  YESTERDAY        0.0           0.0    MM  MM     MM        0.0
  MONTH TO DATE    0.0                      MM     MM        0.0
  SINCE JUN 1      0.0                      MM     MM        0.0
  SINCE JUL 1      0.0                      MM     MM        0.0
  SNOW DEPTH       0

DEGREE DAYS
 HEATING
  YESTERDAY        0                         0      0        0
  MONTH TO DATE    1                         0      1        0
  SINCE JUN 1     13                        40    -27        7
  SINCE JUL 1      1                         5     -4        3

 COOLING
  YESTERDAY        4                         8     -4        8
  MONTH TO DATE   45                       111    -66      140
  SINCE JUN 1    657                       589     68      755
  SINCE JAN 1    689                       629     60      799
..................................................................


WIND (MPH)
  HIGHEST WIND SPEED    14   HIGHEST WIND DIRECTION     S (170)
  HIGHEST GUST SPEED    17   HIGHEST GUST DIRECTION     S (160)
  AVERAGE WIND SPEED     5.7


SKY COVER
  POSSIBLE SUNSHINE  MM
  AVERAGE SKY COVER 0.6


WEATHER CONDITIONS
 THE FOLLOWING WEATHER WAS RECORDED YESTERDAY.
  THUNDERSTORM
  HEAVY RAIN
  RAIN
  LIGHT RAIN
  FOG


RELATIVE HUMIDITY (PERCENT)
 HIGHEST   100           600 AM
 LOWEST     67           600 PM
 AVERAGE    84

..........................................................


THE MITCHELL SD CLIMATE NORMALS FOR TODAY
                         NORMAL    RECORD    YEAR
 MAXIMUM TEMPERATURE (F)   84       102      1937
                                             1935
 MINIMUM TEMPERATURE (F)   61        42      1929


SUNRISE AND SUNSET
AUGUST 14 2017........SUNRISE   636 AM CDT   SUNSET   837 PM CDT
AUGUST 15 2017........SUNRISE   637 AM CDT   SUNSET   835 PM CDT


-  INDICATES NEGATIVE NUMBERS.
R  INDICATES RECORD WAS SET OR TIED.
MM INDICATES DATA IS MISSING.
T  INDICATES TRACE AMOUNT.




$$
