000
CDUS43 KFSD 230638
CLIMHE


CLIMATE REPORT
NATIONAL WEATHER SERVICE SIOUX FALLS SD
137 AM CDT TUE AUG 23 2016


...................................

...THE MITCHELL SD CLIMATE SUMMARY FOR AUGUST 22 2016...

CLIMATE NORMAL PERIOD 1981 TO 2010
CLIMATE RECORD PERIOD 1893 TO 2016


WEATHER ITEM   OBSERVED TIME   RECORD YEAR NORMAL DEPARTURE LAST
                VALUE   (LST)  VALUE       VALUE  FROM      YEAR
                                                  NORMAL
..................................................................
TEMPERATURE (F)
 YESTERDAY
  MAXIMUM         91    429 PM 110    1938  83      8       80
  MINIMUM         62    615 AM  38    1923  60      2       58
  AVERAGE         77                        71      6       69

PRECIPITATION (IN)
  YESTERDAY        0.00          1.67 1954   0.08  -0.08     0.00
  MONTH TO DATE    3.31                      1.75   1.56     3.49
  SINCE JUN 1      6.89                      8.99  -2.10     9.67
  SINCE JAN 1     19.41                     15.72   3.69    16.76

SNOWFALL (IN)
  YESTERDAY        0.0           0.0    MM  MM     MM        0.0
  MONTH TO DATE    0.0                      MM     MM        0.0
  SINCE JUN 1      0.0                      MM     MM        0.0
  SINCE JUL 1      0.0                      MM     MM        0.0
  SNOW DEPTH       0

DEGREE DAYS
 HEATING
  YESTERDAY        0                         0      0        0
  MONTH TO DATE    0                         0      0       13
  SINCE JUN 1      7                        40    -33       18
  SINCE JUL 1      3                         5     -2       15

 COOLING
  YESTERDAY       12                         7      5        4
  MONTH TO DATE  207                       177     30      162
  SINCE JUN 1    822                       655    167      652
  SINCE JAN 1    866                       695    171      683
..................................................................


WIND (MPH)
  HIGHEST WIND SPEED    25   HIGHEST WIND DIRECTION     S (160)
  HIGHEST GUST SPEED    34   HIGHEST GUST DIRECTION     S (180)
  AVERAGE WIND SPEED    15.6


SKY COVER
  POSSIBLE SUNSHINE  MM
  AVERAGE SKY COVER 0.0


WEATHER CONDITIONS
 THE FOLLOWING WEATHER WAS RECORDED YESTERDAY.
  NO SIGNIFICANT WEATHER WAS OBSERVED.


RELATIVE HUMIDITY (PERCENT)
 HIGHEST    84           400 AM
 LOWEST     38           400 PM
 AVERAGE    61

..........................................................


THE MITCHELL SD CLIMATE NORMALS FOR TODAY
                         NORMAL    RECORD    YEAR
 MAXIMUM TEMPERATURE (F)   83       105      1936
 MINIMUM TEMPERATURE (F)   60        41      1927


SUNRISE AND SUNSET
AUGUST 23 2016........SUNRISE   646 AM CDT   SUNSET   822 PM CDT
AUGUST 24 2016........SUNRISE   647 AM CDT   SUNSET   821 PM CDT


-  INDICATES NEGATIVE NUMBERS.
R  INDICATES RECORD WAS SET OR TIED.
MM INDICATES DATA IS MISSING.
T  INDICATES TRACE AMOUNT.




$$
