000
CDUS43 KFSD 190630
CLIMHE


CLIMATE REPORT
NATIONAL WEATHER SERVICE SIOUX FALLS SD
129 AM CDT THU OCT 19 2017


...................................

...THE MITCHELL SD CLIMATE SUMMARY FOR OCTOBER 18 2017...

CLIMATE NORMAL PERIOD 1981 TO 2010
CLIMATE RECORD PERIOD 1893 TO 2017


WEATHER ITEM   OBSERVED TIME   RECORD YEAR NORMAL DEPARTURE LAST
                VALUE   (LST)  VALUE       VALUE  FROM      YEAR
                                                  NORMAL
..................................................................
TEMPERATURE (F)
 YESTERDAY
  MAXIMUM         71    122 PM  86    2005  61     10       68
                                      2003
  MINIMUM         41   1050 PM  17    1907  37      4       41
  AVERAGE         56                        49      7       55

PRECIPITATION (IN)
  YESTERDAY        0.00          1.17 1904   0.06  -0.06     0.00
  MONTH TO DATE    3.06                      1.11   1.95     1.93
  SINCE SEP 1      5.67                      3.43   2.24     4.08
  SINCE JAN 1     19.49                     19.78  -0.29    23.49

SNOWFALL (IN)
  YESTERDAY        0.0           2.0  1976  MM     MM        0.0
  MONTH TO DATE    0.0                      MM     MM         T
  SINCE SEP 1      0.0                      MM     MM         T
  SINCE JUL 1      0.0                      MM     MM         T
  SNOW DEPTH       0

DEGREE DAYS
 HEATING
  YESTERDAY        9                        16     -7       10
  MONTH TO DATE  210                       235    -25      184
  SINCE SEP 1    304                       376    -72      260
  SINCE JUL 1    306                       393    -87      268

 COOLING
  YESTERDAY        0                         0      0        0
  MONTH TO DATE    5                         7     -2        4
  SINCE SEP 1    118                        79     39      103
  SINCE JAN 1    888                       824     64     1035
..................................................................


WIND (MPH)
  HIGHEST WIND SPEED    32   HIGHEST WIND DIRECTION     N (360)
  HIGHEST GUST SPEED    41   HIGHEST GUST DIRECTION     N (10)
  AVERAGE WIND SPEED     9.5


SKY COVER
  POSSIBLE SUNSHINE  MM
  AVERAGE SKY COVER 0.0


WEATHER CONDITIONS
 THE FOLLOWING WEATHER WAS RECORDED YESTERDAY.
  NO SIGNIFICANT WEATHER WAS OBSERVED.


RELATIVE HUMIDITY (PERCENT)
 HIGHEST    89           600 AM
 LOWEST     16           400 PM
 AVERAGE    53

..........................................................


THE MITCHELL SD CLIMATE NORMALS FOR TODAY
                         NORMAL    RECORD    YEAR
 MAXIMUM TEMPERATURE (F)   61        88      2000
 MINIMUM TEMPERATURE (F)   37        10      1917


SUNRISE AND SUNSET
OCTOBER 19 2017.......SUNRISE   752 AM CDT   SUNSET   642 PM CDT
OCTOBER 20 2017.......SUNRISE   753 AM CDT   SUNSET   640 PM CDT


-  INDICATES NEGATIVE NUMBERS.
R  INDICATES RECORD WAS SET OR TIED.
MM INDICATES DATA IS MISSING.
T  INDICATES TRACE AMOUNT.




$$
