045
CDUS43 KFSD 210637
CLIMHE


CLIMATE REPORT
NATIONAL WEATHER SERVICE SIOUX FALLS SD
137 AM CDT WED JUN 21 2017


...................................

...THE MITCHELL SD CLIMATE SUMMARY FOR JUNE 20 2017...

CLIMATE NORMAL PERIOD 1981 TO 2010
CLIMATE RECORD PERIOD 1893 TO 2017


WEATHER ITEM   OBSERVED TIME   RECORD YEAR NORMAL DEPARTURE LAST
                VALUE   (LST)  VALUE       VALUE  FROM      YEAR
                                                  NORMAL
..................................................................
TEMPERATURE (F)
 YESTERDAY
  MAXIMUM         84    356 PM 105    1968  83      1       84
  MINIMUM         60    507 AM  41    1969  60      0       61
  AVERAGE         72                        71      1       73

PRECIPITATION (IN)
  YESTERDAY        0.00          2.90 1984   0.15  -0.15     0.00
  MONTH TO DATE    0.49                      3.05  -2.56     1.23
  SINCE JUN 1      0.49                      3.05  -2.56     1.23
  SINCE JAN 1      7.51                      9.78  -2.27    13.75

SNOWFALL (IN)
  YESTERDAY        0.0           0.0    MM  MM     MM        0.0
  MONTH TO DATE    0.0                      MM     MM        0.0
  SINCE JUN 1      0.0                      MM     MM        0.0
  SINCE JUL 1     30.6                      MM     MM       46.3
  SNOW DEPTH       0

DEGREE DAYS
 HEATING
  YESTERDAY        0                         1     -1        0
  MONTH TO DATE    0                        32    -32        4
  SINCE JUN 1      0                        32    -32        4
  SINCE JUL 1   6283                      7242   -959     6149

 COOLING
  YESTERDAY        7                         7      0        8
  MONTH TO DATE  185                        87     98      202
  SINCE JUN 1    185                        87     98      202
  SINCE JAN 1    217                       127     90      246
..................................................................


WIND (MPH)
  HIGHEST WIND SPEED    15   HIGHEST WIND DIRECTION     N (20)
  HIGHEST GUST SPEED    20   HIGHEST GUST DIRECTION    NE (30)
  AVERAGE WIND SPEED     8.4


SKY COVER
  POSSIBLE SUNSHINE  MM
  AVERAGE SKY COVER 0.0


WEATHER CONDITIONS
 THE FOLLOWING WEATHER WAS RECORDED YESTERDAY.
  NO SIGNIFICANT WEATHER WAS OBSERVED.


RELATIVE HUMIDITY (PERCENT)
 HIGHEST    67          1100 PM
 LOWEST     29           400 PM
 AVERAGE    48

..........................................................


THE MITCHELL SD CLIMATE NORMALS FOR TODAY
                         NORMAL    RECORD    YEAR
 MAXIMUM TEMPERATURE (F)   83       101      1988
                                             1940
 MINIMUM TEMPERATURE (F)   60        33      1902


SUNRISE AND SUNSET
JUNE 21 2017..........SUNRISE   550 AM CDT   SUNSET   918 PM CDT
JUNE 22 2017..........SUNRISE   551 AM CDT   SUNSET   918 PM CDT


-  INDICATES NEGATIVE NUMBERS.
R  INDICATES RECORD WAS SET OR TIED.
MM INDICATES DATA IS MISSING.
T  INDICATES TRACE AMOUNT.




$$
