504
CDUS43 KFSD 152232
CLIMHE


CLIMATE REPORT
NATIONAL WEATHER SERVICE SIOUX FALLS SD
432 PM CST SUN JAN 15 2017


...................................

...THE MITCHELL SD CLIMATE SUMMARY FOR JANUARY 15 2017...
VALID TODAY AS OF 0400 PM LOCAL TIME.

CLIMATE NORMAL PERIOD 1981 TO 2010
CLIMATE RECORD PERIOD 1893 TO 2017


WEATHER ITEM   OBSERVED TIME   RECORD YEAR NORMAL DEPARTURE LAST
                VALUE   (LST)  VALUE       VALUE  FROM      YEAR
                                                  NORMAL
..................................................................
TEMPERATURE (F)
 TODAY
  MAXIMUM         39    323 PM  58    1914  28     11       17
  MINIMUM          5    255 AM -30    1972   9     -4        9
  AVERAGE         22                        18      4       13

PRECIPITATION (IN)
  TODAY            0.00          0.20 2003   0.01  -0.01      T
                                      1909
  MONTH TO DATE    0.13                      0.10   0.03     0.14
  SINCE DEC 1      1.24                      0.55   0.69     1.17
  SINCE JAN 1      0.13                      0.10   0.03     0.14

SNOWFALL (IN)
  TODAY            0.0           3.1  2003  MM     MM         T
  MONTH TO DATE    2.0                      MM     MM        1.2
  SINCE DEC 1     10.1                      MM     MM       16.0
  SINCE JUL 1     15.6                      MM     MM       29.2
  SNOW DEPTH       2

DEGREE DAYS
 HEATING
  TODAY           43                        46     -3       52
  MONTH TO DATE  805                       701    104      727
  SINCE DEC 1   2193                      2068    125     1914
  SINCE JUL 1   3287                      3636   -349     3097

 COOLING
  TODAY            0                         0      0        0
  MONTH TO DATE    0                         0      0        0
  SINCE DEC 1      0                         0      0        0
  SINCE JAN 1      0                         0      0        0
..................................................................


WIND (MPH)
  HIGHEST WIND SPEED    14   HIGHEST WIND DIRECTION     S (170)
  HIGHEST GUST SPEED    16   HIGHEST GUST DIRECTION     S (170)
  AVERAGE WIND SPEED     6.9


SKY COVER
  POSSIBLE SUNSHINE  MM
  AVERAGE SKY COVER 0.0


WEATHER CONDITIONS
 THE FOLLOWING WEATHER WAS RECORDED TODAY.
  FOG


RELATIVE HUMIDITY (PERCENT)
 HIGHEST    96           300 AM
 LOWEST     59           300 PM
 AVERAGE    78

..........................................................


THE MITCHELL SD CLIMATE NORMALS FOR TOMORROW
                         NORMAL    RECORD    YEAR
 MAXIMUM TEMPERATURE (F)   28        53      1974
 MINIMUM TEMPERATURE (F)    9       -21      1953


SUNRISE AND SUNSET
JANUARY 15 2017.......SUNRISE   803 AM CST   SUNSET   521 PM CST
JANUARY 16 2017.......SUNRISE   802 AM CST   SUNSET   522 PM CST


-  INDICATES NEGATIVE NUMBERS.
R  INDICATES RECORD WAS SET OR TIED.
MM INDICATES DATA IS MISSING.
T  INDICATES TRACE AMOUNT.




$$
