029
CDUS43 KFSD 192229
CLIMHE


CLIMATE REPORT
NATIONAL WEATHER SERVICE SIOUX FALLS SD
429 PM CST FRI JAN 19 2018


...................................

...THE MITCHELL SD CLIMATE SUMMARY FOR JANUARY 19 2018...
VALID TODAY AS OF 0400 PM LOCAL TIME.

CLIMATE NORMAL PERIOD 1981 TO 2010
CLIMATE RECORD PERIOD 1893 TO 2018


WEATHER ITEM   OBSERVED TIME   RECORD YEAR NORMAL DEPARTURE LAST
                VALUE   (LST)  VALUE       VALUE  FROM      YEAR
                                                  NORMAL
..................................................................
TEMPERATURE (F)
 TODAY
  MAXIMUM         47    130 PM  60    1900  28     19       40
  MINIMUM         26    543 AM -38    1970   9     17       32
  AVERAGE         37                        19     18       36

PRECIPITATION (IN)
  TODAY            0.00          1.51 1988   0.01  -0.01     0.00
  MONTH TO DATE    0.13                      0.13   0.00     0.13
  SINCE DEC 1      0.75                      0.58   0.17     1.24
  SINCE JAN 1      0.13                      0.13   0.00     0.13

SNOWFALL (IN)
  TODAY            0.0          10.0  1988  MM     MM        0.0
  MONTH TO DATE    1.5                      MM     MM        2.0
  SINCE DEC 1     12.0                      MM     MM       10.1
  SINCE JUL 1     13.2                      MM     MM       15.6
  SNOW DEPTH       2

DEGREE DAYS
 HEATING
  TODAY           28                        46    -18       29
  MONTH TO DATE  970                       885     85      954
  SINCE DEC 1   2264                      2252     12     2342
  SINCE JUL 1   3653                      3820   -167     3436

 COOLING
  TODAY            0                         0      0        0
  MONTH TO DATE    0                         0      0        0
  SINCE DEC 1      0                         0      0        0
  SINCE JAN 1      0                         0      0        0
..................................................................


WIND (MPH)
  HIGHEST WIND SPEED    14   HIGHEST WIND DIRECTION    NW (310)
  HIGHEST GUST SPEED    17   HIGHEST GUST DIRECTION    NW (310)
  AVERAGE WIND SPEED     7.2


SKY COVER
  POSSIBLE SUNSHINE  MM
  AVERAGE SKY COVER 0.0


WEATHER CONDITIONS
 THE FOLLOWING WEATHER WAS RECORDED TODAY.
  NO SIGNIFICANT WEATHER WAS OBSERVED.


RELATIVE HUMIDITY (PERCENT)
 HIGHEST    92           200 AM
 LOWEST     65           100 PM
 AVERAGE    79

..........................................................


THE MITCHELL SD CLIMATE NORMALS FOR TOMORROW
                         NORMAL    RECORD    YEAR
 MAXIMUM TEMPERATURE (F)   28        65      1944
 MINIMUM TEMPERATURE (F)    9       -25      1985


SUNRISE AND SUNSET
JANUARY 19 2018.......SUNRISE   800 AM CST   SUNSET   526 PM CST
JANUARY 20 2018.......SUNRISE   800 AM CST   SUNSET   527 PM CST


-  INDICATES NEGATIVE NUMBERS.
R  INDICATES RECORD WAS SET OR TIED.
MM INDICATES DATA IS MISSING.
T  INDICATES TRACE AMOUNT.




$$
