498
CDUS43 KFSD 270644
CLIMHE


CLIMATE REPORT
NATIONAL WEATHER SERVICE SIOUX FALLS SD
144 AM CDT FRI MAY 27 2016


...................................

...THE MITCHELL SD CLIMATE SUMMARY FOR MAY 26 2016...

CLIMATE NORMAL PERIOD 1981 TO 2010
CLIMATE RECORD PERIOD 1893 TO 2016


WEATHER ITEM   OBSERVED TIME   RECORD YEAR NORMAL DEPARTURE LAST
                VALUE   (LST)  VALUE       VALUE  FROM      YEAR
                                                  NORMAL
..................................................................
TEMPERATURE (F)
 YESTERDAY
  MAXIMUM         77    450 PM 102    1967  74      3       78
  MINIMUM         55    506 AM  32    1971  51      4       52
  AVERAGE         66                        62      4       65

PRECIPITATION (IN)
  YESTERDAY        0.00          2.28 1908   0.14  -0.14     0.00
  MONTH TO DATE    2.67                      2.18   0.49     4.46
  SINCE MAR 1      9.40                      5.42   3.98     6.01
  SINCE JAN 1     10.63                      5.98   4.65     6.78

SNOWFALL (IN)
  YESTERDAY        0.0           0.0    MM  MM     MM        0.0
  MONTH TO DATE    0.0                      MM     MM        0.0
  SINCE MAR 1      3.9                      MM     MM        0.7
  SINCE JUL 1     46.3                      MM     MM       22.6
  SNOW DEPTH       0

DEGREE DAYS
 HEATING
  YESTERDAY        0                         4     -4        0
  MONTH TO DATE  161                       191    -30      188
  SINCE MAR 1   1354                      1669   -315     1352
  SINCE JUL 1   6143                      7191  -1048     6842

 COOLING
  YESTERDAY        1                         2     -1        0
  MONTH TO DATE   28                        26      2       11
  SINCE MAR 1     32                        28      4       17
  SINCE JAN 1     32                        28      4       17
..................................................................


WIND (MPH)
  HIGHEST WIND SPEED    16   HIGHEST WIND DIRECTION    SE (130)
  HIGHEST GUST SPEED    19   HIGHEST GUST DIRECTION    SE (130)
  AVERAGE WIND SPEED     5.4


SKY COVER
  POSSIBLE SUNSHINE  MM
  AVERAGE SKY COVER 0.0


WEATHER CONDITIONS
 THE FOLLOWING WEATHER WAS RECORDED YESTERDAY.
  NO SIGNIFICANT WEATHER WAS OBSERVED.


RELATIVE HUMIDITY (PERCENT)
 HIGHEST    90          1200 AM
 LOWEST     46          1200 PM
 AVERAGE    68

..........................................................


THE MITCHELL SD CLIMATE NORMALS FOR TODAY
                         NORMAL    RECORD    YEAR
 MAXIMUM TEMPERATURE (F)   74        95      1969
 MINIMUM TEMPERATURE (F)   52        29      1907


SUNRISE AND SUNSET
MAY 27 2016...........SUNRISE   556 AM CDT   SUNSET   903 PM CDT
MAY 28 2016...........SUNRISE   555 AM CDT   SUNSET   904 PM CDT


-  INDICATES NEGATIVE NUMBERS.
R  INDICATES RECORD WAS SET OR TIED.
MM INDICATES DATA IS MISSING.
T  INDICATES TRACE AMOUNT.




$$
