000
CDUS43 KFSD 301245
CLIMHE


CLIMATE REPORT
NATIONAL WEATHER SERVICE SIOUX FALLS SD
745 AM CDT FRI SEP 30 2016


...................................

...THE MITCHELL SD CLIMATE SUMMARY FOR SEPTEMBER 29 2016...

CLIMATE NORMAL PERIOD 1981 TO 2010
CLIMATE RECORD PERIOD 1893 TO 2016


WEATHER ITEM   OBSERVED TIME   RECORD YEAR NORMAL DEPARTURE LAST
                VALUE   (LST)  VALUE       VALUE  FROM      YEAR
                                                  NORMAL
..................................................................
TEMPERATURE (F)
 YESTERDAY
  MAXIMUM         70    427 PM  93    1991  70      0       73
  MINIMUM         36    623 AM  11    1899  43     -7       49
  AVERAGE         53                        57     -4       61

PRECIPITATION (IN)
  YESTERDAY        0.00          0.53 2007   0.08  -0.08     0.00
  MONTH TO DATE    2.15                      2.25  -0.10     1.50
  SINCE SEP 1      2.15                      2.25  -0.10     1.50
  SINCE JAN 1     21.56                     18.60   2.96    18.43

SNOWFALL (IN)
  YESTERDAY        0.0           0.0  2002  MM     MM        0.0
                                      2001
                                      2000
  MONTH TO DATE    0.0                      MM     MM        0.0
  SINCE SEP 1      0.0                      MM     MM        0.0
  SINCE JUL 1      0.0                      MM     MM        0.0
  SNOW DEPTH       0

DEGREE DAYS
 HEATING
  YESTERDAY       12                         9      3        4
  MONTH TO DATE   71                       132    -61       51
  SINCE SEP 1     71                       132    -61       51
  SINCE JUL 1     79                       149    -70       79

 COOLING
  YESTERDAY        0                         1     -1        0
  MONTH TO DATE   99                        72     27      159
  SINCE SEP 1     99                        72     27      159
  SINCE JAN 1   1031                       817    214      883
..................................................................


WIND (MPH)
  HIGHEST WIND SPEED    14   HIGHEST WIND DIRECTION    SE (150)
  HIGHEST GUST SPEED    19   HIGHEST GUST DIRECTION     S (160)
  AVERAGE WIND SPEED     4.8


SKY COVER
  POSSIBLE SUNSHINE  MM
  AVERAGE SKY COVER 0.2


WEATHER CONDITIONS
 THE FOLLOWING WEATHER WAS RECORDED YESTERDAY.
  FOG
  FOG W/VISIBILITY <= 1/4 MILE


RELATIVE HUMIDITY (PERCENT)
 HIGHEST   100           400 AM
 LOWEST     44           200 PM
 AVERAGE    72

..........................................................


THE MITCHELL SD CLIMATE NORMALS FOR TODAY
                         NORMAL    RECORD    YEAR
 MAXIMUM TEMPERATURE (F)   70        91      1992
                                             1932
 MINIMUM TEMPERATURE (F)   43        14      1899


SUNRISE AND SUNSET
SEPTEMBER 30 2016.....SUNRISE   729 AM CDT   SUNSET   714 PM CDT
OCTOBER  1 2016.......SUNRISE   730 AM CDT   SUNSET   712 PM CDT


-  INDICATES NEGATIVE NUMBERS.
R  INDICATES RECORD WAS SET OR TIED.
MM INDICATES DATA IS MISSING.
T  INDICATES TRACE AMOUNT.




$$
