057
CDUS43 KFSD 040632
CLIMHE


CLIMATE REPORT
NATIONAL WEATHER SERVICE SIOUX FALLS SD
1232 AM CST THU FEB 4 2016


...................................

...THE MITCHELL SD CLIMATE SUMMARY FOR FEBRUARY 3 2016...

CLIMATE NORMAL PERIOD 1981 TO 2010
CLIMATE RECORD PERIOD 1893 TO 2016


WEATHER ITEM   OBSERVED TIME   RECORD YEAR NORMAL DEPARTURE LAST
                VALUE   (LST)  VALUE       VALUE  FROM      YEAR
                                                  NORMAL
..................................................................
TEMPERATURE (F)
 YESTERDAY
  MAXIMUM         28    508 PM  67    1962  30     -2       22
  MINIMUM         16    929 AM -36    1996  11      5        7
  AVERAGE         22                        21      1       15

PRECIPITATION (IN)
  YESTERDAY        T             0.60 1924   0.01  -0.01      T
  MONTH TO DATE    0.06                      0.04   0.02     0.18
  SINCE DEC 1      1.54                      0.71   0.83     1.93
  SINCE JAN 1      0.51                      0.26   0.25     0.71

SNOWFALL (IN)
  YESTERDAY        T             6.0  1924  MM     MM         T
  MONTH TO DATE    0.9                      MM     MM        2.6
  SINCE DEC 1     22.0                      MM     MM       16.1
  SINCE JUL 1     35.2                      MM     MM       21.7
  SNOW DEPTH       4

DEGREE DAYS
 HEATING
  YESTERDAY       43                        44     -1       50
  MONTH TO DATE  117                       134    -17      168
  SINCE DEC 1   2735                      2933   -198     2706
  SINCE JUL 1   3918                      4501   -583     4362

 COOLING
  YESTERDAY        0                         0      0        0
  MONTH TO DATE    0                         0      0        0
  SINCE DEC 1      0                         0      0        0
  SINCE JAN 1      0                         0      0        0
..................................................................


WIND (MPH)
  HIGHEST WIND SPEED    29   HIGHEST WIND DIRECTION     N (350)
  HIGHEST GUST SPEED    36   HIGHEST GUST DIRECTION     N (350)
  AVERAGE WIND SPEED    13.3


SKY COVER
  POSSIBLE SUNSHINE  MM
  AVERAGE SKY COVER 0.6


WEATHER CONDITIONS
 THE FOLLOWING WEATHER WAS RECORDED YESTERDAY.
  LIGHT SNOW
  FOG


RELATIVE HUMIDITY (PERCENT)
 HIGHEST    84          1200 AM
 LOWEST     63           300 PM
 AVERAGE    74

..........................................................


THE MITCHELL SD CLIMATE NORMALS FOR TODAY
                         NORMAL    RECORD    YEAR
 MAXIMUM TEMPERATURE (F)   31        64      2005
 MINIMUM TEMPERATURE (F)   11       -30      1902


SUNRISE AND SUNSET
FEBRUARY  4 2016......SUNRISE   746 AM CST   SUNSET   547 PM CST
FEBRUARY  5 2016......SUNRISE   745 AM CST   SUNSET   548 PM CST


-  INDICATES NEGATIVE NUMBERS.
R  INDICATES RECORD WAS SET OR TIED.
MM INDICATES DATA IS MISSING.
T  INDICATES TRACE AMOUNT.




$$
