990
CDUS43 KFSD 220623
CLIMHE


CLIMATE REPORT
NATIONAL WEATHER SERVICE SIOUX FALLS SD
122 AM CDT SUN MAY 22 2016


...................................

...THE MITCHELL SD CLIMATE SUMMARY FOR MAY 21 2016...

CLIMATE NORMAL PERIOD 1981 TO 2010
CLIMATE RECORD PERIOD 1893 TO 2016


WEATHER ITEM   OBSERVED TIME   RECORD YEAR NORMAL DEPARTURE LAST
                VALUE   (LST)  VALUE       VALUE  FROM      YEAR
                                                  NORMAL
..................................................................
TEMPERATURE (F)
 YESTERDAY
  MAXIMUM         73    336 PM  97    1964  72      1       76
  MINIMUM         50    146 AM  23    1931  50      0       43
  AVERAGE         62                        61      1       60

PRECIPITATION (IN)
  YESTERDAY        0.02          2.08 1977   0.10  -0.08     0.00
  MONTH TO DATE    1.02                      1.63  -0.61     4.01
  SINCE MAR 1      7.75                      4.87   2.88     5.56
  SINCE JAN 1      8.98                      5.43   3.55     6.33

SNOWFALL (IN)
  YESTERDAY        0.0           0.0    MM  MM     MM        0.0
  MONTH TO DATE    0.0                      MM     MM        0.0
  SINCE MAR 1      3.9                      MM     MM        0.7
  SINCE JUL 1     46.3                      MM     MM       22.6
  SNOW DEPTH       0

DEGREE DAYS
 HEATING
  YESTERDAY        3                         5     -2        5
  MONTH TO DATE  161                       168     -7      170
  SINCE MAR 1   1354                      1646   -292     1334
  SINCE JUL 1   6143                      7168  -1025     6824

 COOLING
  YESTERDAY        0                         1     -1        0
  MONTH TO DATE    8                        18    -10       11
  SINCE MAR 1     12                        20     -8       17
  SINCE JAN 1     12                        20     -8       17
..................................................................


WIND (MPH)
  HIGHEST WIND SPEED    26   HIGHEST WIND DIRECTION     S (160)
  HIGHEST GUST SPEED    32   HIGHEST GUST DIRECTION    SE (140)
  AVERAGE WIND SPEED    16.2


SKY COVER
  POSSIBLE SUNSHINE  MM
  AVERAGE SKY COVER 0.2


WEATHER CONDITIONS
 THE FOLLOWING WEATHER WAS RECORDED YESTERDAY.
  LIGHT RAIN


RELATIVE HUMIDITY (PERCENT)
 HIGHEST    89           100 AM
 LOWEST     44           600 PM
 AVERAGE    67

..........................................................


THE MITCHELL SD CLIMATE NORMALS FOR TODAY
                         NORMAL    RECORD    YEAR
 MAXIMUM TEMPERATURE (F)   73        95      1967
                                             1964
 MINIMUM TEMPERATURE (F)   50        26      1963


SUNRISE AND SUNSET
MAY 22 2016...........SUNRISE   600 AM CDT   SUNSET   859 PM CDT
MAY 23 2016...........SUNRISE   559 AM CDT   SUNSET   900 PM CDT


-  INDICATES NEGATIVE NUMBERS.
R  INDICATES RECORD WAS SET OR TIED.
MM INDICATES DATA IS MISSING.
T  INDICATES TRACE AMOUNT.




$$
