000
CDUS43 KFSD 212224
CLIMHE


CLIMATE REPORT
NATIONAL WEATHER SERVICE SIOUX FALLS SD
524 PM CDT TUE OCT 21 2014


...................................

...THE MITCHELL SD CLIMATE SUMMARY FOR OCTOBER 21 2014...
VALID TODAY AS OF 0500 PM LOCAL TIME.

CLIMATE NORMAL PERIOD 1981 TO 2010
CLIMATE RECORD PERIOD 1893 TO 2014


WEATHER ITEM   OBSERVED TIME   RECORD YEAR NORMAL DEPARTURE LAST
                VALUE   (LST)  VALUE       VALUE  FROM      YEAR
                                                  NORMAL
..................................................................
TEMPERATURE (F)
 TODAY
  MAXIMUM         81    333 PM  91    1927  60     21       50
  MINIMUM         43    143 AM  10    1913  36      7       31
  AVERAGE         62                        48     14       41

PRECIPITATION (IN)
  TODAY            0.00          0.97 1959   0.05  -0.05     0.05
  MONTH TO DATE    0.08                      1.26  -1.18     4.11
  SINCE SEP 1      1.82                      3.58  -1.76     6.55
  SINCE JAN 1     16.92                     19.93  -3.01    25.04

SNOWFALL (IN)
  TODAY            0.0           1.0  1936  MM     MM        0.0
  MONTH TO DATE    0.0                      MM     MM        0.0
  SINCE SEP 1      0.0                      MM     MM        0.0
  SINCE JUL 1      0.0                      MM     MM        0.0
  SNOW DEPTH       0

DEGREE DAYS
 HEATING
  TODAY            3                        17    -14       24
  MONTH TO DATE  249                       285    -36      270
  SINCE SEP 1    367                       426    -59      308
  SINCE JUL 1    379                       443    -64      331

 COOLING
  TODAY            0                         0      0        0
  MONTH TO DATE    0                         7     -7        2
  SINCE SEP 1     78                        79     -1      165
  SINCE JAN 1    724                       824   -100      946
..................................................................


WIND (MPH)
  HIGHEST WIND SPEED    26   HIGHEST WIND DIRECTION     S (170)
  HIGHEST GUST SPEED    34   HIGHEST GUST DIRECTION     S (180)
  AVERAGE WIND SPEED    12.7


SKY COVER
  POSSIBLE SUNSHINE  MM
  AVERAGE SKY COVER 0.0


WEATHER CONDITIONS
 THE FOLLOWING WEATHER WAS RECORDED TODAY.
  NO SIGNIFICANT WEATHER WAS OBSERVED.


RELATIVE HUMIDITY (PERCENT)
 HIGHEST    71          1200 AM
 LOWEST     21           400 PM
 AVERAGE    46

..........................................................


THE MITCHELL SD CLIMATE NORMALS FOR TOMORROW
                         NORMAL    RECORD    YEAR
 MAXIMUM TEMPERATURE (F)   59        86      2003
 MINIMUM TEMPERATURE (F)   36        16      1937
                                             1936


SUNRISE AND SUNSET
OCTOBER 21 2014.......SUNRISE   754 AM CDT   SUNSET   639 PM CDT
OCTOBER 22 2014.......SUNRISE   755 AM CDT   SUNSET   637 PM CDT


-  INDICATES NEGATIVE NUMBERS.
R  INDICATES RECORD WAS SET OR TIED.
MM INDICATES DATA IS MISSING.
T  INDICATES TRACE AMOUNT.




$$
