000
CDUS43 KFSD 270027
CLIMHE


CLIMATE REPORT
NATIONAL WEATHER SERVICE SIOUX FALLS SD
727 PM CDT TUE AUG 26 2014


...................................

...THE MITCHELL SD CLIMATE SUMMARY FOR AUGUST 26 2014...
VALID AS OF 0700 PM LOCAL TIME.

CLIMATE NORMAL PERIOD 1981 TO 2010
CLIMATE RECORD PERIOD 1893 TO 2014


WEATHER ITEM   OBSERVED TIME   RECORD YEAR NORMAL DEPARTURE LAST
                VALUE   (LST)  VALUE       VALUE  FROM      YEAR
                                                  NORMAL
..................................................................
TEMPERATURE (F)
 TODAY
  MAXIMUM         75    434 PM 106    1976  82     -7       94
  MINIMUM         49    612 AM  39    1910  59    -10       77
  AVERAGE         62                        70     -8       86

PRECIPITATION (IN)
  TODAY            0.00          1.66 1944   0.07  -0.07     0.00
  MONTH TO DATE    3.81                      2.02   1.79     2.54
  SINCE JUN 1      9.36                      9.26   0.10     8.54
  SINCE JAN 1     14.09                     15.99  -1.90    18.49

SNOWFALL (IN)
  TODAY            0.0           0.0    MM  MM     MM        0.0
  MONTH TO DATE    0.0                      MM     MM        0.0
  SINCE JUN 1      0.0                      MM     MM        0.0
  SINCE JUL 1      0.0                      MM     MM        0.0
  SNOW DEPTH       0

DEGREE DAYS
 HEATING
  TODAY            3                         1      2        0
  MONTH TO DATE    3                         1      2        3
  SINCE JUN 1     38                        41     -3       73
  SINCE JUL 1     12                         6      6       23

 COOLING
  TODAY            0                         6     -6       21
  MONTH TO DATE  167                       201    -34      184
  SINCE JUN 1    541                       679   -138      639
  SINCE JAN 1    619                       719   -100      696
..................................................................


WIND (MPH)
  HIGHEST WIND SPEED     9   HIGHEST WIND DIRECTION     E (110)
  HIGHEST GUST SPEED    12   HIGHEST GUST DIRECTION     N (20)
  AVERAGE WIND SPEED     4.1


SKY COVER
  POSSIBLE SUNSHINE  MM
  AVERAGE SKY COVER 0.1


WEATHER CONDITIONS
 THE FOLLOWING WEATHER WAS RECORDED TODAY.
  NO SIGNIFICANT WEATHER WAS OBSERVED.


RELATIVE HUMIDITY (PERCENT)
 HIGHEST    96           300 AM
 LOWEST     53           300 PM
 AVERAGE    75

..........................................................


THE MITCHELL SD CLIMATE NORMALS FOR TOMORROW
                         NORMAL    RECORD    YEAR
 MAXIMUM TEMPERATURE (F)   82       104      1926
 MINIMUM TEMPERATURE (F)   58        40      1896


SUNRISE AND SUNSET
AUGUST 26 2014........SUNRISE   649 AM CDT   SUNSET   818 PM CDT
AUGUST 27 2014........SUNRISE   650 AM CDT   SUNSET   816 PM CDT


-  INDICATES NEGATIVE NUMBERS.
R  INDICATES RECORD WAS SET OR TIED.
MM INDICATES DATA IS MISSING.
T  INDICATES TRACE AMOUNT.




$$
