000
CDUS43 KFSD 080639
CLIMHE


CLIMATE REPORT
NATIONAL WEATHER SERVICE SIOUX FALLS SD
1237 AM CST WED NOV 8 2017


...................................

...THE MITCHELL SD CLIMATE SUMMARY FOR NOVEMBER 7 2017...

CLIMATE NORMAL PERIOD 1981 TO 2010
CLIMATE RECORD PERIOD 1893 TO 2017


WEATHER ITEM   OBSERVED TIME   RECORD YEAR NORMAL DEPARTURE LAST
                VALUE   (LST)  VALUE       VALUE  FROM      YEAR
                                                  NORMAL
..................................................................
TEMPERATURE (F)
 YESTERDAY
  MAXIMUM         31    834 PM  75    1999  50    -19       66
  MINIMUM         25    227 AM -11    1991  29     -4       41
  AVERAGE         28                        39    -11       54

PRECIPITATION (IN)
  YESTERDAY        0.00          0.87 1944   0.03  -0.03      T
  MONTH TO DATE    0.10                      0.29  -0.19      T
  SINCE SEP 1      5.78                      4.23   1.55     4.10
  SINCE JAN 1     19.60                     20.58  -0.98    23.51

SNOWFALL (IN)
  YESTERDAY        0.0           3.0  2000  MM     MM        0.0
                                      1943
  MONTH TO DATE    1.2                      MM     MM        0.0
  SINCE SEP 1      1.2                      MM     MM         T
  SINCE JUL 1      1.2                      MM     MM         T
  SNOW DEPTH       1

DEGREE DAYS
 HEATING
  YESTERDAY       37                        26     11       11
  MONTH TO DATE  218                       169     49       69
  SINCE SEP 1    756                       793    -37      512
  SINCE JUL 1    758                       810    -52      520

 COOLING
  YESTERDAY        0                         0      0        0
  MONTH TO DATE    0                         0      0        0
  SINCE SEP 1    120                        79     41      104
  SINCE JAN 1    890                       824     66     1036
..................................................................


WIND (MPH)
  HIGHEST WIND SPEED    12   HIGHEST WIND DIRECTION     N (20)
  HIGHEST GUST SPEED    13   HIGHEST GUST DIRECTION     N (20)
  AVERAGE WIND SPEED     6.0


SKY COVER
  POSSIBLE SUNSHINE  MM
  AVERAGE SKY COVER 0.9


WEATHER CONDITIONS
 THE FOLLOWING WEATHER WAS RECORDED YESTERDAY.
  FOG


RELATIVE HUMIDITY (PERCENT)
 HIGHEST   100           200 AM
 LOWEST     85          1200 PM
 AVERAGE    93

..........................................................


THE MITCHELL SD CLIMATE NORMALS FOR TODAY
                         NORMAL    RECORD    YEAR
 MAXIMUM TEMPERATURE (F)   49        82      1999
 MINIMUM TEMPERATURE (F)   28        -9      1991


SUNRISE AND SUNSET
NOVEMBER  8 2017......SUNRISE   718 AM CST   SUNSET   514 PM CST
NOVEMBER  9 2017......SUNRISE   719 AM CST   SUNSET   512 PM CST


-  INDICATES NEGATIVE NUMBERS.
R  INDICATES RECORD WAS SET OR TIED.
MM INDICATES DATA IS MISSING.
T  INDICATES TRACE AMOUNT.




$$
