000
CDUS43 KFSD 290642
CLIMHE


CLIMATE REPORT
NATIONAL WEATHER SERVICE SIOUX FALLS SD
1239 AM CST TUE NOV 29 2016


...................................

...THE MITCHELL SD CLIMATE SUMMARY FOR NOVEMBER 28 2016...

CLIMATE NORMAL PERIOD 1981 TO 2010
CLIMATE RECORD PERIOD 1893 TO 2016


WEATHER ITEM   OBSERVED TIME   RECORD YEAR NORMAL DEPARTURE LAST
                VALUE   (LST)  VALUE       VALUE  FROM      YEAR
                                                  NORMAL
..................................................................
TEMPERATURE (F)
 YESTERDAY
  MAXIMUM         44   1218 AM  71    1941  36      8       36
  MINIMUM         32   1159 PM -10    1896  17     15       11
  AVERAGE         38                        27     11       24

PRECIPITATION (IN)
  YESTERDAY        0.44          1.12 1960   0.01   0.43     0.00
  MONTH TO DATE    1.61                      0.74   0.87     1.80
  SINCE SEP 1      5.71                      4.68   1.03     4.84
  SINCE JAN 1     25.12                     21.03   4.09    21.77

SNOWFALL (IN)
  YESTERDAY        0.4           7.0  1983  MM     MM        0.0
  MONTH TO DATE    4.6                      MM     MM        6.0
  SINCE SEP 1      4.6                      MM     MM        6.0
  SINCE JUL 1      4.6                      MM     MM        6.0
  SNOW DEPTH       0

DEGREE DAYS
 HEATING
  YESTERDAY       27                        38    -11       41
  MONTH TO DATE  578                       849   -271      691
  SINCE SEP 1   1021                      1473   -452     1085
  SINCE JUL 1   1029                      1490   -461     1113

 COOLING
  YESTERDAY        0                         0      0        0
  MONTH TO DATE    0                         0      0        0
  SINCE SEP 1    104                        79     25      170
  SINCE JAN 1   1036                       824    212      894
..................................................................


WIND (MPH)
  HIGHEST WIND SPEED    28   HIGHEST WIND DIRECTION     W (290)
  HIGHEST GUST SPEED    34   HIGHEST GUST DIRECTION     W (280)
  AVERAGE WIND SPEED    18.8


SKY COVER
  POSSIBLE SUNSHINE  MM
  AVERAGE SKY COVER 1.0


WEATHER CONDITIONS
 THE FOLLOWING WEATHER WAS RECORDED YESTERDAY.
  RAIN
  LIGHT RAIN
  LIGHT SNOW
  FOG


RELATIVE HUMIDITY (PERCENT)
 HIGHEST   100          1200 AM
 LOWEST     89           800 PM
 AVERAGE    95

..........................................................


THE MITCHELL SD CLIMATE NORMALS FOR TODAY
                         NORMAL    RECORD    YEAR
 MAXIMUM TEMPERATURE (F)   36        63      1932
 MINIMUM TEMPERATURE (F)   17       -16      1896


SUNRISE AND SUNSET
NOVEMBER 29 2016......SUNRISE   744 AM CST   SUNSET   457 PM CST
NOVEMBER 30 2016......SUNRISE   746 AM CST   SUNSET   456 PM CST


-  INDICATES NEGATIVE NUMBERS.
R  INDICATES RECORD WAS SET OR TIED.
MM INDICATES DATA IS MISSING.
T  INDICATES TRACE AMOUNT.




$$
