000
CDUS43 KFSD 082236
CLIMHE


CLIMATE REPORT
NATIONAL WEATHER SERVICE SIOUX FALLS SD
436 PM CST THU FEB 8 2018


...................................

...THE MITCHELL SD CLIMATE SUMMARY FOR FEBRUARY 8 2018...
VALID TODAY AS OF 0400 PM LOCAL TIME.

CLIMATE NORMAL PERIOD 1981 TO 2010
CLIMATE RECORD PERIOD 1893 TO 2018


WEATHER ITEM   OBSERVED TIME   RECORD YEAR NORMAL DEPARTURE LAST
                VALUE   (LST)  VALUE       VALUE  FROM      YEAR
                                                  NORMAL
..................................................................
TEMPERATURE (F)
 TODAY
  MAXIMUM         16    359 PM  66    1987  32    -16       18
  MINIMUM          2    550 AM -30    1933  12    -10        5
                                      1899
  AVERAGE          9                        22    -13       12

PRECIPITATION (IN)
  TODAY           MM             0.26 1994   0.01  MM        0.00
  MONTH TO DATE    0.05                      0.10  -0.05      T
  SINCE DEC 1      0.83                      0.77   0.06     1.87
  SINCE JAN 1      0.21                      0.32  -0.11     0.76

SNOWFALL (IN)
  TODAY           MM             4.0  1994  MM     MM        0.0
  MONTH TO DATE    0.7                      MM     MM         T
  SINCE DEC 1     13.2                      MM     MM       17.5
  SINCE JUL 1     14.4                      MM     MM       23.0
  SNOW DEPTH       1

DEGREE DAYS
 HEATING
  TODAY           56                        43     13       53
  MONTH TO DATE  441                       353     88      357
  SINCE DEC 1   3172                      3152     20     3112
  SINCE JUL 1   4561                      4720   -159     4206

 COOLING
  TODAY            0                         0      0        0
  MONTH TO DATE    0                         0      0        0
  SINCE DEC 1      0                         0      0        0
  SINCE JAN 1      0                         0      0        0
..................................................................


WIND (MPH)
  HIGHEST WIND SPEED    10   HIGHEST WIND DIRECTION     E (90)
  HIGHEST GUST SPEED    12   HIGHEST GUST DIRECTION     E (90)
  AVERAGE WIND SPEED     5.2


SKY COVER
  POSSIBLE SUNSHINE  MM
  AVERAGE SKY COVER 0.8


WEATHER CONDITIONS
 THE FOLLOWING WEATHER WAS RECORDED TODAY.
  SNOW
  LIGHT SNOW
  FOG
  HAZE


RELATIVE HUMIDITY (PERCENT)
 HIGHEST    96           500 AM
 LOWEST     80          1200 AM
 AVERAGE    88

..........................................................


THE MITCHELL SD CLIMATE NORMALS FOR TOMORROW
                         NORMAL    RECORD    YEAR
 MAXIMUM TEMPERATURE (F)   32        64      1999
                                             1991
 MINIMUM TEMPERATURE (F)   12       -40      1994


SUNRISE AND SUNSET
FEBRUARY  8 2018......SUNRISE   740 AM CST   SUNSET   553 PM CST
FEBRUARY  9 2018......SUNRISE   739 AM CST   SUNSET   554 PM CST


-  INDICATES NEGATIVE NUMBERS.
R  INDICATES RECORD WAS SET OR TIED.
MM INDICATES DATA IS MISSING.
T  INDICATES TRACE AMOUNT.




$$
