000
CDUS43 KFSD 150819
CLIMHE


CLIMATE REPORT
NATIONAL WEATHER SERVICE SIOUX FALLS SD
318 AM CDT FRI JUL 15 2016


...................................

...THE MITCHELL SD CLIMATE SUMMARY FOR JULY 14 2016...

CLIMATE NORMAL PERIOD 1981 TO 2010
CLIMATE RECORD PERIOD 1893 TO 2016


WEATHER ITEM   OBSERVED TIME   RECORD YEAR NORMAL DEPARTURE LAST
                VALUE   (LST)  VALUE       VALUE  FROM      YEAR
                                                  NORMAL
..................................................................
TEMPERATURE (F)
 YESTERDAY
  MAXIMUM         81    328 PM 105    1931  87     -6       89
  MINIMUM         58   1159 PM  40    1900  63     -5       64
  AVERAGE         70                        75     -5       77

PRECIPITATION (IN)
  YESTERDAY        0.00          4.35 1929   0.10  -0.10     0.00
  MONTH TO DATE    0.70                      1.52  -0.82     1.34
  SINCE JUN 1      2.74                      5.65  -2.91     5.25
  SINCE JAN 1     15.26                     12.38   2.88    12.34

SNOWFALL (IN)
  YESTERDAY        0.0           0.0    MM  MM     MM        0.0
  MONTH TO DATE    0.0                      MM     MM        0.0
  SINCE JUN 1      0.0                      MM     MM        0.0
  SINCE JUL 1      0.0                      MM     MM        0.0
  SNOW DEPTH       0

DEGREE DAYS
 HEATING
  YESTERDAY        0                         0      0        0
  MONTH TO DATE    3                         0      3        2
  SINCE JUN 1      7                        35    -28        5
  SINCE JUL 1      3                         0      3        2

 COOLING
  YESTERDAY        5                        10     -5       12
  MONTH TO DATE  122                       138    -16      117
  SINCE JUN 1    406                       308     98      314
  SINCE JAN 1    450                       348    102      345
..................................................................


WIND (MPH)
  HIGHEST WIND SPEED    22   HIGHEST WIND DIRECTION    NW (320)
  HIGHEST GUST SPEED    31   HIGHEST GUST DIRECTION    NW (330)
  AVERAGE WIND SPEED    10.7


SKY COVER
  POSSIBLE SUNSHINE  MM
  AVERAGE SKY COVER 0.1


WEATHER CONDITIONS
 THE FOLLOWING WEATHER WAS RECORDED YESTERDAY.
  NO SIGNIFICANT WEATHER WAS OBSERVED.


RELATIVE HUMIDITY (PERCENT)
 HIGHEST    84          1000 PM
 LOWEST     39           300 PM
 AVERAGE    62

..........................................................


THE MITCHELL SD CLIMATE NORMALS FOR TODAY
                         NORMAL    RECORD    YEAR
 MAXIMUM TEMPERATURE (F)   87       109      1936
 MINIMUM TEMPERATURE (F)   63        40      1912


SUNRISE AND SUNSET
JULY 15 2016..........SUNRISE   605 AM CDT   SUNSET   911 PM CDT
JULY 16 2016..........SUNRISE   605 AM CDT   SUNSET   911 PM CDT


-  INDICATES NEGATIVE NUMBERS.
R  INDICATES RECORD WAS SET OR TIED.
MM INDICATES DATA IS MISSING.
T  INDICATES TRACE AMOUNT.




$$
