579
CDUS43 KFSD 170622
CLIMHE


CLIMATE REPORT
NATIONAL WEATHER SERVICE SIOUX FALLS SD
1221 AM CST TUE JAN 17 2017


...................................

...THE MITCHELL SD CLIMATE SUMMARY FOR JANUARY 16 2017...

CLIMATE NORMAL PERIOD 1981 TO 2010
CLIMATE RECORD PERIOD 1893 TO 2017


WEATHER ITEM   OBSERVED TIME   RECORD YEAR NORMAL DEPARTURE LAST
                VALUE   (LST)  VALUE       VALUE  FROM      YEAR
                                                  NORMAL
..................................................................
TEMPERATURE (F)
 YESTERDAY
  MAXIMUM         28    400 PM  53    1974  28      0       13
  MINIMUM         11   1159 PM -21    1953   9      2      -12
  AVERAGE         20                        18      2        1

PRECIPITATION (IN)
  YESTERDAY        0.00          0.24 1985   0.01  -0.01     0.06
  MONTH TO DATE    0.13                      0.11   0.02     0.20
  SINCE DEC 1      1.24                      0.56   0.68     1.23
  SINCE JAN 1      0.13                      0.11   0.02     0.20

SNOWFALL (IN)
  YESTERDAY        0.0           4.0  1941  MM     MM        1.0
  MONTH TO DATE    2.0                      MM     MM        2.2
  SINCE DEC 1     10.1                      MM     MM       17.0
  SINCE JUL 1     15.6                      MM     MM       30.2
  SNOW DEPTH       1

DEGREE DAYS
 HEATING
  YESTERDAY       45                        46     -1       64
  MONTH TO DATE  850                       747    103      791
  SINCE DEC 1   2238                      2114    124     1978
  SINCE JUL 1   3332                      3682   -350     3161

 COOLING
  YESTERDAY        0                         0      0        0
  MONTH TO DATE    0                         0      0        0
  SINCE DEC 1      0                         0      0        0
  SINCE JAN 1      0                         0      0        0
..................................................................


WIND (MPH)
  HIGHEST WIND SPEED    15   HIGHEST WIND DIRECTION    NW (320)
  HIGHEST GUST SPEED    17   HIGHEST GUST DIRECTION    NW (320)
  AVERAGE WIND SPEED     7.5


SKY COVER
  POSSIBLE SUNSHINE  MM
  AVERAGE SKY COVER 0.2


WEATHER CONDITIONS
 THE FOLLOWING WEATHER WAS RECORDED YESTERDAY.
  FOG


RELATIVE HUMIDITY (PERCENT)
 HIGHEST   100           600 AM
 LOWEST     73           700 PM
 AVERAGE    87

..........................................................


THE MITCHELL SD CLIMATE NORMALS FOR TODAY
                         NORMAL    RECORD    YEAR
 MAXIMUM TEMPERATURE (F)   28        59      1923
 MINIMUM TEMPERATURE (F)    9       -28      1930


SUNRISE AND SUNSET
JANUARY 17 2017.......SUNRISE   802 AM CST   SUNSET   524 PM CST
JANUARY 18 2017.......SUNRISE   801 AM CST   SUNSET   525 PM CST


-  INDICATES NEGATIVE NUMBERS.
R  INDICATES RECORD WAS SET OR TIED.
MM INDICATES DATA IS MISSING.
T  INDICATES TRACE AMOUNT.




$$
