000
CDUS43 KFSD 220627
CLIMHE


CLIMATE REPORT
NATIONAL WEATHER SERVICE SIOUX FALLS SD
1226 AM CST THU JAN 22 2015


...................................

...THE MITCHELL SD CLIMATE SUMMARY FOR JANUARY 21 2015...

CLIMATE NORMAL PERIOD 1981 TO 2010
CLIMATE RECORD PERIOD 1893 TO 2015


WEATHER ITEM   OBSERVED TIME   RECORD YEAR NORMAL DEPARTURE LAST
                VALUE   (LST)  VALUE       VALUE  FROM      YEAR
                                                  NORMAL
..................................................................
TEMPERATURE (F)
 YESTERDAY
  MAXIMUM         31    908 AM  64    1900  28      3       26
  MINIMUM         25    831 PM -26    1954   9     16       -5
  AVERAGE         28                        19      9       11

PRECIPITATION (IN)
  YESTERDAY        0.02          1.15 1917   0.01   0.01     0.00
  MONTH TO DATE    0.36                      0.15   0.21     0.06
  SINCE DEC 1      1.58                      0.60   0.98     0.71
  SINCE JAN 1      0.36                      0.15   0.21     0.06

SNOWFALL (IN)
  YESTERDAY        0.3          18.0  1917  MM     MM        0.0
  MONTH TO DATE    5.2                      MM     MM        0.4
  SINCE DEC 1     12.9                      MM     MM       11.8
  SINCE JUL 1     18.5                      MM     MM       15.8
  SNOW DEPTH       T

DEGREE DAYS
 HEATING
  YESTERDAY       37                        46     -9       54
  MONTH TO DATE 1010                       977     33      969
  SINCE DEC 1   2235                      2344   -109     2575
  SINCE JUL 1   3891                      3912    -21     4083

 COOLING
  YESTERDAY        0                         0      0        0
  MONTH TO DATE    0                         0      0        0
  SINCE DEC 1      0                         0      0        0
  SINCE JAN 1      0                         0      0        0
..................................................................


WIND (MPH)
  HIGHEST WIND SPEED    15   HIGHEST WIND DIRECTION     N (360)
  HIGHEST GUST SPEED    16   HIGHEST GUST DIRECTION     N (360)
  AVERAGE WIND SPEED     5.9


SKY COVER
  POSSIBLE SUNSHINE  MM
  AVERAGE SKY COVER 1.0


WEATHER CONDITIONS
 THE FOLLOWING WEATHER WAS RECORDED YESTERDAY.
  LIGHT SNOW
  FOG


RELATIVE HUMIDITY (PERCENT)
 HIGHEST   100           700 AM
 LOWEST     85          1100 AM
 AVERAGE    93

..........................................................


THE MITCHELL SD CLIMATE NORMALS FOR TODAY
                         NORMAL    RECORD    YEAR
 MAXIMUM TEMPERATURE (F)   28        61      1900
 MINIMUM TEMPERATURE (F)    9       -25      1966
                                             1937
                                             1936


SUNRISE AND SUNSET
JANUARY 22 2015.......SUNRISE   759 AM CST   SUNSET   529 PM CST
JANUARY 23 2015.......SUNRISE   758 AM CST   SUNSET   531 PM CST


-  INDICATES NEGATIVE NUMBERS.
R  INDICATES RECORD WAS SET OR TIED.
MM INDICATES DATA IS MISSING.
T  INDICATES TRACE AMOUNT.




$$
