000
CDUS43 KFSD 090621
CLIMHE


CLIMATE REPORT
NATIONAL WEATHER SERVICE SIOUX FALLS SD
1220 AM CST TUE JAN 9 2018


...................................

...THE MITCHELL SD CLIMATE SUMMARY FOR JANUARY 8 2018...

CLIMATE NORMAL PERIOD 1981 TO 2010
CLIMATE RECORD PERIOD 1893 TO 2018


WEATHER ITEM   OBSERVED TIME   RECORD YEAR NORMAL DEPARTURE LAST
                VALUE   (LST)  VALUE       VALUE  FROM      YEAR
                                                  NORMAL
..................................................................
TEMPERATURE (F)
 YESTERDAY
  MAXIMUM         39    245 PM  60    2003  27     12       31
                                      1963
                                      1958
  MINIMUM         24    839 AM -27    1906  10     14        3
  AVERAGE         32                        18     14       17

PRECIPITATION (IN)
  YESTERDAY        0.00          0.24 1992   0.00   0.00     0.00
  MONTH TO DATE    T                         0.05  -0.05     0.02
  SINCE DEC 1      0.62                      0.50   0.12     1.13
  SINCE JAN 1      T                         0.05  -0.05     0.02

SNOWFALL (IN)
  YESTERDAY        0.0           2.0  1918  MM     MM        0.0
  MONTH TO DATE    T                        MM     MM        0.2
  SINCE DEC 1     10.5                      MM     MM        8.3
  SINCE JUL 1     11.7                      MM     MM       13.8
  SNOW DEPTH       4

DEGREE DAYS
 HEATING
  YESTERDAY       33                        47    -14       48
  MONTH TO DATE  433                       373     60      438
  SINCE DEC 1   1727                      1740    -13     1826
  SINCE JUL 1   3116                      3308   -192     2920

 COOLING
  YESTERDAY        0                         0      0        0
  MONTH TO DATE    0                         0      0        0
  SINCE DEC 1      0                         0      0        0
  SINCE JAN 1      0                         0      0        0
..................................................................


WIND (MPH)
  HIGHEST WIND SPEED    13   HIGHEST WIND DIRECTION    SW (240)
  HIGHEST GUST SPEED    15   HIGHEST GUST DIRECTION     W (250)
  AVERAGE WIND SPEED     6.4


SKY COVER
  POSSIBLE SUNSHINE  MM
  AVERAGE SKY COVER 0.0


WEATHER CONDITIONS
 THE FOLLOWING WEATHER WAS RECORDED YESTERDAY.
  NO SIGNIFICANT WEATHER WAS OBSERVED.


RELATIVE HUMIDITY (PERCENT)
 HIGHEST    96          1100 PM
 LOWEST     70          1200 PM
 AVERAGE    83

..........................................................


THE MITCHELL SD CLIMATE NORMALS FOR TODAY
                         NORMAL    RECORD    YEAR
 MAXIMUM TEMPERATURE (F)   27        61      1896
 MINIMUM TEMPERATURE (F)    9       -25      1988


SUNRISE AND SUNSET
JANUARY  9 2018.......SUNRISE   805 AM CST   SUNSET   514 PM CST
JANUARY 10 2018.......SUNRISE   805 AM CST   SUNSET   515 PM CST


-  INDICATES NEGATIVE NUMBERS.
R  INDICATES RECORD WAS SET OR TIED.
MM INDICATES DATA IS MISSING.
T  INDICATES TRACE AMOUNT.




$$
