000
CDUS43 KFSD 260640
CLIMHE


CLIMATE REPORT
NATIONAL WEATHER SERVICE SIOUX FALLS SD
139 AM CDT FRI SEP 26 2014


...................................

...THE MITCHELL SD CLIMATE SUMMARY FOR SEPTEMBER 25 2014...

CLIMATE NORMAL PERIOD 1981 TO 2010
CLIMATE RECORD PERIOD 1893 TO 2014


WEATHER ITEM   OBSERVED TIME   RECORD YEAR NORMAL DEPARTURE LAST
                VALUE   (LST)  VALUE       VALUE  FROM      YEAR
                                                  NORMAL
..................................................................
TEMPERATURE (F)
 YESTERDAY
  MAXIMUM         86    427 PM  93    1938  72     14       81
  MINIMUM         58    706 AM  20    1926  45     13       52
  AVERAGE         72                        58     14       67

PRECIPITATION (IN)
  YESTERDAY        0.00          1.85 1908   0.07  -0.07     0.00
  MONTH TO DATE    1.59                      1.96  -0.37     1.18
  SINCE SEP 1      1.59                      1.96  -0.37     1.18
  SINCE JAN 1     16.69                     18.31  -1.62    19.67

SNOWFALL (IN)
  YESTERDAY        0.0           T    1984  MM     MM        0.0
  MONTH TO DATE    0.0                      MM     MM        0.0
  SINCE SEP 1      0.0                      MM     MM        0.0
  SINCE JUL 1      0.0                      MM     MM        0.0
  SNOW DEPTH       0

DEGREE DAYS
 HEATING
  YESTERDAY        0                         7     -7        0
  MONTH TO DATE  118                        98     20       29
  SINCE SEP 1    118                        98     20       29
  SINCE JUL 1    130                       115     15       52

 COOLING
  YESTERDAY        7                         1      6        2
  MONTH TO DATE   51                        68    -17      148
  SINCE SEP 1     51                        68    -17      148
  SINCE JAN 1    697                       813   -116      929
..................................................................


WIND (MPH)
  HIGHEST WIND SPEED    17   HIGHEST WIND DIRECTION     S (160)
  HIGHEST GUST SPEED    22   HIGHEST GUST DIRECTION     S (160)
  AVERAGE WIND SPEED     9.2


SKY COVER
  POSSIBLE SUNSHINE  MM
  AVERAGE SKY COVER 0.1


WEATHER CONDITIONS
 THE FOLLOWING WEATHER WAS RECORDED YESTERDAY.
  FOG


RELATIVE HUMIDITY (PERCENT)
 HIGHEST   100           100 AM
 LOWEST     48           300 PM
 AVERAGE    74

..........................................................


THE MITCHELL SD CLIMATE NORMALS FOR TODAY
                         NORMAL    RECORD    YEAR
 MAXIMUM TEMPERATURE (F)   71        96      1974
 MINIMUM TEMPERATURE (F)   45        24      1965


SUNRISE AND SUNSET
SEPTEMBER 26 2014.....SUNRISE   724 AM CDT   SUNSET   722 PM CDT
SEPTEMBER 27 2014.....SUNRISE   725 AM CDT   SUNSET   720 PM CDT


-  INDICATES NEGATIVE NUMBERS.
R  INDICATES RECORD WAS SET OR TIED.
MM INDICATES DATA IS MISSING.
T  INDICATES TRACE AMOUNT.




$$
