000
CDUS43 KFSD 270622
CLIMHE


CLIMATE REPORT
NATIONAL WEATHER SERVICE SIOUX FALLS SD
122 AM CDT TUE SEP 27 2016


...................................

...THE MITCHELL SD CLIMATE SUMMARY FOR SEPTEMBER 26 2016...

CLIMATE NORMAL PERIOD 1981 TO 2010
CLIMATE RECORD PERIOD 1893 TO 2016


WEATHER ITEM   OBSERVED TIME   RECORD YEAR NORMAL DEPARTURE LAST
                VALUE   (LST)  VALUE       VALUE  FROM      YEAR
                                                  NORMAL
..................................................................
TEMPERATURE (F)
 YESTERDAY
  MAXIMUM         75    350 PM  96    1974  71      4       83
  MINIMUM         44    636 AM  24    1965  45     -1       55
  AVERAGE         60                        58      2       69

PRECIPITATION (IN)
  YESTERDAY        0.00          1.63 1929   0.07  -0.07     0.00
  MONTH TO DATE    2.15                      2.03   0.12     1.33
  SINCE SEP 1      2.15                      2.03   0.12     1.33
  SINCE JAN 1     21.56                     18.38   3.18    18.26

SNOWFALL (IN)
  YESTERDAY        0.0           0.0    MM  MM     MM        0.0
  MONTH TO DATE    0.0                      MM     MM        0.0
  SINCE SEP 1      0.0                      MM     MM        0.0
  SINCE JUL 1      0.0                      MM     MM        0.0
  SNOW DEPTH       0

DEGREE DAYS
 HEATING
  YESTERDAY        5                         8     -3        0
  MONTH TO DATE   45                       106    -61       47
  SINCE SEP 1     45                       106    -61       47
  SINCE JUL 1     53                       123    -70       75

 COOLING
  YESTERDAY        0                         1     -1        4
  MONTH TO DATE   99                        69     30      148
  SINCE SEP 1     99                        69     30      148
  SINCE JAN 1   1031                       814    217      872
..................................................................


WIND (MPH)
  HIGHEST WIND SPEED    24   HIGHEST WIND DIRECTION    NW (330)
  HIGHEST GUST SPEED    30   HIGHEST GUST DIRECTION    NW (320)
  AVERAGE WIND SPEED    10.4


SKY COVER
  POSSIBLE SUNSHINE  MM
  AVERAGE SKY COVER 0.0


WEATHER CONDITIONS
 THE FOLLOWING WEATHER WAS RECORDED YESTERDAY.
  NO SIGNIFICANT WEATHER WAS OBSERVED.


RELATIVE HUMIDITY (PERCENT)
 HIGHEST    76           600 AM
 LOWEST     21           300 PM
 AVERAGE    49

..........................................................


THE MITCHELL SD CLIMATE NORMALS FOR TODAY
                         NORMAL    RECORD    YEAR
 MAXIMUM TEMPERATURE (F)   71       100      1956
 MINIMUM TEMPERATURE (F)   44        24      1935


SUNRISE AND SUNSET
SEPTEMBER 27 2016.....SUNRISE   726 AM CDT   SUNSET   719 PM CDT
SEPTEMBER 28 2016.....SUNRISE   727 AM CDT   SUNSET   718 PM CDT


-  INDICATES NEGATIVE NUMBERS.
R  INDICATES RECORD WAS SET OR TIED.
MM INDICATES DATA IS MISSING.
T  INDICATES TRACE AMOUNT.




$$
