000
CDUS43 KFSD 220653
CLIMHE


CLIMATE REPORT
NATIONAL WEATHER SERVICE SIOUX FALLS SD
1252 AM CST TUE NOV 22 2016


...................................

...THE MITCHELL SD CLIMATE SUMMARY FOR NOVEMBER 21 2016...

CLIMATE NORMAL PERIOD 1981 TO 2010
CLIMATE RECORD PERIOD 1893 TO 2016


WEATHER ITEM   OBSERVED TIME   RECORD YEAR NORMAL DEPARTURE LAST
                VALUE   (LST)  VALUE       VALUE  FROM      YEAR
                                                  NORMAL
..................................................................
TEMPERATURE (F)
 YESTERDAY
  MAXIMUM         38    703 PM  75    1960  41     -3       26
  MINIMUM         21   1234 AM  -9    1937  21      0        8
  AVERAGE         30                        31     -1       17

PRECIPITATION (IN)
  YESTERDAY        T             0.64 1979   0.02  -0.02     0.00
  MONTH TO DATE    0.52                      0.62  -0.10     1.80
  SINCE SEP 1      4.62                      4.56   0.06     4.84
  SINCE JAN 1     24.03                     20.91   3.12    21.77

SNOWFALL (IN)
  YESTERDAY        0.0           2.5  1985  MM     MM        0.0
  MONTH TO DATE    4.2                      MM     MM        6.0
  SINCE SEP 1      4.2                      MM     MM        6.0
  SINCE JUL 1      4.2                      MM     MM        6.0
  SNOW DEPTH       2

DEGREE DAYS
 HEATING
  YESTERDAY       35                        34      1       48
  MONTH TO DATE  382                       593   -211      430
  SINCE SEP 1    825                      1217   -392      824
  SINCE JUL 1    833                      1234   -401      852

 COOLING
  YESTERDAY        0                         0      0        0
  MONTH TO DATE    0                         0      0        0
  SINCE SEP 1    104                        79     25      170
  SINCE JAN 1   1036                       824    212      894
..................................................................


WIND (MPH)
  HIGHEST WIND SPEED    24   HIGHEST WIND DIRECTION    SE (140)
  HIGHEST GUST SPEED    32   HIGHEST GUST DIRECTION    SE (150)
  AVERAGE WIND SPEED    13.4


SKY COVER
  POSSIBLE SUNSHINE  MM
  AVERAGE SKY COVER 0.3


WEATHER CONDITIONS
 THE FOLLOWING WEATHER WAS RECORDED YESTERDAY.
  LIGHT RAIN


RELATIVE HUMIDITY (PERCENT)
 HIGHEST   100          1200 AM
 LOWEST     72          1000 AM
 AVERAGE    86

..........................................................


THE MITCHELL SD CLIMATE NORMALS FOR TODAY
                         NORMAL    RECORD    YEAR
 MAXIMUM TEMPERATURE (F)   40        72      1974
 MINIMUM TEMPERATURE (F)   20        -7      1929
                                             1898


SUNRISE AND SUNSET
NOVEMBER 22 2016......SUNRISE   736 AM CST   SUNSET   500 PM CST
NOVEMBER 23 2016......SUNRISE   737 AM CST   SUNSET   500 PM CST


-  INDICATES NEGATIVE NUMBERS.
R  INDICATES RECORD WAS SET OR TIED.
MM INDICATES DATA IS MISSING.
T  INDICATES TRACE AMOUNT.




$$
