000
CDUS43 KFSD 122223
CLIMHE


CLIMATE REPORT
NATIONAL WEATHER SERVICE SIOUX FALLS SD
523 PM CDT FRI AUG 12 2016


...................................

...THE MITCHELL SD CLIMATE SUMMARY FOR AUGUST 12 2016...
VALID TODAY AS OF 0500 PM LOCAL TIME.

CLIMATE NORMAL PERIOD 1981 TO 2010
CLIMATE RECORD PERIOD 1893 TO 2016


WEATHER ITEM   OBSERVED TIME   RECORD YEAR NORMAL DEPARTURE LAST
                VALUE   (LST)  VALUE       VALUE  FROM      YEAR
                                                  NORMAL
..................................................................
TEMPERATURE (F)
 TODAY
  MAXIMUM         84    344 PM 104    1965  84      0       89
  MINIMUM         64    427 AM  38    1902  62      2       63
  AVERAGE         74                        73      1       76

PRECIPITATION (IN)
  TODAY            T             1.24 1985   0.08  -0.08     0.00
  MONTH TO DATE    1.43                      0.93   0.50     1.62
  SINCE JUN 1      5.01                      8.17  -3.16     7.80
  SINCE JAN 1     17.53                     14.90   2.63    14.89

SNOWFALL (IN)
  TODAY            0.0           0.0    MM  MM     MM        0.0
  MONTH TO DATE    0.0                      MM     MM        0.0
  SINCE JUN 1      0.0                      MM     MM        0.0
  SINCE JUL 1      0.0                      MM     MM        0.0
  SNOW DEPTH       0

DEGREE DAYS
 HEATING
  TODAY            0                         0      0        0
  MONTH TO DATE    0                         0      0        0
  SINCE JUN 1      7                        40    -33        5
  SINCE JUL 1      3                         5     -2        2

 COOLING
  TODAY            9                         8      1       11
  MONTH TO DATE  132                       103     29      106
  SINCE JUN 1    747                       581    166      596
  SINCE JAN 1    791                       621    170      627
..................................................................


WIND (MPH)
  HIGHEST WIND SPEED    22   HIGHEST WIND DIRECTION     E (90)
  HIGHEST GUST SPEED    29   HIGHEST GUST DIRECTION     E (80)
  AVERAGE WIND SPEED     9.0


SKY COVER
  POSSIBLE SUNSHINE  MM
  AVERAGE SKY COVER 0.2


WEATHER CONDITIONS
 THE FOLLOWING WEATHER WAS RECORDED TODAY.
  LIGHT RAIN


RELATIVE HUMIDITY (PERCENT)
 HIGHEST    93          1200 AM
 LOWEST     47           300 PM
 AVERAGE    70

..........................................................


THE MITCHELL SD CLIMATE NORMALS FOR TOMORROW
                         NORMAL    RECORD    YEAR
 MAXIMUM TEMPERATURE (F)   84       105      1938
 MINIMUM TEMPERATURE (F)   62        41      1964


SUNRISE AND SUNSET
AUGUST 12 2016........SUNRISE   634 AM CDT   SUNSET   840 PM CDT
AUGUST 13 2016........SUNRISE   635 AM CDT   SUNSET   838 PM CDT


-  INDICATES NEGATIVE NUMBERS.
R  INDICATES RECORD WAS SET OR TIED.
MM INDICATES DATA IS MISSING.
T  INDICATES TRACE AMOUNT.




$$
