000
CDUS43 KFSD 130645
CLIMHE


CLIMATE REPORT
NATIONAL WEATHER SERVICE SIOUX FALLS SD
1245 AM CST FRI JAN 13 2017


...................................

...THE MITCHELL SD CLIMATE SUMMARY FOR JANUARY 12 2017...

CLIMATE NORMAL PERIOD 1981 TO 2010
CLIMATE RECORD PERIOD 1893 TO 2017


WEATHER ITEM   OBSERVED TIME   RECORD YEAR NORMAL DEPARTURE LAST
                VALUE   (LST)  VALUE       VALUE  FROM      YEAR
                                                  NORMAL
..................................................................
TEMPERATURE (F)
 YESTERDAY
  MAXIMUM         16   1057 AM  63    1987  28    -12       15
  MINIMUM         -4   1020 PM -37    1912   9    -13       -7
  AVERAGE          6                        18    -12        4

PRECIPITATION (IN)
  YESTERDAY        0.00          0.45 1916   0.00   0.00     0.00
  MONTH TO DATE    0.10                      0.08   0.02     0.12
  SINCE DEC 1      1.21                      0.53   0.68     1.15
  SINCE JAN 1      0.10                      0.08   0.02     0.12

SNOWFALL (IN)
  YESTERDAY        0.0           8.0  1979  MM     MM        0.0
  MONTH TO DATE    1.4                      MM     MM        1.0
  SINCE DEC 1      9.5                      MM     MM       15.8
  SINCE JUL 1     15.0                      MM     MM       29.0
  SNOW DEPTH       1

DEGREE DAYS
 HEATING
  YESTERDAY       59                        47     12       61
  MONTH TO DATE  652                       561     91      592
  SINCE DEC 1   2040                      1928    112     1779
  SINCE JUL 1   3134                      3496   -362     2962

 COOLING
  YESTERDAY        0                         0      0        0
  MONTH TO DATE    0                         0      0        0
  SINCE DEC 1      0                         0      0        0
  SINCE JAN 1      0                         0      0        0
..................................................................


WIND (MPH)
  HIGHEST WIND SPEED    24   HIGHEST WIND DIRECTION    NW (330)
  HIGHEST GUST SPEED    29   HIGHEST GUST DIRECTION    NW (300)
  AVERAGE WIND SPEED     9.1


SKY COVER
  POSSIBLE SUNSHINE  MM
  AVERAGE SKY COVER 0.4


WEATHER CONDITIONS
 THE FOLLOWING WEATHER WAS RECORDED YESTERDAY.
  NO SIGNIFICANT WEATHER WAS OBSERVED.


RELATIVE HUMIDITY (PERCENT)
 HIGHEST    76          1200 AM
 LOWEST     61          1100 AM
 AVERAGE    69

..........................................................


THE MITCHELL SD CLIMATE NORMALS FOR TODAY
                         NORMAL    RECORD    YEAR
 MAXIMUM TEMPERATURE (F)   28        57      1980
 MINIMUM TEMPERATURE (F)    9       -37      1916


SUNRISE AND SUNSET
JANUARY 13 2017.......SUNRISE   804 AM CST   SUNSET   519 PM CST
JANUARY 14 2017.......SUNRISE   803 AM CST   SUNSET   520 PM CST


-  INDICATES NEGATIVE NUMBERS.
R  INDICATES RECORD WAS SET OR TIED.
MM INDICATES DATA IS MISSING.
T  INDICATES TRACE AMOUNT.




$$
