000
CDUS43 KFSD 170627
CLIMHE


CLIMATE REPORT
NATIONAL WEATHER SERVICE SIOUX FALLS SD
124 AM CDT FRI OCT 17 2014


...................................

...THE MITCHELL SD CLIMATE SUMMARY FOR OCTOBER 16 2014...

CLIMATE NORMAL PERIOD 1981 TO 2010
CLIMATE RECORD PERIOD 1893 TO 2014


WEATHER ITEM   OBSERVED TIME   RECORD YEAR NORMAL DEPARTURE LAST
                VALUE   (LST)  VALUE       VALUE  FROM      YEAR
                                                  NORMAL
..................................................................
TEMPERATURE (F)
 YESTERDAY
  MAXIMUM         72    219 PM  93    1910  62     10       56
  MINIMUM         49    713 AM  20    1976  38     11       32
  AVERAGE         61                        50     11       44

PRECIPITATION (IN)
  YESTERDAY        0.00          0.98 1928   0.06  -0.06     0.00
  MONTH TO DATE    0.08                      1.00  -0.92     3.99
  SINCE SEP 1      1.82                      3.32  -1.50     6.43
  SINCE JAN 1     16.92                     19.67  -2.75    24.92

SNOWFALL (IN)
  YESTERDAY        0.0           2.0  1937  MM     MM        0.0
  MONTH TO DATE    0.0                      MM     MM        0.0
  SINCE SEP 1      0.0                      MM     MM        0.0
  SINCE JUL 1      0.0                      MM     MM        0.0
  SNOW DEPTH       0

DEGREE DAYS
 HEATING
  YESTERDAY        4                        15    -11       21
  MONTH TO DATE  198                       203     -5      162
  SINCE SEP 1    316                       344    -28      200
  SINCE JUL 1    328                       361    -33      223

 COOLING
  YESTERDAY        0                         0      0        0
  MONTH TO DATE    0                         7     -7        2
  SINCE SEP 1     78                        79     -1      165
  SINCE JAN 1    724                       824   -100      946
..................................................................


WIND (MPH)
  HIGHEST WIND SPEED    36   HIGHEST WIND DIRECTION    NW (310)
  HIGHEST GUST SPEED    43   HIGHEST GUST DIRECTION     W (290)
  AVERAGE WIND SPEED    20.6


SKY COVER
  POSSIBLE SUNSHINE  MM
  AVERAGE SKY COVER 0.1


WEATHER CONDITIONS
 THE FOLLOWING WEATHER WAS RECORDED YESTERDAY.
  NO SIGNIFICANT WEATHER WAS OBSERVED.


RELATIVE HUMIDITY (PERCENT)
 HIGHEST    74           700 AM
 LOWEST     25           200 PM
 AVERAGE    50

..........................................................


THE MITCHELL SD CLIMATE NORMALS FOR TODAY
                         NORMAL    RECORD    YEAR
 MAXIMUM TEMPERATURE (F)   62        87      1910
 MINIMUM TEMPERATURE (F)   37        17      1976


SUNRISE AND SUNSET
OCTOBER 17 2014.......SUNRISE   749 AM CDT   SUNSET   645 PM CDT
OCTOBER 18 2014.......SUNRISE   750 AM CDT   SUNSET   644 PM CDT


-  INDICATES NEGATIVE NUMBERS.
R  INDICATES RECORD WAS SET OR TIED.
MM INDICATES DATA IS MISSING.
T  INDICATES TRACE AMOUNT.




$$
