000
CDUS43 KFSD 111121
CLIMHE


CLIMATE REPORT
NATIONAL WEATHER SERVICE SIOUX FALLS SD
520 AM CST SAT NOV 11 2017


...................................

...THE MITCHELL SD CLIMATE SUMMARY FOR NOVEMBER 10 2017...

CLIMATE NORMAL PERIOD 1981 TO 2010
CLIMATE RECORD PERIOD 1893 TO 2017


WEATHER ITEM   OBSERVED TIME   RECORD YEAR NORMAL DEPARTURE LAST
                VALUE   (LST)  VALUE       VALUE  FROM      YEAR
                                                  NORMAL
..................................................................
TEMPERATURE (F)
 YESTERDAY
  MAXIMUM         31    827 PM  80    1912  48    -17       67
  MINIMUM         18    410 AM   4    1966  27     -9       36
  AVERAGE         25                        37    -12       52

PRECIPITATION (IN)
  YESTERDAY        0.00          1.50 1998   0.03  -0.03     0.00
  MONTH TO DATE    0.10                      0.38  -0.28      T
  SINCE SEP 1      5.78                      4.32   1.46     4.10
  SINCE JAN 1     19.60                     20.67  -1.07    23.51

SNOWFALL (IN)
  YESTERDAY        0.0           8.0  1998  MM     MM        0.0
  MONTH TO DATE    1.2                      MM     MM        0.0
  SINCE SEP 1      1.2                      MM     MM         T
  SINCE JUL 1      1.2                      MM     MM         T
  SNOW DEPTH       0

DEGREE DAYS
 HEATING
  YESTERDAY       40                        28     12       13
  MONTH TO DATE  334                       250     84      113
  SINCE SEP 1    872                       874     -2      556
  SINCE JUL 1    874                       891    -17      564

 COOLING
  YESTERDAY        0                         0      0        0
  MONTH TO DATE    0                         0      0        0
  SINCE SEP 1    120                        79     41      104
  SINCE JAN 1    890                       824     66     1036
..................................................................


WIND (MPH)
  HIGHEST WIND SPEED    33   HIGHEST WIND DIRECTION     S (160)
  HIGHEST GUST SPEED    39   HIGHEST GUST DIRECTION     S (160)
  AVERAGE WIND SPEED    19.7


SKY COVER
  POSSIBLE SUNSHINE  MM
  AVERAGE SKY COVER 0.7


WEATHER CONDITIONS
 THE FOLLOWING WEATHER WAS RECORDED YESTERDAY.
  NO SIGNIFICANT WEATHER WAS OBSERVED.


RELATIVE HUMIDITY (PERCENT)
 HIGHEST    62          1200 AM
 LOWEST     46           200 PM
 AVERAGE    54

..........................................................


THE MITCHELL SD CLIMATE NORMALS FOR TODAY
                         NORMAL    RECORD    YEAR
 MAXIMUM TEMPERATURE (F)   47        77      2005
 MINIMUM TEMPERATURE (F)   26        -8      1986


SUNRISE AND SUNSET
NOVEMBER 11 2017......SUNRISE   722 AM CST   SUNSET   510 PM CST
NOVEMBER 12 2017......SUNRISE   723 AM CST   SUNSET   509 PM CST


-  INDICATES NEGATIVE NUMBERS.
R  INDICATES RECORD WAS SET OR TIED.
MM INDICATES DATA IS MISSING.
T  INDICATES TRACE AMOUNT.




$$
