000
CDUS43 KFSD 070639
CLIMHE


CLIMATE REPORT
NATIONAL WEATHER SERVICE SIOUX FALLS SD
1239 AM CST WED FEB 7 2018


...................................

...THE MITCHELL SD CLIMATE SUMMARY FOR FEBRUARY 6 2018...

CLIMATE NORMAL PERIOD 1981 TO 2010
CLIMATE RECORD PERIOD 1893 TO 2018


WEATHER ITEM   OBSERVED TIME   RECORD YEAR NORMAL DEPARTURE LAST
                VALUE   (LST)  VALUE       VALUE  FROM      YEAR
                                                  NORMAL
..................................................................
TEMPERATURE (F)
 YESTERDAY
  MAXIMUM         12    914 PM  59    1991  31    -19       35
  MINIMUM         -4    130 AM -25    1899  11    -15       22
  AVERAGE          4                        21    -17       29

PRECIPITATION (IN)
  YESTERDAY        T             0.54 1928   0.02  -0.02     0.00
  MONTH TO DATE    0.05                      0.08  -0.03      T
  SINCE DEC 1      0.83                      0.75   0.08     1.87
  SINCE JAN 1      0.21                      0.30  -0.09     0.76

SNOWFALL (IN)
  YESTERDAY        T             4.0  1948  MM     MM        0.0
  MONTH TO DATE    0.7                      MM     MM         T
  SINCE DEC 1     13.2                      MM     MM       17.5
  SINCE JUL 1     14.4                      MM     MM       23.0
  SNOW DEPTH       1

DEGREE DAYS
 HEATING
  YESTERDAY       61                        44     17       36
  MONTH TO DATE  326                       266     60      257
  SINCE DEC 1   3057                      3065     -8     3012
  SINCE JUL 1   4446                      4633   -187     4106

 COOLING
  YESTERDAY        0                         0      0        0
  MONTH TO DATE    0                         0      0        0
  SINCE DEC 1      0                         0      0        0
  SINCE JAN 1      0                         0      0        0
..................................................................


WIND (MPH)
  HIGHEST WIND SPEED    20   HIGHEST WIND DIRECTION     S (160)
  HIGHEST GUST SPEED    22   HIGHEST GUST DIRECTION     S (160)
  AVERAGE WIND SPEED     8.6


SKY COVER
  POSSIBLE SUNSHINE  MM
  AVERAGE SKY COVER 0.8


WEATHER CONDITIONS
 THE FOLLOWING WEATHER WAS RECORDED YESTERDAY.
  LIGHT SNOW


RELATIVE HUMIDITY (PERCENT)
 HIGHEST    83           700 PM
 LOWEST     66           300 PM
 AVERAGE    75

..........................................................


THE MITCHELL SD CLIMATE NORMALS FOR TODAY
                         NORMAL    RECORD    YEAR
 MAXIMUM TEMPERATURE (F)   31        60      2002
 MINIMUM TEMPERATURE (F)   12       -25      1914


SUNRISE AND SUNSET
FEBRUARY  7 2018......SUNRISE   742 AM CST   SUNSET   551 PM CST
FEBRUARY  8 2018......SUNRISE   740 AM CST   SUNSET   553 PM CST


-  INDICATES NEGATIVE NUMBERS.
R  INDICATES RECORD WAS SET OR TIED.
MM INDICATES DATA IS MISSING.
T  INDICATES TRACE AMOUNT.




$$
