000
CDUS43 KFSD 302232
CLIMHE


CLIMATE REPORT
NATIONAL WEATHER SERVICE SIOUX FALLS SD
532 PM CDT THU JUL 30 2015


...................................

...THE MITCHELL SD CLIMATE SUMMARY FOR JULY 30 2015...
VALID TODAY AS OF 0500 PM LOCAL TIME.

CLIMATE NORMAL PERIOD 1981 TO 2010
CLIMATE RECORD PERIOD 1893 TO 2015


WEATHER ITEM   OBSERVED TIME   RECORD YEAR NORMAL DEPARTURE LAST
                VALUE   (LST)  VALUE       VALUE  FROM      YEAR
                                                  NORMAL
..................................................................
TEMPERATURE (F)
 TODAY
  MAXIMUM         90    303 PM 106    2006  86      4       83
                                      1955
  MINIMUM         56    446 AM  39    1971  63     -7       51
  AVERAGE         73                        74     -1       67

PRECIPITATION (IN)
  TODAY            0.00          2.52 1941   0.10  -0.10     0.00
  MONTH TO DATE    2.26                      3.02  -0.76     1.22
  SINCE JUN 1      6.17                      7.15  -0.98     5.41
  SINCE JAN 1     13.26                     13.88  -0.62    10.14

SNOWFALL (IN)
  TODAY            0.0           0.0    MM  MM     MM        0.0
  MONTH TO DATE    0.0                      MM     MM        0.0
  SINCE JUN 1      0.0                      MM     MM        0.0
  SINCE JUL 1      0.0                      MM     MM        0.0
  SNOW DEPTH       0

DEGREE DAYS
 HEATING
  TODAY            0                         0      0        0
  MONTH TO DATE    2                         0      2        9
  SINCE JUN 1      5                        35    -30       35
  SINCE JUL 1      2                         0      2        9

 COOLING
  TODAY            8                         9     -1        2
  MONTH TO DATE  284                       295    -11      207
  SINCE JUN 1    481                       465     16      365
  SINCE JAN 1    512                       505      7      443
..................................................................


WIND (MPH)
  HIGHEST WIND SPEED     7   HIGHEST WIND DIRECTION     S (160)
  HIGHEST GUST SPEED    10   HIGHEST GUST DIRECTION    NW (320)
  AVERAGE WIND SPEED     1.2


SKY COVER
  POSSIBLE SUNSHINE  MM
  AVERAGE SKY COVER 0.0


WEATHER CONDITIONS
 THE FOLLOWING WEATHER WAS RECORDED TODAY.
  NO SIGNIFICANT WEATHER WAS OBSERVED.


RELATIVE HUMIDITY (PERCENT)
 HIGHEST    93           500 AM
 LOWEST     32           300 PM
 AVERAGE    63

..........................................................


THE MITCHELL SD CLIMATE NORMALS FOR TOMORROW
                         NORMAL    RECORD    YEAR
 MAXIMUM TEMPERATURE (F)   85       109      2002
 MINIMUM TEMPERATURE (F)   63        47      1903


SUNRISE AND SUNSET
JULY 30 2015..........SUNRISE   619 AM CDT   SUNSET   858 PM CDT
JULY 31 2015..........SUNRISE   620 AM CDT   SUNSET   857 PM CDT


-  INDICATES NEGATIVE NUMBERS.
R  INDICATES RECORD WAS SET OR TIED.
MM INDICATES DATA IS MISSING.
T  INDICATES TRACE AMOUNT.




$$
