000
CDUS43 KFSD 232227
CLIMHE


CLIMATE REPORT
NATIONAL WEATHER SERVICE SIOUX FALLS SD
526 PM CDT TUE JUN 23 2015


...................................

...THE MITCHELL SD CLIMATE SUMMARY FOR JUNE 23 2015...
VALID TODAY AS OF 0500 PM LOCAL TIME.

CLIMATE NORMAL PERIOD 1981 TO 2010
CLIMATE RECORD PERIOD 1893 TO 2015


WEATHER ITEM   OBSERVED TIME   RECORD YEAR NORMAL DEPARTURE LAST
                VALUE   (LST)  VALUE       VALUE  FROM      YEAR
                                                  NORMAL
..................................................................
TEMPERATURE (F)
 TODAY
  MAXIMUM         79    332 PM 110    1937  84     -5       83
  MINIMUM         57    428 AM  43    1942  61     -4       59
  AVERAGE         68                        72     -4       71

PRECIPITATION (IN)
  TODAY            T             1.95 1908   0.12  -0.12     0.00
  MONTH TO DATE    2.12                      3.44  -1.32     3.77
  SINCE JUN 1      2.12                      3.44  -1.32     3.77
  SINCE JAN 1      9.21                     10.17  -0.96     8.50

SNOWFALL (IN)
  TODAY            0.0           0.0    MM  MM     MM        0.0
  MONTH TO DATE    0.0                      MM     MM        0.0
  SINCE JUN 1      0.0                      MM     MM        0.0
  SINCE JUL 1     22.6                      MM     MM       30.8
  SNOW DEPTH       0

DEGREE DAYS
 HEATING
  TODAY            0                         0      0        0
  MONTH TO DATE    3                        33    -30       26
  SINCE JUN 1      3                        33    -30       26
  SINCE JUL 1   6876                      7243   -367     7791

 COOLING
  TODAY            3                         8     -5        6
  MONTH TO DATE  141                       109     32       96
  SINCE JUN 1    141                       109     32       96
  SINCE JAN 1    172                       149     23      174
..................................................................


WIND (MPH)
  HIGHEST WIND SPEED    10   HIGHEST WIND DIRECTION     S (200)
  HIGHEST GUST SPEED    12   HIGHEST GUST DIRECTION    SW (210)
  AVERAGE WIND SPEED     3.3


SKY COVER
  POSSIBLE SUNSHINE  MM
  AVERAGE SKY COVER 0.3


WEATHER CONDITIONS
 THE FOLLOWING WEATHER WAS RECORDED TODAY.
  LIGHT RAIN


RELATIVE HUMIDITY (PERCENT)
 HIGHEST    93           400 AM
 LOWEST     42           400 PM
 AVERAGE    68

..........................................................


THE MITCHELL SD CLIMATE NORMALS FOR TOMORROW
                         NORMAL    RECORD    YEAR
 MAXIMUM TEMPERATURE (F)   84       107      1988
 MINIMUM TEMPERATURE (F)   61        45      1957


SUNRISE AND SUNSET
JUNE 23 2015..........SUNRISE   551 AM CDT   SUNSET   918 PM CDT
JUNE 24 2015..........SUNRISE   551 AM CDT   SUNSET   918 PM CDT


-  INDICATES NEGATIVE NUMBERS.
R  INDICATES RECORD WAS SET OR TIED.
MM INDICATES DATA IS MISSING.
T  INDICATES TRACE AMOUNT.




$$
