000
CDUS43 KFSD 230708
CLIMHE


CLIMATE REPORT
NATIONAL WEATHER SERVICE SIOUX FALLS SD
208 AM CDT MON MAR 23 2015


...................................

...THE MITCHELL SD CLIMATE SUMMARY FOR MARCH 22 2015...

CLIMATE NORMAL PERIOD 1981 TO 2010
CLIMATE RECORD PERIOD 1893 TO 2015


WEATHER ITEM   OBSERVED TIME   RECORD YEAR NORMAL DEPARTURE LAST
                VALUE   (LST)  VALUE       VALUE  FROM      YEAR
                                                  NORMAL
..................................................................
TEMPERATURE (F)
 YESTERDAY
  MAXIMUM         48    421 PM  87    1939  47      1       28
  MINIMUM         24   1158 PM  -5    1899  26     -2       16
  AVERAGE         36                        36      0       22

PRECIPITATION (IN)
  YESTERDAY        0.00          1.16 2009   0.04  -0.04      T
  MONTH TO DATE    0.08                      0.65  -0.57     0.55
  SINCE MAR 1      0.08                      0.65  -0.57     0.55
  SINCE JAN 1      0.85                      1.21  -0.36     1.05

SNOWFALL (IN)
  YESTERDAY        0.0           4.0  1952  MM     MM         T
  MONTH TO DATE    0.7                      MM     MM        6.2
  SINCE MAR 1      0.7                      MM     MM        6.2
  SINCE JUL 1     22.6                      MM     MM       28.4
  SNOW DEPTH       0

DEGREE DAYS
 HEATING
  YESTERDAY       29                        29      0       43
  MONTH TO DATE  558                       719   -161      775
  SINCE MAR 1    558                       719   -161      775
  SINCE JUL 1   6048                      6241   -193     6725

 COOLING
  YESTERDAY        0                         0      0        0
  MONTH TO DATE    4                         0      4        0
  SINCE MAR 1      4                         0      4        0
  SINCE JAN 1      4                         0      4        0
..................................................................


WIND (MPH)
  HIGHEST WIND SPEED    28   HIGHEST WIND DIRECTION     E (100)
  HIGHEST GUST SPEED    34   HIGHEST GUST DIRECTION     E (90)
  AVERAGE WIND SPEED    15.2


SKY COVER
  POSSIBLE SUNSHINE  MM
  AVERAGE SKY COVER 0.1


WEATHER CONDITIONS
 THE FOLLOWING WEATHER WAS RECORDED YESTERDAY.
  NO SIGNIFICANT WEATHER WAS OBSERVED.


RELATIVE HUMIDITY (PERCENT)
 HIGHEST    92          1100 PM
 LOWEST     34           300 PM
 AVERAGE    63

..........................................................


THE MITCHELL SD CLIMATE NORMALS FOR TODAY
                         NORMAL    RECORD    YEAR
 MAXIMUM TEMPERATURE (F)   48        88      1910
 MINIMUM TEMPERATURE (F)   26       -16      1899


SUNRISE AND SUNSET
MARCH 23 2015.........SUNRISE   730 AM CDT   SUNSET   748 PM CDT
MARCH 24 2015.........SUNRISE   729 AM CDT   SUNSET   749 PM CDT


-  INDICATES NEGATIVE NUMBERS.
R  INDICATES RECORD WAS SET OR TIED.
MM INDICATES DATA IS MISSING.
T  INDICATES TRACE AMOUNT.




$$
