000
CDUS43 KFSD 092233
CLIMHE


CLIMATE REPORT
NATIONAL WEATHER SERVICE SIOUX FALLS SD
432 PM CST SUN NOV 9 2014


...................................

...THE MITCHELL SD CLIMATE SUMMARY FOR NOVEMBER 9 2014...
VALID TODAY AS OF 0400 PM LOCAL TIME.

CLIMATE NORMAL PERIOD 1981 TO 2010
CLIMATE RECORD PERIOD 1893 TO 2014


WEATHER ITEM   OBSERVED TIME   RECORD YEAR NORMAL DEPARTURE LAST
                VALUE   (LST)  VALUE       VALUE  FROM      YEAR
                                                  NORMAL
..................................................................
TEMPERATURE (F)
 TODAY
  MAXIMUM         45    152 PM  74    1937  49     -4       51
  MINIMUM         33    603 AM   4    1945  28      5       27
  AVERAGE         39                        38      1       39

PRECIPITATION (IN)
  TODAY            T             1.31 1970   0.03  -0.03     0.00
  MONTH TO DATE    0.14                      0.35  -0.21     0.29
  SINCE SEP 1      2.52                      4.29  -1.77     7.07
  SINCE JAN 1     17.62                     20.64  -3.02    25.56

SNOWFALL (IN)
  TODAY            0.0           2.0  1977  MM     MM        0.0
                                      1946
                                      1903
  MONTH TO DATE    0.0                      MM     MM        2.6
  SINCE SEP 1      0.0                      MM     MM        2.6
  SINCE JUL 1      0.0                      MM     MM        2.6
  SNOW DEPTH       0

DEGREE DAYS
 HEATING
  TODAY           26                        27     -1       26
  MONTH TO DATE  176                       222    -46      221
  SINCE SEP 1    704                       846   -142      781
  SINCE JUL 1    716                       863   -147      804

 COOLING
  TODAY            0                         0      0        0
  MONTH TO DATE    0                         0      0        0
  SINCE SEP 1     78                        79     -1      165
  SINCE JAN 1    724                       824   -100      946
..................................................................


WIND (MPH)
  HIGHEST WIND SPEED    13   HIGHEST WIND DIRECTION    NE (50)
  HIGHEST GUST SPEED    14   HIGHEST GUST DIRECTION     N (20)
  AVERAGE WIND SPEED     5.3


SKY COVER
  POSSIBLE SUNSHINE  MM
  AVERAGE SKY COVER 0.6


WEATHER CONDITIONS
 THE FOLLOWING WEATHER WAS RECORDED TODAY.
  LIGHT RAIN


RELATIVE HUMIDITY (PERCENT)
 HIGHEST    82           600 AM
 LOWEST     62          1200 PM
 AVERAGE    72

..........................................................


THE MITCHELL SD CLIMATE NORMALS FOR TOMORROW
                         NORMAL    RECORD    YEAR
 MAXIMUM TEMPERATURE (F)   48        80      1912
 MINIMUM TEMPERATURE (F)   27         4      1966


SUNRISE AND SUNSET
NOVEMBER  9 2014......SUNRISE   719 AM CST   SUNSET   513 PM CST
NOVEMBER 10 2014......SUNRISE   720 AM CST   SUNSET   512 PM CST


-  INDICATES NEGATIVE NUMBERS.
R  INDICATES RECORD WAS SET OR TIED.
MM INDICATES DATA IS MISSING.
T  INDICATES TRACE AMOUNT.




$$
