000
CDUS43 KFSD 250044
CLIMHE


CLIMATE REPORT
NATIONAL WEATHER SERVICE SIOUX FALLS SD
743 PM CDT SUN AUG 24 2014


...................................

...THE MITCHELL SD CLIMATE SUMMARY FOR AUGUST 24 2014...
VALID AS OF 0700 PM LOCAL TIME.

CLIMATE NORMAL PERIOD 1981 TO 2010
CLIMATE RECORD PERIOD 1893 TO 2014


WEATHER ITEM   OBSERVED TIME   RECORD YEAR NORMAL DEPARTURE LAST
                VALUE   (LST)  VALUE       VALUE  FROM      YEAR
                                                  NORMAL
..................................................................
TEMPERATURE (F)
 TODAY
  MAXIMUM         82    441 PM 110    1936  82      0       93
  MINIMUM         66    859 AM  40    1896  59      7       74
  AVERAGE         74                        71      3       84

PRECIPITATION (IN)
  TODAY            0.00          1.97 1954   0.07  -0.07      T
  MONTH TO DATE    3.81                      1.89   1.92     2.54
  SINCE JUN 1      9.36                      9.13   0.23     8.54
  SINCE JAN 1     14.09                     15.86  -1.77    18.49

SNOWFALL (IN)
  TODAY            0.0           0.0    MM  MM     MM        0.0
  MONTH TO DATE    0.0                      MM     MM        0.0
  SINCE JUN 1      0.0                      MM     MM        0.0
  SINCE JUL 1      0.0                      MM     MM        0.0
  SNOW DEPTH       0

DEGREE DAYS
 HEATING
  TODAY            0                         0      0        0
  MONTH TO DATE    0                         0      0        3
  SINCE JUN 1     35                        40     -5       73
  SINCE JUL 1      9                         5      4       23

 COOLING
  TODAY            9                         6      3       19
  MONTH TO DATE  168                       189    -21      142
  SINCE JUN 1    542                       667   -125      597
  SINCE JAN 1    620                       707    -87      654
..................................................................


WIND (MPH)
  HIGHEST WIND SPEED    15   HIGHEST WIND DIRECTION    SW (240)
  HIGHEST GUST SPEED    20   HIGHEST GUST DIRECTION     W (260)
  AVERAGE WIND SPEED     8.1


SKY COVER
  POSSIBLE SUNSHINE  MM
  AVERAGE SKY COVER 0.1


WEATHER CONDITIONS
 THE FOLLOWING WEATHER WAS RECORDED TODAY.
  NO SIGNIFICANT WEATHER WAS OBSERVED.


RELATIVE HUMIDITY (PERCENT)
 HIGHEST    93           400 AM
 LOWEST     42           500 PM
 AVERAGE    68

..........................................................


THE MITCHELL SD CLIMATE NORMALS FOR TOMORROW
                         NORMAL    RECORD    YEAR
 MAXIMUM TEMPERATURE (F)   82       108      1973
 MINIMUM TEMPERATURE (F)   59        41      1964
                                             1911


SUNRISE AND SUNSET
AUGUST 24 2014........SUNRISE   647 AM CDT   SUNSET   821 PM CDT
AUGUST 25 2014........SUNRISE   648 AM CDT   SUNSET   820 PM CDT


-  INDICATES NEGATIVE NUMBERS.
R  INDICATES RECORD WAS SET OR TIED.
MM INDICATES DATA IS MISSING.
T  INDICATES TRACE AMOUNT.




$$
