000
CDUS43 KFSD 172226
CLIMHE


CLIMATE REPORT
NATIONAL WEATHER SERVICE SIOUX FALLS SD
426 PM CST MON NOV 17 2014


...................................

...THE MITCHELL SD CLIMATE SUMMARY FOR NOVEMBER 17 2014...
VALID TODAY AS OF 0400 PM LOCAL TIME.

CLIMATE NORMAL PERIOD 1981 TO 2010
CLIMATE RECORD PERIOD 1893 TO 2014


WEATHER ITEM   OBSERVED TIME   RECORD YEAR NORMAL DEPARTURE LAST
                VALUE   (LST)  VALUE       VALUE  FROM      YEAR
                                                  NORMAL
..................................................................
TEMPERATURE (F)
 TODAY
  MAXIMUM         16    324 PM  73    1953  43    -27       52
  MINIMUM          3    819 AM  -6    1959  23    -20       29
  AVERAGE         10                        33    -23       41

PRECIPITATION (IN)
  TODAY            T             0.61 1952   0.02  -0.02     0.00
  MONTH TO DATE    0.45                      0.55  -0.10     0.34
  SINCE SEP 1      2.83                      4.49  -1.66     7.12
  SINCE JAN 1     17.93                     20.84  -2.91    25.61

SNOWFALL (IN)
  TODAY            T             3.5  1958  MM     MM        0.0
  MONTH TO DATE    5.1                      MM     MM        3.4
  SINCE SEP 1      5.1                      MM     MM        3.4
  SINCE JUL 1      5.1                      MM     MM        3.4
  SNOW DEPTH       4

DEGREE DAYS
 HEATING
  TODAY           55                        32     23       24
  MONTH TO DATE  584                       460    124      440
  SINCE SEP 1   1112                      1084     28     1000
  SINCE JUL 1   1124                      1101     23     1023

 COOLING
  TODAY            0                         0      0        0
  MONTH TO DATE    0                         0      0        0
  SINCE SEP 1     78                        79     -1      165
  SINCE JAN 1    724                       824   -100      946
..................................................................


WIND (MPH)
  HIGHEST WIND SPEED    26   HIGHEST WIND DIRECTION    NW (320)
  HIGHEST GUST SPEED    32   HIGHEST GUST DIRECTION    NW (320)
  AVERAGE WIND SPEED    18.8


SKY COVER
  POSSIBLE SUNSHINE  MM
  AVERAGE SKY COVER 0.1


WEATHER CONDITIONS
 THE FOLLOWING WEATHER WAS RECORDED TODAY.
  LIGHT SNOW


RELATIVE HUMIDITY (PERCENT)
 HIGHEST    MM
 LOWEST     MM
 AVERAGE    MM

..........................................................


THE MITCHELL SD CLIMATE NORMALS FOR TOMORROW
                         NORMAL    RECORD    YEAR
 MAXIMUM TEMPERATURE (F)   43        77      1904
 MINIMUM TEMPERATURE (F)   23        -1      1927


SUNRISE AND SUNSET
NOVEMBER 17 2014......SUNRISE   729 AM CST   SUNSET   505 PM CST
NOVEMBER 18 2014......SUNRISE   730 AM CST   SUNSET   504 PM CST


-  INDICATES NEGATIVE NUMBERS.
R  INDICATES RECORD WAS SET OR TIED.
MM INDICATES DATA IS MISSING.
T  INDICATES TRACE AMOUNT.




$$
