000
CDUS43 KFSD 170648
CLIMHE


CLIMATE REPORT
NATIONAL WEATHER SERVICE SIOUX FALLS SD
147 AM CDT FRI MAR 17 2017


...................................

...THE MITCHELL SD CLIMATE SUMMARY FOR MARCH 16 2017...

CLIMATE NORMAL PERIOD 1981 TO 2010
CLIMATE RECORD PERIOD 1893 TO 2017


WEATHER ITEM   OBSERVED TIME   RECORD YEAR NORMAL DEPARTURE LAST
                VALUE   (LST)  VALUE       VALUE  FROM      YEAR
                                                  NORMAL
..................................................................
TEMPERATURE (F)
 YESTERDAY
  MAXIMUM         58    338 PM  84    2012  44     14       57
  MINIMUM         33    804 AM -11    1906  24      9       33
                                      1900
  AVERAGE         46                        34     12       45

PRECIPITATION (IN)
  YESTERDAY        0.00          0.80 1917   0.03  -0.03      T
  MONTH TO DATE    0.34                      0.44  -0.10      T
  SINCE MAR 1      0.34                      0.44  -0.10      T
  SINCE JAN 1      1.50                      1.00   0.50     1.23

SNOWFALL (IN)
  YESTERDAY        0.0          11.0  1917  MM     MM        0.0
  MONTH TO DATE    3.6                      MM     MM         T
  SINCE MAR 1      3.6                      MM     MM         T
  SINCE JUL 1     29.0                      MM     MM       42.4
  SNOW DEPTH       0

DEGREE DAYS
 HEATING
  YESTERDAY       19                        31    -12       20
  MONTH TO DATE  556                       541     15      329
  SINCE MAR 1    556                       541     15      329
  SINCE JUL 1   5290                      6063   -773     5118

 COOLING
  YESTERDAY        0                         0      0        0
  MONTH TO DATE    0                         0      0        0
  SINCE MAR 1      0                         0      0        0
  SINCE JAN 1      0                         0      0        0
..................................................................


WIND (MPH)
  HIGHEST WIND SPEED    26   HIGHEST WIND DIRECTION    SE (150)
  HIGHEST GUST SPEED    35   HIGHEST GUST DIRECTION    SE (140)
  AVERAGE WIND SPEED    14.7


SKY COVER
  POSSIBLE SUNSHINE  MM
  AVERAGE SKY COVER 0.0


WEATHER CONDITIONS
 THE FOLLOWING WEATHER WAS RECORDED YESTERDAY.
  NO SIGNIFICANT WEATHER WAS OBSERVED.


RELATIVE HUMIDITY (PERCENT)
 HIGHEST    92          1100 PM
 LOWEST     50           300 PM
 AVERAGE    71

..........................................................


THE MITCHELL SD CLIMATE NORMALS FOR TODAY
                         NORMAL    RECORD    YEAR
 MAXIMUM TEMPERATURE (F)   45        80      2012
 MINIMUM TEMPERATURE (F)   24        -6      1902


SUNRISE AND SUNSET
MARCH 17 2017.........SUNRISE   740 AM CDT   SUNSET   741 PM CDT
MARCH 18 2017.........SUNRISE   738 AM CDT   SUNSET   742 PM CDT


-  INDICATES NEGATIVE NUMBERS.
R  INDICATES RECORD WAS SET OR TIED.
MM INDICATES DATA IS MISSING.
T  INDICATES TRACE AMOUNT.




$$
