000
CDUS43 KFSD 130637
CLIMHE


CLIMATE REPORT
NATIONAL WEATHER SERVICE SIOUX FALLS SD
136 AM CDT TUE SEP 13 2016


...................................

...THE MITCHELL SD CLIMATE SUMMARY FOR SEPTEMBER 12 2016...

CLIMATE NORMAL PERIOD 1981 TO 2010
CLIMATE RECORD PERIOD 1893 TO 2016


WEATHER ITEM   OBSERVED TIME   RECORD YEAR NORMAL DEPARTURE LAST
                VALUE   (LST)  VALUE       VALUE  FROM      YEAR
                                                  NORMAL
..................................................................
TEMPERATURE (F)
 YESTERDAY
  MAXIMUM         67    400 PM 100    1939  77    -10       74
                                      1908
  MINIMUM         53   1159 PM  24    1902  51      2       42
  AVERAGE         60                        64     -4       58

PRECIPITATION (IN)
  YESTERDAY        0.00          1.27 1982   0.08  -0.08     0.00
  MONTH TO DATE    1.71                      0.96   0.75      T
  SINCE SEP 1      1.71                      0.96   0.75      T
  SINCE JAN 1     21.12                     17.31   3.81    16.93

SNOWFALL (IN)
  YESTERDAY        0.0           0.0    MM  MM     MM        0.0
  MONTH TO DATE    0.0                      MM     MM        0.0
  SINCE SEP 1      0.0                      MM     MM        0.0
  SINCE JUL 1      0.0                      MM     MM        0.0
  SNOW DEPTH       0

DEGREE DAYS
 HEATING
  YESTERDAY        5                         3      2        7
  MONTH TO DATE   10                        28    -18       21
  SINCE SEP 1     10                        28    -18       21
  SINCE JUL 1     18                        45    -27       49

 COOLING
  YESTERDAY        0                         3     -3        0
  MONTH TO DATE   47                        48     -1       78
  SINCE SEP 1     47                        48     -1       78
  SINCE JAN 1    979                       793    186      802
..................................................................


WIND (MPH)
  HIGHEST WIND SPEED    30   HIGHEST WIND DIRECTION     N (10)
  HIGHEST GUST SPEED    37   HIGHEST GUST DIRECTION     N (360)
  AVERAGE WIND SPEED    12.0


SKY COVER
  POSSIBLE SUNSHINE  MM
  AVERAGE SKY COVER 0.5


WEATHER CONDITIONS
 THE FOLLOWING WEATHER WAS RECORDED YESTERDAY.
  NO SIGNIFICANT WEATHER WAS OBSERVED.


RELATIVE HUMIDITY (PERCENT)
 HIGHEST    90           500 AM
 LOWEST     56           700 PM
 AVERAGE    73

..........................................................


THE MITCHELL SD CLIMATE NORMALS FOR TODAY
                         NORMAL    RECORD    YEAR
 MAXIMUM TEMPERATURE (F)   77       101      1939
 MINIMUM TEMPERATURE (F)   51        31      1974


SUNRISE AND SUNSET
SEPTEMBER 13 2016.....SUNRISE   710 AM CDT   SUNSET   745 PM CDT
SEPTEMBER 14 2016.....SUNRISE   711 AM CDT   SUNSET   743 PM CDT


-  INDICATES NEGATIVE NUMBERS.
R  INDICATES RECORD WAS SET OR TIED.
MM INDICATES DATA IS MISSING.
T  INDICATES TRACE AMOUNT.




$$
