000
CDUS43 KFSD 092231
CLIMHE


CLIMATE REPORT
NATIONAL WEATHER SERVICE SIOUX FALLS SD
526 PM CDT FRI JUN 9 2017


...................................

...THE MITCHELL SD CLIMATE SUMMARY FOR JUNE 9 2017...
VALID TODAY AS OF 0500 PM LOCAL TIME.

CLIMATE NORMAL PERIOD 1981 TO 2010
CLIMATE RECORD PERIOD 1893 TO 2017


WEATHER ITEM   OBSERVED TIME   RECORD YEAR NORMAL DEPARTURE LAST
                VALUE   (LST)  VALUE       VALUE  FROM      YEAR
                                                  NORMAL
..................................................................
TEMPERATURE (F)
 TODAY
  MAXIMUM         94    359 PM  99    2015  78     16       98
  MINIMUM         62    441 AM  38    1915  56      6       66
  AVERAGE         78                        67     11       82

PRECIPITATION (IN)
  TODAY            0.00          2.24 2005   0.14  -0.14     0.00
  MONTH TO DATE    T                         1.33  -1.33     0.31
  SINCE JUN 1      T                         1.33  -1.33     0.31
  SINCE JAN 1      7.02                      8.06  -1.04    12.83

SNOWFALL (IN)
  TODAY            0.0           0.0    MM  MM     MM        0.0
  MONTH TO DATE    0.0                      MM     MM        0.0
  SINCE JUN 1      0.0                      MM     MM        0.0
  SINCE JUL 1     30.6                      MM     MM       46.3
  SNOW DEPTH       0

DEGREE DAYS
 HEATING
  TODAY            0                         2     -2        0
  MONTH TO DATE    0                        21    -21        4
  SINCE JUN 1      0                        21    -21        4
  SINCE JUL 1   6283                      7231   -948     6149

 COOLING
  TODAY           13                         4      9       17
  MONTH TO DATE   87                        28     59       44
  SINCE JUN 1     87                        28     59       44
  SINCE JAN 1    119                        68     51       88
..................................................................


WIND (MPH)
  HIGHEST WIND SPEED    26   HIGHEST WIND DIRECTION     S (180)
  HIGHEST GUST SPEED    38   HIGHEST GUST DIRECTION     S (190)
  AVERAGE WIND SPEED    12.5


SKY COVER
  POSSIBLE SUNSHINE  MM
  AVERAGE SKY COVER 0.0


WEATHER CONDITIONS
 THE FOLLOWING WEATHER WAS RECORDED TODAY.
  NO SIGNIFICANT WEATHER WAS OBSERVED.


RELATIVE HUMIDITY (PERCENT)
 HIGHEST    78           600 AM
 LOWEST     26           300 PM
 AVERAGE    52

..........................................................


THE MITCHELL SD CLIMATE NORMALS FOR TOMORROW
                         NORMAL    RECORD    YEAR
 MAXIMUM TEMPERATURE (F)   79       109      1933
 MINIMUM TEMPERATURE (F)   57        37      1928


SUNRISE AND SUNSET
JUNE  9 2017..........SUNRISE   550 AM CDT   SUNSET   913 PM CDT
JUNE 10 2017..........SUNRISE   550 AM CDT   SUNSET   914 PM CDT


-  INDICATES NEGATIVE NUMBERS.
R  INDICATES RECORD WAS SET OR TIED.
MM INDICATES DATA IS MISSING.
T  INDICATES TRACE AMOUNT.




$$
