000
CDUS43 KFSD 270624
CLIMHE


CLIMATE REPORT
NATIONAL WEATHER SERVICE SIOUX FALLS SD
124 AM CDT SAT SEP 27 2014


...................................

...THE MITCHELL SD CLIMATE SUMMARY FOR SEPTEMBER 26 2014...

CLIMATE NORMAL PERIOD 1981 TO 2010
CLIMATE RECORD PERIOD 1893 TO 2014


WEATHER ITEM   OBSERVED TIME   RECORD YEAR NORMAL DEPARTURE LAST
                VALUE   (LST)  VALUE       VALUE  FROM      YEAR
                                                  NORMAL
..................................................................
TEMPERATURE (F)
 YESTERDAY
  MAXIMUM         87    347 PM  96    1974  71     16       85
  MINIMUM         60    552 AM  24    1965  45     15       65
  AVERAGE         74                        58     16       75

PRECIPITATION (IN)
  YESTERDAY        0.00          1.63 1929   0.07  -0.07     0.00
  MONTH TO DATE    1.59                      2.03  -0.44     1.18
  SINCE SEP 1      1.59                      2.03  -0.44     1.18
  SINCE JAN 1     16.69                     18.38  -1.69    19.67

SNOWFALL (IN)
  YESTERDAY        0.0           0.0    MM  MM     MM        0.0
  MONTH TO DATE    0.0                      MM     MM        0.0
  SINCE SEP 1      0.0                      MM     MM        0.0
  SINCE JUL 1      0.0                      MM     MM        0.0
  SNOW DEPTH       0

DEGREE DAYS
 HEATING
  YESTERDAY        0                         8     -8        0
  MONTH TO DATE  118                       106     12       29
  SINCE SEP 1    118                       106     12       29
  SINCE JUL 1    130                       123      7       52

 COOLING
  YESTERDAY        9                         1      8       10
  MONTH TO DATE   60                        69     -9      158
  SINCE SEP 1     60                        69     -9      158
  SINCE JAN 1    706                       814   -108      939
..................................................................


WIND (MPH)
  HIGHEST WIND SPEED    20   HIGHEST WIND DIRECTION    SE (140)
  HIGHEST GUST SPEED    26   HIGHEST GUST DIRECTION    SE (140)
  AVERAGE WIND SPEED    11.5


SKY COVER
  POSSIBLE SUNSHINE  MM
  AVERAGE SKY COVER 0.0


WEATHER CONDITIONS
 THE FOLLOWING WEATHER WAS RECORDED YESTERDAY.
  NO SIGNIFICANT WEATHER WAS OBSERVED.


RELATIVE HUMIDITY (PERCENT)
 HIGHEST    97           500 AM
 LOWEST     43           300 PM
 AVERAGE    70

..........................................................


THE MITCHELL SD CLIMATE NORMALS FOR TODAY
                         NORMAL    RECORD    YEAR
 MAXIMUM TEMPERATURE (F)   71       100      1956
 MINIMUM TEMPERATURE (F)   44        24      1935


SUNRISE AND SUNSET
SEPTEMBER 27 2014.....SUNRISE   725 AM CDT   SUNSET   720 PM CDT
SEPTEMBER 28 2014.....SUNRISE   726 AM CDT   SUNSET   718 PM CDT


-  INDICATES NEGATIVE NUMBERS.
R  INDICATES RECORD WAS SET OR TIED.
MM INDICATES DATA IS MISSING.
T  INDICATES TRACE AMOUNT.




$$
