410
CDUS43 KFSD 180654
CLIMHE


CLIMATE REPORT
NATIONAL WEATHER SERVICE SIOUX FALLS SD
153 AM CDT THU AUG 18 2016


...................................

...THE MITCHELL SD CLIMATE SUMMARY FOR AUGUST 17 2016...

CLIMATE NORMAL PERIOD 1981 TO 2010
CLIMATE RECORD PERIOD 1893 TO 2016


WEATHER ITEM   OBSERVED TIME   RECORD YEAR NORMAL DEPARTURE LAST
                VALUE   (LST)  VALUE       VALUE  FROM      YEAR
                                                  NORMAL
..................................................................
TEMPERATURE (F)
 YESTERDAY
  MAXIMUM         90    412 PM 102    1936  83      7       71
  MINIMUM         61    602 AM  40    1943  61      0       58
                                      1897
  AVERAGE         76                        72      4       65

PRECIPITATION (IN)
  YESTERDAY        0.00          1.48 1912   0.09  -0.09     0.07
  MONTH TO DATE    1.78                      1.36   0.42     1.72
  SINCE JUN 1      5.36                      8.60  -3.24     7.90
  SINCE JAN 1     17.88                     15.33   2.55    14.99

SNOWFALL (IN)
  YESTERDAY        0.0           0.0    MM  MM     MM        0.0
  MONTH TO DATE    0.0                      MM     MM        0.0
  SINCE JUN 1      0.0                      MM     MM        0.0
  SINCE JUL 1      0.0                      MM     MM        0.0
  SNOW DEPTH       0

DEGREE DAYS
 HEATING
  YESTERDAY        0                         0      0        0
  MONTH TO DATE    0                         0      0        0
  SINCE JUN 1      7                        40    -33        5
  SINCE JUL 1      3                         5     -2        2

 COOLING
  YESTERDAY       11                         7      4        0
  MONTH TO DATE  176                       142     34      153
  SINCE JUN 1    791                       620    171      643
  SINCE JAN 1    835                       660    175      674
..................................................................


WIND (MPH)
  HIGHEST WIND SPEED    13   HIGHEST WIND DIRECTION     S (160)
  HIGHEST GUST SPEED    15   HIGHEST GUST DIRECTION    SE (150)
  AVERAGE WIND SPEED     4.5


SKY COVER
  POSSIBLE SUNSHINE  MM
  AVERAGE SKY COVER 0.0


WEATHER CONDITIONS
 THE FOLLOWING WEATHER WAS RECORDED YESTERDAY.
  FOG


RELATIVE HUMIDITY (PERCENT)
 HIGHEST   100           400 AM
 LOWEST     41           200 PM
 AVERAGE    71

..........................................................


THE MITCHELL SD CLIMATE NORMALS FOR TODAY
                         NORMAL    RECORD    YEAR
 MAXIMUM TEMPERATURE (F)   83       103      1934
 MINIMUM TEMPERATURE (F)   61        44      2002
                                             1966


SUNRISE AND SUNSET
AUGUST 18 2016........SUNRISE   640 AM CDT   SUNSET   830 PM CDT
AUGUST 19 2016........SUNRISE   642 AM CDT   SUNSET   829 PM CDT


-  INDICATES NEGATIVE NUMBERS.
R  INDICATES RECORD WAS SET OR TIED.
MM INDICATES DATA IS MISSING.
T  INDICATES TRACE AMOUNT.




$$
