000
CDUS43 KFSD 190640
CLIMHE


CLIMATE REPORT
NATIONAL WEATHER SERVICE SIOUX FALLS SD
132 AM CDT WED APR 19 2017


...................................

...THE MITCHELL SD CLIMATE SUMMARY FOR APRIL 18 2017...

CLIMATE NORMAL PERIOD 1981 TO 2010
CLIMATE RECORD PERIOD 1893 TO 2017


WEATHER ITEM   OBSERVED TIME   RECORD YEAR NORMAL DEPARTURE LAST
                VALUE   (LST)  VALUE       VALUE  FROM      YEAR
                                                  NORMAL
..................................................................
TEMPERATURE (F)
 YESTERDAY
  MAXIMUM         65   1213 PM  92    1985  62      3       47
  MINIMUM         46   1159 PM  17    1953  36     10       40
  AVERAGE         56                        49      7       44

PRECIPITATION (IN)
  YESTERDAY        0.13          3.29 1955   0.09   0.04     0.59
  MONTH TO DATE    2.13                      1.04   1.09     1.58
  SINCE MAR 1      2.47                      2.10   0.37     2.94
  SINCE JAN 1      3.63                      2.66   0.97     4.17

SNOWFALL (IN)
  YESTERDAY        0.0           3.3  2013  MM     MM        0.0
  MONTH TO DATE    1.6                      MM     MM        0.2
  SINCE MAR 1      5.2                      MM     MM        3.9
  SINCE JUL 1     30.6                      MM     MM       46.3
  SNOW DEPTH       0

DEGREE DAYS
 HEATING
  YESTERDAY        9                        16     -7       21
  MONTH TO DATE  251                       360   -109      318
  SINCE MAR 1   1120                      1318   -198     1023
  SINCE JUL 1   5854                      6840   -986     5812

 COOLING
  YESTERDAY        0                         0      0        0
  MONTH TO DATE    0                         0      0        0
  SINCE MAR 1      0                         0      0        0
  SINCE JAN 1      0                         0      0        0
..................................................................


WIND (MPH)
  HIGHEST WIND SPEED    29   HIGHEST WIND DIRECTION    NW (310)
  HIGHEST GUST SPEED    39   HIGHEST GUST DIRECTION     S (180)
  AVERAGE WIND SPEED    15.6


SKY COVER
  POSSIBLE SUNSHINE  MM
  AVERAGE SKY COVER 0.2


WEATHER CONDITIONS
 THE FOLLOWING WEATHER WAS RECORDED YESTERDAY.
  THUNDERSTORM
  RAIN
  LIGHT RAIN


RELATIVE HUMIDITY (PERCENT)
 HIGHEST    93          1000 PM
 LOWEST     48          1200 PM
 AVERAGE    71

..........................................................


THE MITCHELL SD CLIMATE NORMALS FOR TODAY
                         NORMAL    RECORD    YEAR
 MAXIMUM TEMPERATURE (F)   62        90      1923
 MINIMUM TEMPERATURE (F)   37        16      1928


SUNRISE AND SUNSET
APRIL 19 2017.........SUNRISE   642 AM CDT   SUNSET   821 PM CDT
APRIL 20 2017.........SUNRISE   641 AM CDT   SUNSET   822 PM CDT


-  INDICATES NEGATIVE NUMBERS.
R  INDICATES RECORD WAS SET OR TIED.
MM INDICATES DATA IS MISSING.
T  INDICATES TRACE AMOUNT.




$$
