000
CDUS43 KFSD 180628
CLIMHE


CLIMATE REPORT
NATIONAL WEATHER SERVICE SIOUX FALLS SD
126 AM CDT MON APR 18 2016


...................................

...THE MITCHELL SD CLIMATE SUMMARY FOR APRIL 17 2016...

CLIMATE NORMAL PERIOD 1981 TO 2010
CLIMATE RECORD PERIOD 1893 TO 2016


WEATHER ITEM   OBSERVED TIME   RECORD YEAR NORMAL DEPARTURE LAST
                VALUE   (LST)  VALUE       VALUE  FROM      YEAR
                                                  NORMAL
..................................................................
TEMPERATURE (F)
 YESTERDAY
  MAXIMUM         50   1206 PM  90    1985  61    -11       76
  MINIMUM         43    801 AM  11    1907  36      7       40
  AVERAGE         47                        49     -2       58

PRECIPITATION (IN)
  YESTERDAY        0.46          0.64 1896   0.08   0.38     0.00
  MONTH TO DATE    0.99                      0.95   0.04     0.26
  SINCE MAR 1      2.35                      2.01   0.34     0.39
  SINCE JAN 1      3.58                      2.57   1.01     1.16

SNOWFALL (IN)
  YESTERDAY        0.0           3.0  1910  MM     MM        0.0
  MONTH TO DATE    0.2                      MM     MM        0.0
  SINCE MAR 1      3.9                      MM     MM        0.7
  SINCE JUL 1     46.3                      MM     MM       22.6
  SNOW DEPTH       0

DEGREE DAYS
 HEATING
  YESTERDAY       18                        16      2        7
  MONTH TO DATE  297                       344    -47      232
  SINCE MAR 1   1002                      1302   -300     1000
  SINCE JUL 1   5791                      6824  -1033     6490

 COOLING
  YESTERDAY        0                         0      0        0
  MONTH TO DATE    0                         0      0        0
  SINCE MAR 1      0                         0      0        4
  SINCE JAN 1      0                         0      0        4
..................................................................


WIND (MPH)
  HIGHEST WIND SPEED    21   HIGHEST WIND DIRECTION     N (360)
  HIGHEST GUST SPEED    24   HIGHEST GUST DIRECTION     N (360)
  AVERAGE WIND SPEED    12.5


SKY COVER
  POSSIBLE SUNSHINE  MM
  AVERAGE SKY COVER 1.0


WEATHER CONDITIONS
 THE FOLLOWING WEATHER WAS RECORDED YESTERDAY.
  RAIN
  LIGHT RAIN
  FOG


RELATIVE HUMIDITY (PERCENT)
 HIGHEST   100           400 AM
 LOWEST     86          1200 PM
 AVERAGE    93

..........................................................


THE MITCHELL SD CLIMATE NORMALS FOR TODAY
                         NORMAL    RECORD    YEAR
 MAXIMUM TEMPERATURE (F)   62        92      1985
 MINIMUM TEMPERATURE (F)   36        17      1953


SUNRISE AND SUNSET
APRIL 18 2016.........SUNRISE   643 AM CDT   SUNSET   820 PM CDT
APRIL 19 2016.........SUNRISE   642 AM CDT   SUNSET   821 PM CDT


-  INDICATES NEGATIVE NUMBERS.
R  INDICATES RECORD WAS SET OR TIED.
MM INDICATES DATA IS MISSING.
T  INDICATES TRACE AMOUNT.




$$
