000
CDUS43 KFSD 212228
CLIMHE


CLIMATE REPORT
NATIONAL WEATHER SERVICE SIOUX FALLS SD
527 PM CDT SAT MAR 21 2015


...................................

...THE MITCHELL SD CLIMATE SUMMARY FOR MARCH 21 2015...
VALID TODAY AS OF 0500 PM LOCAL TIME.

CLIMATE NORMAL PERIOD 1981 TO 2010
CLIMATE RECORD PERIOD 1893 TO 2015


WEATHER ITEM   OBSERVED TIME   RECORD YEAR NORMAL DEPARTURE LAST
                VALUE   (LST)  VALUE       VALUE  FROM      YEAR
                                                  NORMAL
..................................................................
TEMPERATURE (F)
 TODAY
  MAXIMUM         53    359 PM  88    1907  47      6       46
  MINIMUM         20    616 AM  -7    1965  25     -5       20
  AVERAGE         37                        36      1       33

PRECIPITATION (IN)
  TODAY            0.00          0.48 1987   0.03  -0.03     0.00
  MONTH TO DATE    0.08                      0.61  -0.53     0.55
  SINCE MAR 1      0.08                      0.61  -0.53     0.55
  SINCE JAN 1      0.85                      1.17  -0.32     1.05

SNOWFALL (IN)
  TODAY            0.0           6.0  1932  MM     MM        0.0
  MONTH TO DATE    0.7                      MM     MM        6.2
  SINCE MAR 1      0.7                      MM     MM        6.2
  SINCE JUL 1     22.6                      MM     MM       28.4
  SNOW DEPTH       0

DEGREE DAYS
 HEATING
  TODAY           28                        29     -1       32
  MONTH TO DATE  529                       690   -161      732
  SINCE MAR 1    529                       690   -161      732
  SINCE JUL 1   6019                      6212   -193     6682

 COOLING
  TODAY            0                         0      0        0
  MONTH TO DATE    4                         0      4        0
  SINCE MAR 1      4                         0      4        0
  SINCE JAN 1      4                         0      4        0
..................................................................


WIND (MPH)
  HIGHEST WIND SPEED    22   HIGHEST WIND DIRECTION    SE (120)
  HIGHEST GUST SPEED    28   HIGHEST GUST DIRECTION     E (100)
  AVERAGE WIND SPEED    10.8


SKY COVER
  POSSIBLE SUNSHINE  MM
  AVERAGE SKY COVER 0.0


WEATHER CONDITIONS
 THE FOLLOWING WEATHER WAS RECORDED TODAY.
  NO SIGNIFICANT WEATHER WAS OBSERVED.


RELATIVE HUMIDITY (PERCENT)
 HIGHEST   100           300 AM
 LOWEST     32           300 PM
 AVERAGE    66

..........................................................


THE MITCHELL SD CLIMATE NORMALS FOR TOMORROW
                         NORMAL    RECORD    YEAR
 MAXIMUM TEMPERATURE (F)   47        87      1939
 MINIMUM TEMPERATURE (F)   26        -5      1899


SUNRISE AND SUNSET
MARCH 21 2015.........SUNRISE   734 AM CDT   SUNSET   745 PM CDT
MARCH 22 2015.........SUNRISE   732 AM CDT   SUNSET   747 PM CDT


-  INDICATES NEGATIVE NUMBERS.
R  INDICATES RECORD WAS SET OR TIED.
MM INDICATES DATA IS MISSING.
T  INDICATES TRACE AMOUNT.




$$
