000
CDUS43 KFSD 092222
CLIMHE


CLIMATE REPORT
NATIONAL WEATHER SERVICE SIOUX FALLS SD
521 PM CDT WED APR 9 2014


...................................

...THE MITCHELL SD CLIMATE SUMMARY FOR APRIL 9 2014...
VALID TODAY AS OF 0500 PM LOCAL TIME.

CLIMATE NORMAL PERIOD 1981 TO 2010
CLIMATE RECORD PERIOD 1893 TO 2014


WEATHER ITEM   OBSERVED TIME   RECORD YEAR NORMAL DEPARTURE LAST
                VALUE   (LST)  VALUE       VALUE  FROM      YEAR
                                                  NORMAL
..................................................................
TEMPERATURE (F)
 TODAY
  MAXIMUM         84    359 PM  92    1977  57     27       32
                                      1930
  MINIMUM         34    547 AM  10    1997  32      2       19
  AVERAGE         59                        45     14       26

PRECIPITATION (IN)
  TODAY            0.00          0.82 1941   0.07  -0.07     0.68
  MONTH TO DATE    T                         0.35  -0.35     0.69
  SINCE MAR 1      1.04                      1.41  -0.37     1.49
  SINCE JAN 1      1.54                      1.97  -0.43     3.06

SNOWFALL (IN)
  TODAY            0.0           7.0  1913  MM     MM        4.8
  MONTH TO DATE    T                        MM     MM        4.8
  SINCE MAR 1      8.6                      MM     MM        8.2
  SINCE JUL 1     30.8                      MM     MM       36.1
  SNOW DEPTH       0

DEGREE DAYS
 HEATING
  TODAY            6                        20    -14       39
  MONTH TO DATE  211                       200     11      214
  SINCE MAR 1   1257                      1158     99     1353
  SINCE JUL 1   7207                      6680    527     6818

 COOLING
  TODAY            0                         0      0        0
  MONTH TO DATE    0                         0      0        0
  SINCE MAR 1      0                         0      0        0
  SINCE JAN 1      0                         0      0        0
..................................................................


WIND (MPH)
  HIGHEST WIND SPEED    21   HIGHEST WIND DIRECTION     W (270)
  HIGHEST GUST SPEED    27   HIGHEST GUST DIRECTION    SW (240)
  AVERAGE WIND SPEED    12.0


SKY COVER
  POSSIBLE SUNSHINE  MM
  AVERAGE SKY COVER 0.0


WEATHER CONDITIONS
 THE FOLLOWING WEATHER WAS RECORDED TODAY.
  NO SIGNIFICANT WEATHER WAS OBSERVED.


RELATIVE HUMIDITY (PERCENT)
 HIGHEST    MM
 LOWEST     MM
 AVERAGE    MM

..........................................................


THE MITCHELL SD CLIMATE NORMALS FOR TOMORROW
                         NORMAL    RECORD    YEAR
 MAXIMUM TEMPERATURE (F)   58        88      1977
 MINIMUM TEMPERATURE (F)   33        13      1939


SUNRISE AND SUNSET
APRIL  9 2014.........SUNRISE   700 AM CDT   SUNSET   809 PM CDT
APRIL 10 2014.........SUNRISE   658 AM CDT   SUNSET   810 PM CDT


-  INDICATES NEGATIVE NUMBERS.
R  INDICATES RECORD WAS SET OR TIED.
MM INDICATES DATA IS MISSING.
T  INDICATES TRACE AMOUNT.




$$
