000
CDUS43 KFSD 200648
CLIMHE


CLIMATE REPORT
NATIONAL WEATHER SERVICE SIOUX FALLS SD
148 AM CDT THU JUL 20 2017


...................................

...THE MITCHELL SD CLIMATE SUMMARY FOR JULY 19 2017...

CLIMATE NORMAL PERIOD 1981 TO 2010
CLIMATE RECORD PERIOD 1893 TO 2017


WEATHER ITEM   OBSERVED TIME   RECORD YEAR NORMAL DEPARTURE LAST
                VALUE   (LST)  VALUE       VALUE  FROM      YEAR
                                                  NORMAL
..................................................................
TEMPERATURE (F)
 YESTERDAY
  MAXIMUM         90    318 PM 109    1936  87      3       90
  MINIMUM         66    542 AM  48    1911  63      3       73
  AVERAGE         78                        75      3       82

PRECIPITATION (IN)
  YESTERDAY        0.00          1.50 1907   0.08  -0.08     0.07
  MONTH TO DATE    1.74                      1.99  -0.25     0.92
  SINCE JUN 1      2.49                      6.12  -3.63     2.96
  SINCE JAN 1      9.51                     12.85  -3.34    15.48

SNOWFALL (IN)
  YESTERDAY        0.0           0.0    MM  MM     MM        0.0
  MONTH TO DATE    0.0                      MM     MM        0.0
  SINCE JUN 1      0.0                      MM     MM        0.0
  SINCE JUL 1      0.0                      MM     MM        0.0
  SNOW DEPTH       0

DEGREE DAYS
 HEATING
  YESTERDAY        0                         0      0        0
  MONTH TO DATE    0                         0      0        3
  SINCE JUN 1     12                        35    -23        7
  SINCE JUL 1      0                         0      0        3

 COOLING
  YESTERDAY       13                        10      3       17
  MONTH TO DATE  251                       188     63      169
  SINCE JUN 1    469                       358    111      453
  SINCE JAN 1    501                       398    103      497
..................................................................


WIND (MPH)
  HIGHEST WIND SPEED    24   HIGHEST WIND DIRECTION    SE (150)
  HIGHEST GUST SPEED    30   HIGHEST GUST DIRECTION    SE (140)
  AVERAGE WIND SPEED     9.2


SKY COVER
  POSSIBLE SUNSHINE  MM
  AVERAGE SKY COVER 0.1


WEATHER CONDITIONS
 THE FOLLOWING WEATHER WAS RECORDED YESTERDAY.
  FOG


RELATIVE HUMIDITY (PERCENT)
 HIGHEST    97           700 AM
 LOWEST     68           300 PM
 AVERAGE    83

..........................................................


THE MITCHELL SD CLIMATE NORMALS FOR TODAY
                         NORMAL    RECORD    YEAR
 MAXIMUM TEMPERATURE (F)   87       112      1934
 MINIMUM TEMPERATURE (F)   63        46      1898


SUNRISE AND SUNSET
JULY 20 2017..........SUNRISE   609 AM CDT   SUNSET   908 PM CDT
JULY 21 2017..........SUNRISE   610 AM CDT   SUNSET   907 PM CDT


-  INDICATES NEGATIVE NUMBERS.
R  INDICATES RECORD WAS SET OR TIED.
MM INDICATES DATA IS MISSING.
T  INDICATES TRACE AMOUNT.




$$
