000
CDUS43 KFSD 110633
CLIMHE


CLIMATE REPORT
NATIONAL WEATHER SERVICE SIOUX FALLS SD
131 AM CDT THU MAY 11 2017


...................................

...THE MITCHELL SD CLIMATE SUMMARY FOR MAY 10 2017...

CLIMATE NORMAL PERIOD 1981 TO 2010
CLIMATE RECORD PERIOD 1893 TO 2017


WEATHER ITEM   OBSERVED TIME   RECORD YEAR NORMAL DEPARTURE LAST
                VALUE   (LST)  VALUE       VALUE  FROM      YEAR
                                                  NORMAL
..................................................................
TEMPERATURE (F)
 YESTERDAY
  MAXIMUM         71    605 PM  92    1987  70      1       75
  MINIMUM         50   1141 PM  26    1981  46      4       53
  AVERAGE         61                        58      3       64

PRECIPITATION (IN)
  YESTERDAY        0.06          1.47 1918   0.07  -0.01     0.52
  MONTH TO DATE    0.30                      0.80  -0.50     0.95
  SINCE MAR 1      3.81                      4.04  -0.23     7.68
  SINCE JAN 1      4.97                      4.60   0.37     8.91

SNOWFALL (IN)
  YESTERDAY        0.0           T    1966  MM     MM        0.0
  MONTH TO DATE    0.0                      MM     MM        0.0
  SINCE MAR 1      5.2                      MM     MM        3.9
  SINCE JUL 1     30.6                      MM     MM       46.3
  SNOW DEPTH       0

DEGREE DAYS
 HEATING
  YESTERDAY        4                         8     -4        1
  MONTH TO DATE   64                        94    -30       58
  SINCE MAR 1   1409                      1572   -163     1251
  SINCE JUL 1   6143                      7094   -951     6040

 COOLING
  YESTERDAY        0                         1     -1        0
  MONTH TO DATE    7                         7      0        8
  SINCE MAR 1      7                         9     -2       12
  SINCE JAN 1      7                         9     -2       12
..................................................................


WIND (MPH)
  HIGHEST WIND SPEED    17   HIGHEST WIND DIRECTION     N (350)
  HIGHEST GUST SPEED    22   HIGHEST GUST DIRECTION     N (360)
  AVERAGE WIND SPEED     7.0


SKY COVER
  POSSIBLE SUNSHINE  MM
  AVERAGE SKY COVER 0.7


WEATHER CONDITIONS
 THE FOLLOWING WEATHER WAS RECORDED YESTERDAY.
  LIGHT RAIN
  FOG


RELATIVE HUMIDITY (PERCENT)
 HIGHEST    86          1000 AM
 LOWEST     37           600 PM
 AVERAGE    62

..........................................................


THE MITCHELL SD CLIMATE NORMALS FOR TODAY
                         NORMAL    RECORD    YEAR
 MAXIMUM TEMPERATURE (F)   70        96      1906
                                             1900
 MINIMUM TEMPERATURE (F)   46        21      1946


SUNRISE AND SUNSET
MAY 11 2017...........SUNRISE   611 AM CDT   SUNSET   847 PM CDT
MAY 12 2017...........SUNRISE   610 AM CDT   SUNSET   848 PM CDT


-  INDICATES NEGATIVE NUMBERS.
R  INDICATES RECORD WAS SET OR TIED.
MM INDICATES DATA IS MISSING.
T  INDICATES TRACE AMOUNT.




$$
