000
CDUS43 KFSD 050640
CLIMHE


CLIMATE REPORT
NATIONAL WEATHER SERVICE SIOUX FALLS SD
1237 AM CST THU MAR 5 2015


...................................

...THE MITCHELL SD CLIMATE SUMMARY FOR MARCH 4 2015...

CLIMATE NORMAL PERIOD 1981 TO 2010
CLIMATE RECORD PERIOD 1893 TO 2015


WEATHER ITEM   OBSERVED TIME   RECORD YEAR NORMAL DEPARTURE LAST
                VALUE   (LST)  VALUE       VALUE  FROM      YEAR
                                                  NORMAL
..................................................................
TEMPERATURE (F)
 YESTERDAY
  MAXIMUM         14    211 PM  70    2000  39    -25       23
  MINIMUM         -3   1039 PM -21    1960  20    -23       -1
  AVERAGE          6                        30    -24       11

PRECIPITATION (IN)
  YESTERDAY        T             0.99 1985   0.03  -0.03     0.03
  MONTH TO DATE    0.04                      0.09  -0.05     0.21
  SINCE MAR 1      0.04                      0.09  -0.05     0.21
  SINCE JAN 1      0.81                      0.65   0.16     0.71

SNOWFALL (IN)
  YESTERDAY        T             6.7  1985  MM     MM        0.3
  MONTH TO DATE    0.7                      MM     MM        2.8
  SINCE MAR 1      0.7                      MM     MM        2.8
  SINCE JUL 1     22.6                      MM     MM       25.0
  SNOW DEPTH       1

DEGREE DAYS
 HEATING
  YESTERDAY       59                        35     24       54
  MONTH TO DATE  191                       144     47      256
  SINCE MAR 1    191                       144     47      256
  SINCE JUL 1   5681                      5666     15     6206

 COOLING
  YESTERDAY        0                         0      0        0
  MONTH TO DATE    0                         0      0        0
  SINCE MAR 1      0                         0      0        0
  SINCE JAN 1      0                         0      0        0
..................................................................


WIND (MPH)
  HIGHEST WIND SPEED    29   HIGHEST WIND DIRECTION    NW (320)
  HIGHEST GUST SPEED    35   HIGHEST GUST DIRECTION    NW (330)
  AVERAGE WIND SPEED    11.3


SKY COVER
  POSSIBLE SUNSHINE  MM
  AVERAGE SKY COVER 0.1


WEATHER CONDITIONS
 THE FOLLOWING WEATHER WAS RECORDED YESTERDAY.
  NO SIGNIFICANT WEATHER WAS OBSERVED.


RELATIVE HUMIDITY (PERCENT)
 HIGHEST    87           500 AM
 LOWEST     52          1200 PM
 AVERAGE    70

..........................................................


THE MITCHELL SD CLIMATE NORMALS FOR TODAY
                         NORMAL    RECORD    YEAR
 MAXIMUM TEMPERATURE (F)   40        74      2000
 MINIMUM TEMPERATURE (F)   20       -14      1920


SUNRISE AND SUNSET
MARCH  5 2015.........SUNRISE   702 AM CST   SUNSET   626 PM CST
MARCH  6 2015.........SUNRISE   701 AM CST   SUNSET   627 PM CST


-  INDICATES NEGATIVE NUMBERS.
R  INDICATES RECORD WAS SET OR TIED.
MM INDICATES DATA IS MISSING.
T  INDICATES TRACE AMOUNT.




$$
