000
CDUS43 KFSD 260646
CLIMHE


CLIMATE REPORT
NATIONAL WEATHER SERVICE SIOUX FALLS SD
146 AM CDT SUN MAR 26 2017


...................................

...THE MITCHELL SD CLIMATE SUMMARY FOR MARCH 25 2017...

CLIMATE NORMAL PERIOD 1981 TO 2010
CLIMATE RECORD PERIOD 1893 TO 2017


WEATHER ITEM   OBSERVED TIME   RECORD YEAR NORMAL DEPARTURE LAST
                VALUE   (LST)  VALUE       VALUE  FROM      YEAR
                                                  NORMAL
..................................................................
TEMPERATURE (F)
 YESTERDAY
  MAXIMUM         48    425 PM  85    1939  49     -1       58
  MINIMUM         34    859 AM  -1    1964  27      7       29
  AVERAGE         41                        38      3       44

PRECIPITATION (IN)
  YESTERDAY        0.00          1.15 1942   0.03  -0.03     0.12
  MONTH TO DATE    0.34                      0.74  -0.40     0.60
  SINCE MAR 1      0.34                      0.74  -0.40     0.60
  SINCE JAN 1      1.50                      1.30   0.20     1.83

SNOWFALL (IN)
  YESTERDAY        0.0           4.0  1983  MM     MM        0.0
  MONTH TO DATE    3.6                      MM     MM        3.7
  SINCE MAR 1      3.6                      MM     MM        3.7
  SINCE JUL 1     29.0                      MM     MM       46.1
  SNOW DEPTH       0

DEGREE DAYS
 HEATING
  YESTERDAY       24                        27     -3       21
  MONTH TO DATE  756                       802    -46      570
  SINCE MAR 1    756                       802    -46      570
  SINCE JUL 1   5490                      6324   -834     5359

 COOLING
  YESTERDAY        0                         0      0        0
  MONTH TO DATE    0                         0      0        0
  SINCE MAR 1      0                         0      0        0
  SINCE JAN 1      0                         0      0        0
..................................................................


WIND (MPH)
  HIGHEST WIND SPEED    14   HIGHEST WIND DIRECTION     E (110)
  HIGHEST GUST SPEED    18   HIGHEST GUST DIRECTION    NE (60)
  AVERAGE WIND SPEED     8.7


SKY COVER
  POSSIBLE SUNSHINE  MM
  AVERAGE SKY COVER 1.0


WEATHER CONDITIONS
 THE FOLLOWING WEATHER WAS RECORDED YESTERDAY.
  FOG


RELATIVE HUMIDITY (PERCENT)
 HIGHEST   100          1000 PM
 LOWEST     65           300 PM
 AVERAGE    83

..........................................................


THE MITCHELL SD CLIMATE NORMALS FOR TODAY
                         NORMAL    RECORD    YEAR
 MAXIMUM TEMPERATURE (F)   49        85      2012
 MINIMUM TEMPERATURE (F)   27        -3      1996


SUNRISE AND SUNSET
MARCH 26 2017.........SUNRISE   724 AM CDT   SUNSET   752 PM CDT
MARCH 27 2017.........SUNRISE   722 AM CDT   SUNSET   753 PM CDT


-  INDICATES NEGATIVE NUMBERS.
R  INDICATES RECORD WAS SET OR TIED.
MM INDICATES DATA IS MISSING.
T  INDICATES TRACE AMOUNT.




$$
