000
CDUS43 KFSD 210627
CLIMHE


CLIMATE REPORT
NATIONAL WEATHER SERVICE SIOUX FALLS SD
124 AM CDT SUN MAY 21 2017


...................................

...THE MITCHELL SD CLIMATE SUMMARY FOR MAY 20 2017...

CLIMATE NORMAL PERIOD 1981 TO 2010
CLIMATE RECORD PERIOD 1893 TO 2017


WEATHER ITEM   OBSERVED TIME   RECORD YEAR NORMAL DEPARTURE LAST
                VALUE   (LST)  VALUE       VALUE  FROM      YEAR
                                                  NORMAL
..................................................................
TEMPERATURE (F)
 YESTERDAY
  MAXIMUM         47   1222 AM 102    1934  72    -25       68
  MINIMUM         38   1146 PM  30    1931  49    -11       49
                                      1907
  AVERAGE         43                        61    -18       59

PRECIPITATION (IN)
  YESTERDAY        0.59          0.95 2013   0.08   0.51     0.00
  MONTH TO DATE    2.28                      1.53   0.75     0.98
  SINCE MAR 1      5.79                      4.77   1.02     7.71
  SINCE JAN 1      6.95                      5.33   1.62     8.94

SNOWFALL (IN)
  YESTERDAY        0.0           0.0    MM  MM     MM        0.0
  MONTH TO DATE    0.0                      MM     MM        0.0
  SINCE MAR 1      5.2                      MM     MM        3.9
  SINCE JUL 1     30.6                      MM     MM       46.3
  SNOW DEPTH       0

DEGREE DAYS
 HEATING
  YESTERDAY       22                         6     16        6
  MONTH TO DATE  131                       163    -32      158
  SINCE MAR 1   1476                      1641   -165     1351
  SINCE JUL 1   6210                      7163   -953     6140

 COOLING
  YESTERDAY        0                         1     -1        0
  MONTH TO DATE   32                        17     15        8
  SINCE MAR 1     32                        19     13       12
  SINCE JAN 1     32                        19     13       12
..................................................................


WIND (MPH)
  HIGHEST WIND SPEED    20   HIGHEST WIND DIRECTION     N (350)
  HIGHEST GUST SPEED    26   HIGHEST GUST DIRECTION    NE (40)
  AVERAGE WIND SPEED    12.9


SKY COVER
  POSSIBLE SUNSHINE  MM
  AVERAGE SKY COVER 1.0


WEATHER CONDITIONS
 THE FOLLOWING WEATHER WAS RECORDED YESTERDAY.
  RAIN
  LIGHT RAIN
  FOG


RELATIVE HUMIDITY (PERCENT)
 HIGHEST   100           700 AM
 LOWEST     71          1200 AM
 AVERAGE    86

..........................................................


THE MITCHELL SD CLIMATE NORMALS FOR TODAY
                         NORMAL    RECORD    YEAR
 MAXIMUM TEMPERATURE (F)   72        97      1964
 MINIMUM TEMPERATURE (F)   50        23      1931


SUNRISE AND SUNSET
MAY 21 2017...........SUNRISE   601 AM CDT   SUNSET   858 PM CDT
MAY 22 2017...........SUNRISE   600 AM CDT   SUNSET   859 PM CDT


-  INDICATES NEGATIVE NUMBERS.
R  INDICATES RECORD WAS SET OR TIED.
MM INDICATES DATA IS MISSING.
T  INDICATES TRACE AMOUNT.




$$
