843
CDUS43 KFSD 240657
CLIMHE


CLIMATE REPORT
NATIONAL WEATHER SERVICE SIOUX FALLS SD
1257 AM CST FRI FEB 24 2017


...................................

...THE MITCHELL SD CLIMATE SUMMARY FOR FEBRUARY 23 2017...

CLIMATE NORMAL PERIOD 1981 TO 2010
CLIMATE RECORD PERIOD 1893 TO 2017


WEATHER ITEM   OBSERVED TIME   RECORD YEAR NORMAL DEPARTURE LAST
                VALUE   (LST)  VALUE       VALUE  FROM      YEAR
                                                  NORMAL
..................................................................
TEMPERATURE (F)
 YESTERDAY
  MAXIMUM         33   1258 PM  70    1958  36     -3       45
  MINIMUM         28   1159 PM -24    1914  17     11       25
  AVERAGE         31                        26      5       35

PRECIPITATION (IN)
  YESTERDAY        0.22          1.37 1977   0.01   0.21     0.00
  MONTH TO DATE    0.40                      0.28   0.12     0.30
  SINCE DEC 1      2.27                      0.95   1.32     1.78
  SINCE JAN 1      1.16                      0.50   0.66     0.75

SNOWFALL (IN)
  YESTERDAY        2.4          10.0  1942  MM     MM        0.0
  MONTH TO DATE    2.4                      MM     MM        2.7
  SINCE DEC 1     19.9                      MM     MM       23.8
  SINCE JUL 1     25.4                      MM     MM       37.0
  SNOW DEPTH       0

DEGREE DAYS
 HEATING
  YESTERDAY       34                        39     -5       30
  MONTH TO DATE  711                       967   -256      819
  SINCE DEC 1   3466                      3766   -300     3437
  SINCE JUL 1   4560                      5334   -774     4620

 COOLING
  YESTERDAY        0                         0      0        0
  MONTH TO DATE    0                         0      0        0
  SINCE DEC 1      0                         0      0        0
  SINCE JAN 1      0                         0      0        0
..................................................................


WIND (MPH)
  HIGHEST WIND SPEED    29   HIGHEST WIND DIRECTION    NE (30)
  HIGHEST GUST SPEED    35   HIGHEST GUST DIRECTION     N (20)
  AVERAGE WIND SPEED    16.6


SKY COVER
  POSSIBLE SUNSHINE  MM
  AVERAGE SKY COVER 0.9


WEATHER CONDITIONS
 THE FOLLOWING WEATHER WAS RECORDED YESTERDAY.
  SNOW
  LIGHT SNOW
  FOG
  FOG W/VISIBILITY <= 1/4 MILE
  HAZE


RELATIVE HUMIDITY (PERCENT)
 HIGHEST    92           700 AM
 LOWEST     69          1100 AM
 AVERAGE    81

..........................................................


THE MITCHELL SD CLIMATE NORMALS FOR TODAY
                         NORMAL    RECORD    YEAR
 MAXIMUM TEMPERATURE (F)   37        64      1995
                                             1976
 MINIMUM TEMPERATURE (F)   17       -24      1993


SUNRISE AND SUNSET
FEBRUARY 24 2017......SUNRISE   717 AM CST   SUNSET   615 PM CST
FEBRUARY 25 2017......SUNRISE   715 AM CST   SUNSET   616 PM CST


-  INDICATES NEGATIVE NUMBERS.
R  INDICATES RECORD WAS SET OR TIED.
MM INDICATES DATA IS MISSING.
T  INDICATES TRACE AMOUNT.




$$
