000
CDUS43 KFSD 190626
CLIMHE


CLIMATE REPORT
NATIONAL WEATHER SERVICE SIOUX FALLS SD
1225 AM CST WED NOV 19 2014


...................................

...THE MITCHELL SD CLIMATE SUMMARY FOR NOVEMBER 18 2014...

CLIMATE NORMAL PERIOD 1981 TO 2010
CLIMATE RECORD PERIOD 1893 TO 2014


WEATHER ITEM   OBSERVED TIME   RECORD YEAR NORMAL DEPARTURE LAST
                VALUE   (LST)  VALUE       VALUE  FROM      YEAR
                                                  NORMAL
..................................................................
TEMPERATURE (F)
 YESTERDAY
  MAXIMUM         32   1141 PM  77    1904  43    -11       47
  MINIMUM          8   1258 AM  -1    1927  23    -15       21
  AVERAGE         20                        32    -12       34

PRECIPITATION (IN)
  YESTERDAY        0.00          0.61 1948   0.01  -0.01     0.00
  MONTH TO DATE    0.45                      0.56  -0.11     0.34
  SINCE SEP 1      2.83                      4.50  -1.67     7.12
  SINCE JAN 1     17.93                     20.85  -2.92    25.61

SNOWFALL (IN)
  YESTERDAY        0.0           6.0  1948  MM     MM        0.0
  MONTH TO DATE    5.1                      MM     MM        3.4
  SINCE SEP 1      5.1                      MM     MM        3.4
  SINCE JUL 1      5.1                      MM     MM        3.4
  SNOW DEPTH       3

DEGREE DAYS
 HEATING
  YESTERDAY       45                        32     13       31
  MONTH TO DATE  629                       492    137      471
  SINCE SEP 1   1157                      1116     41     1031
  SINCE JUL 1   1169                      1133     36     1054

 COOLING
  YESTERDAY        0                         0      0        0
  MONTH TO DATE    0                         0      0        0
  SINCE SEP 1     78                        79     -1      165
  SINCE JAN 1    724                       824   -100      946
..................................................................


WIND (MPH)
  HIGHEST WIND SPEED    29   HIGHEST WIND DIRECTION    NW (330)
  HIGHEST GUST SPEED    39   HIGHEST GUST DIRECTION    NW (330)
  AVERAGE WIND SPEED    11.5


SKY COVER
  POSSIBLE SUNSHINE  MM
  AVERAGE SKY COVER 0.8


WEATHER CONDITIONS
 THE FOLLOWING WEATHER WAS RECORDED YESTERDAY.
  NO SIGNIFICANT WEATHER WAS OBSERVED.


RELATIVE HUMIDITY (PERCENT)
 HIGHEST    80          1000 AM
 LOWEST     63           900 PM
 AVERAGE    72

..........................................................


THE MITCHELL SD CLIMATE NORMALS FOR TODAY
                         NORMAL    RECORD    YEAR
 MAXIMUM TEMPERATURE (F)   42        72      1897
 MINIMUM TEMPERATURE (F)   22        -5      1914


SUNRISE AND SUNSET
NOVEMBER 19 2014......SUNRISE   732 AM CST   SUNSET   503 PM CST
NOVEMBER 20 2014......SUNRISE   733 AM CST   SUNSET   502 PM CST


-  INDICATES NEGATIVE NUMBERS.
R  INDICATES RECORD WAS SET OR TIED.
MM INDICATES DATA IS MISSING.
T  INDICATES TRACE AMOUNT.




$$
