000
CDUS43 KFSD 240654
CLIMHE


CLIMATE REPORT
NATIONAL WEATHER SERVICE SIOUX FALLS SD
152 AM CDT MON AUG 24 2015


...................................

...THE MITCHELL SD CLIMATE SUMMARY FOR AUGUST 23 2015...

CLIMATE NORMAL PERIOD 1981 TO 2010
CLIMATE RECORD PERIOD 1893 TO 2015


WEATHER ITEM   OBSERVED TIME   RECORD YEAR NORMAL DEPARTURE LAST
                VALUE   (LST)  VALUE       VALUE  FROM      YEAR
                                                  NORMAL
..................................................................
TEMPERATURE (F)
 YESTERDAY
  MAXIMUM         72    434 PM 105    1936  83    -11       82
  MINIMUM         50   1159 PM  41    1927  60    -10       68
  AVERAGE         61                        71    -10       75

PRECIPITATION (IN)
  YESTERDAY        0.00          3.41 1957   0.07  -0.07     1.82
  MONTH TO DATE    3.49                      1.82   1.67     3.81
  SINCE JUN 1      9.67                      9.06   0.61     9.36
  SINCE JAN 1     16.76                     15.79   0.97    14.09

SNOWFALL (IN)
  YESTERDAY        0.0           0.0    MM  MM     MM        0.0
  MONTH TO DATE    0.0                      MM     MM        0.0
  SINCE JUN 1      0.0                      MM     MM        0.0
  SINCE JUL 1      0.0                      MM     MM        0.0
  SNOW DEPTH       0

DEGREE DAYS
 HEATING
  YESTERDAY        4                         0      4        0
  MONTH TO DATE   17                         0     17        0
  SINCE JUN 1     22                        40    -18       35
  SINCE JUL 1     19                         5     14        9

 COOLING
  YESTERDAY        0                         6     -6       10
  MONTH TO DATE  162                       183    -21      159
  SINCE JUN 1    652                       661     -9      533
  SINCE JAN 1    683                       701    -18      611
..................................................................


WIND (MPH)
  HIGHEST WIND SPEED    26   HIGHEST WIND DIRECTION    NW (320)
  HIGHEST GUST SPEED    36   HIGHEST GUST DIRECTION     W (290)
  AVERAGE WIND SPEED    15.0


SKY COVER
  POSSIBLE SUNSHINE  MM
  AVERAGE SKY COVER 0.0


WEATHER CONDITIONS
 THE FOLLOWING WEATHER WAS RECORDED YESTERDAY.
  NO SIGNIFICANT WEATHER WAS OBSERVED.


RELATIVE HUMIDITY (PERCENT)
 HIGHEST    71           500 AM
 LOWEST     34           500 PM
 AVERAGE    53

..........................................................


THE MITCHELL SD CLIMATE NORMALS FOR TODAY
                         NORMAL    RECORD    YEAR
 MAXIMUM TEMPERATURE (F)   82       110      1936
 MINIMUM TEMPERATURE (F)   59        40      1896


SUNRISE AND SUNSET
AUGUST 24 2015........SUNRISE   646 AM CDT   SUNSET   822 PM CDT
AUGUST 25 2015........SUNRISE   648 AM CDT   SUNSET   820 PM CDT


-  INDICATES NEGATIVE NUMBERS.
R  INDICATES RECORD WAS SET OR TIED.
MM INDICATES DATA IS MISSING.
T  INDICATES TRACE AMOUNT.




$$
