000
CDUS43 KFSD 030706
CLIMHE


CLIMATE REPORT
NATIONAL WEATHER SERVICE SIOUX FALLS SD
206 AM CDT TUE OCT 3 2017


...................................

...THE MITCHELL SD CLIMATE SUMMARY FOR OCTOBER 2 2017...

CLIMATE NORMAL PERIOD 1981 TO 2010
CLIMATE RECORD PERIOD 1893 TO 2017


WEATHER ITEM   OBSERVED TIME   RECORD YEAR NORMAL DEPARTURE LAST
                VALUE   (LST)  VALUE       VALUE  FROM      YEAR
                                                  NORMAL
..................................................................
TEMPERATURE (F)
 YESTERDAY
  MAXIMUM         62    329 PM  93    1953  69     -7       79
                                      1910
  MINIMUM         51    524 AM  23    1999  42      9       51
  AVERAGE         57                        55      2       65

PRECIPITATION (IN)
  YESTERDAY        0.48          1.56 1950   0.07   0.41     0.00
  MONTH TO DATE    2.70                      0.13   2.57     0.00
  SINCE SEP 1      5.31                      2.45   2.86     2.15
  SINCE JAN 1     19.13                     18.80   0.33    21.56

SNOWFALL (IN)
  YESTERDAY        0.0           0.0    MM  MM     MM        0.0
  MONTH TO DATE    0.0                      MM     MM        0.0
  SINCE SEP 1      0.0                      MM     MM        0.0
  SINCE JUL 1      0.0                      MM     MM        0.0
  SNOW DEPTH       0

DEGREE DAYS
 HEATING
  YESTERDAY        8                        10     -2        0
  MONTH TO DATE    8                        20    -12        5
  SINCE SEP 1    102                       161    -59       81
  SINCE JUL 1    104                       178    -74       89

 COOLING
  YESTERDAY        0                         1     -1        0
  MONTH TO DATE    5                         2      3        0
  SINCE SEP 1    118                        74     44       99
  SINCE JAN 1    888                       819     69     1031
..................................................................


WIND (MPH)
  HIGHEST WIND SPEED    20   HIGHEST WIND DIRECTION     N (360)
  HIGHEST GUST SPEED    25   HIGHEST GUST DIRECTION     N (360)
  AVERAGE WIND SPEED     7.0


SKY COVER
  POSSIBLE SUNSHINE  MM
  AVERAGE SKY COVER 0.5


WEATHER CONDITIONS
 THE FOLLOWING WEATHER WAS RECORDED YESTERDAY.
  THUNDERSTORM
  HEAVY RAIN
  LIGHT RAIN
  FOG


RELATIVE HUMIDITY (PERCENT)
 HIGHEST   100          1200 AM
 LOWEST     67           200 PM
 AVERAGE    84

..........................................................


THE MITCHELL SD CLIMATE NORMALS FOR TODAY
                         NORMAL    RECORD    YEAR
 MAXIMUM TEMPERATURE (F)   68        96      1997
                                             1938
 MINIMUM TEMPERATURE (F)   42        27      1950
                                             1898


SUNRISE AND SUNSET
OCTOBER  3 2017.......SUNRISE   732 AM CDT   SUNSET   709 PM CDT
OCTOBER  4 2017.......SUNRISE   734 AM CDT   SUNSET   707 PM CDT


-  INDICATES NEGATIVE NUMBERS.
R  INDICATES RECORD WAS SET OR TIED.
MM INDICATES DATA IS MISSING.
T  INDICATES TRACE AMOUNT.




$$
