000
CDUS43 KFSD 120640
CLIMHE


CLIMATE REPORT
NATIONAL WEATHER SERVICE SIOUX FALLS SD
1238 AM CST SUN MAR 12 2017


...................................

...THE MITCHELL SD CLIMATE SUMMARY FOR MARCH 11 2017...

CLIMATE NORMAL PERIOD 1981 TO 2010
CLIMATE RECORD PERIOD 1893 TO 2017


WEATHER ITEM   OBSERVED TIME   RECORD YEAR NORMAL DEPARTURE LAST
                VALUE   (LST)  VALUE       VALUE  FROM      YEAR
                                                  NORMAL
..................................................................
TEMPERATURE (F)
 YESTERDAY
  MAXIMUM         21    458 PM  80    2016  42    -21       80
  MINIMUM         16    732 AM -15    1948  22     -6       38
  AVERAGE         19                        32    -13       59

PRECIPITATION (IN)
  YESTERDAY        T             2.05 1977   0.03  -0.03     0.00
  MONTH TO DATE    0.09                      0.28  -0.19      T
  SINCE MAR 1      0.09                      0.28  -0.19      T
  SINCE JAN 1      1.25                      0.84   0.41     1.23

SNOWFALL (IN)
  YESTERDAY        0.1           4.0  1962  MM     MM        0.0
  MONTH TO DATE    1.0                      MM     MM         T
  SINCE MAR 1      1.0                      MM     MM         T
  SINCE JUL 1     26.4                      MM     MM       42.4
  SNOW DEPTH       T

DEGREE DAYS
 HEATING
  YESTERDAY       46                        33     13        6
  MONTH TO DATE  361                       382    -21      269
  SINCE MAR 1    361                       382    -21      269
  SINCE JUL 1   5095                      5904   -809     5058

 COOLING
  YESTERDAY        0                         0      0        0
  MONTH TO DATE    0                         0      0        0
  SINCE MAR 1      0                         0      0        0
  SINCE JAN 1      0                         0      0        0
..................................................................


WIND (MPH)
  HIGHEST WIND SPEED    16   HIGHEST WIND DIRECTION     E (110)
  HIGHEST GUST SPEED    19   HIGHEST GUST DIRECTION     E (110)
  AVERAGE WIND SPEED     9.2


SKY COVER
  POSSIBLE SUNSHINE  MM
  AVERAGE SKY COVER 1.0


WEATHER CONDITIONS
 THE FOLLOWING WEATHER WAS RECORDED YESTERDAY.
  LIGHT SNOW
  FOG
  HAZE


RELATIVE HUMIDITY (PERCENT)
 HIGHEST    88           300 AM
 LOWEST     71           200 PM
 AVERAGE    80

..........................................................


THE MITCHELL SD CLIMATE NORMALS FOR TODAY
                         NORMAL    RECORD    YEAR
 MAXIMUM TEMPERATURE (F)   43        78      2015
 MINIMUM TEMPERATURE (F)   22       -23      1956


SUNRISE AND SUNSET
MARCH 12 2017.........SUNRISE   749 AM CDT   SUNSET   735 PM CDT
MARCH 13 2017.........SUNRISE   747 AM CDT   SUNSET   736 PM CDT


-  INDICATES NEGATIVE NUMBERS.
R  INDICATES RECORD WAS SET OR TIED.
MM INDICATES DATA IS MISSING.
T  INDICATES TRACE AMOUNT.




$$
