000
CDUS43 KFSD 062244
CLIMHE


CLIMATE REPORT
NATIONAL WEATHER SERVICE SIOUX FALLS SD
544 PM CDT WED SEP 6 2017


...................................

...THE MITCHELL SD CLIMATE SUMMARY FOR SEPTEMBER 6 2017...
VALID TODAY AS OF 0500 PM LOCAL TIME.

CLIMATE NORMAL PERIOD 1981 TO 2010
CLIMATE RECORD PERIOD 1893 TO 2017


WEATHER ITEM   OBSERVED TIME   RECORD YEAR NORMAL DEPARTURE LAST
                VALUE   (LST)  VALUE       VALUE  FROM      YEAR
                                                  NORMAL
..................................................................
TEMPERATURE (F)
 TODAY
  MAXIMUM         71    351 PM 103    1970  79     -8       74
  MINIMUM         42    639 AM  35    1956  54    -12       62
  AVERAGE         57                        67    -10       68

PRECIPITATION (IN)
  TODAY            0.00          0.82 1938   0.07  -0.07     0.44
  MONTH TO DATE    0.10                      0.52  -0.42     1.62
  SINCE SEP 1      0.10                      0.52  -0.42     1.62
  SINCE JAN 1     13.92                     16.87  -2.95    21.03

SNOWFALL (IN)
  TODAY            0.0           0.0    MM  MM     MM        0.0
  MONTH TO DATE    0.0                      MM     MM        0.0
  SINCE SEP 1      0.0                      MM     MM        0.0
  SINCE JUL 1      0.0                      MM     MM        0.0
  SNOW DEPTH       0

DEGREE DAYS
 HEATING
  TODAY            8                         2      6        0
  MONTH TO DATE   15                        11      4        0
  SINCE SEP 1     15                        11      4        0
  SINCE JUL 1     17                        28    -11        8

 COOLING
  TODAY            0                         4     -4        3
  MONTH TO DATE   19                        28     -9       36
  SINCE SEP 1     19                        28     -9       36
  SINCE JAN 1    789                       773     16      968
..................................................................


WIND (MPH)
  HIGHEST WIND SPEED    14   HIGHEST WIND DIRECTION     N (350)
  HIGHEST GUST SPEED    20   HIGHEST GUST DIRECTION     N (340)
  AVERAGE WIND SPEED     7.6


SKY COVER
  POSSIBLE SUNSHINE  MM
  AVERAGE SKY COVER 0.0


WEATHER CONDITIONS
 THE FOLLOWING WEATHER WAS RECORDED TODAY.
  NO SIGNIFICANT WEATHER WAS OBSERVED.


RELATIVE HUMIDITY (PERCENT)
 HIGHEST    89           400 AM
 LOWEST     33           200 PM
 AVERAGE    61

..........................................................


THE MITCHELL SD CLIMATE NORMALS FOR TOMORROW
                         NORMAL    RECORD    YEAR
 MAXIMUM TEMPERATURE (F)   79       105      1931
 MINIMUM TEMPERATURE (F)   54        37      1898


SUNRISE AND SUNSET
SEPTEMBER  6 2017.....SUNRISE   702 AM CDT   SUNSET   758 PM CDT
SEPTEMBER  7 2017.....SUNRISE   703 AM CDT   SUNSET   756 PM CDT


-  INDICATES NEGATIVE NUMBERS.
R  INDICATES RECORD WAS SET OR TIED.
MM INDICATES DATA IS MISSING.
T  INDICATES TRACE AMOUNT.




$$
