000
CDUS43 KFSD 102224
CLIMHE


CLIMATE REPORT
NATIONAL WEATHER SERVICE SIOUX FALLS SD
523 PM CDT SAT SEP 10 2016


...................................

...THE MITCHELL SD CLIMATE SUMMARY FOR SEPTEMBER 10 2016...
VALID TODAY AS OF 0500 PM LOCAL TIME.

CLIMATE NORMAL PERIOD 1981 TO 2010
CLIMATE RECORD PERIOD 1893 TO 2016


WEATHER ITEM   OBSERVED TIME   RECORD YEAR NORMAL DEPARTURE LAST
                VALUE   (LST)  VALUE       VALUE  FROM      YEAR
                                                  NORMAL
..................................................................
TEMPERATURE (F)
 TODAY
  MAXIMUM         75    245 PM 104    1931  78     -3       77
  MINIMUM         49    639 AM  32    1940  52     -3       47
  AVERAGE         62                        65     -3       62

PRECIPITATION (IN)
  TODAY            0.00          2.69 2003   0.07  -0.07     0.00
  MONTH TO DATE    1.71                      0.80   0.91      T
  SINCE SEP 1      1.71                      0.80   0.91      T
  SINCE JAN 1     21.12                     17.15   3.97    16.93

SNOWFALL (IN)
  TODAY            0.0           0.0    MM  MM     MM        0.0
  MONTH TO DATE    0.0                      MM     MM        0.0
  SINCE SEP 1      0.0                      MM     MM        0.0
  SINCE JUL 1      0.0                      MM     MM        0.0
  SNOW DEPTH       0

DEGREE DAYS
 HEATING
  TODAY            3                         3      0        3
  MONTH TO DATE    5                        22    -17        4
  SINCE SEP 1      5                        22    -17        4
  SINCE JUL 1     13                        39    -26       32

 COOLING
  TODAY            0                         3     -3        0
  MONTH TO DATE   43                        42      1       78
  SINCE SEP 1     43                        42      1       78
  SINCE JAN 1    975                       787    188      802
..................................................................


WIND (MPH)
  HIGHEST WIND SPEED    15   HIGHEST WIND DIRECTION     W (260)
  HIGHEST GUST SPEED    21   HIGHEST GUST DIRECTION     W (290)
  AVERAGE WIND SPEED     9.0


SKY COVER
  POSSIBLE SUNSHINE  MM
  AVERAGE SKY COVER 0.0


WEATHER CONDITIONS
 THE FOLLOWING WEATHER WAS RECORDED TODAY.
  NO SIGNIFICANT WEATHER WAS OBSERVED.


RELATIVE HUMIDITY (PERCENT)
 HIGHEST    93           500 AM
 LOWEST     33           200 PM
 AVERAGE    63

..........................................................


THE MITCHELL SD CLIMATE NORMALS FOR TOMORROW
                         NORMAL    RECORD    YEAR
 MAXIMUM TEMPERATURE (F)   78       101      1931
 MINIMUM TEMPERATURE (F)   52        31      1955


SUNRISE AND SUNSET
SEPTEMBER 10 2016.....SUNRISE   706 AM CDT   SUNSET   751 PM CDT
SEPTEMBER 11 2016.....SUNRISE   707 AM CDT   SUNSET   749 PM CDT


-  INDICATES NEGATIVE NUMBERS.
R  INDICATES RECORD WAS SET OR TIED.
MM INDICATES DATA IS MISSING.
T  INDICATES TRACE AMOUNT.




$$
