000
CDUS43 KFSD 090648
CLIMHE


CLIMATE REPORT
NATIONAL WEATHER SERVICE SIOUX FALLS SD
1247 AM CST THU FEB 9 2017


...................................

...THE MITCHELL SD CLIMATE SUMMARY FOR FEBRUARY 8 2017...

CLIMATE NORMAL PERIOD 1981 TO 2010
CLIMATE RECORD PERIOD 1893 TO 2017


WEATHER ITEM   OBSERVED TIME   RECORD YEAR NORMAL DEPARTURE LAST
                VALUE   (LST)  VALUE       VALUE  FROM      YEAR
                                                  NORMAL
..................................................................
TEMPERATURE (F)
 YESTERDAY
  MAXIMUM         18    405 PM  64    2000  32    -14       34
                                      1999
  MINIMUM          5    857 AM -30    1933  12     -7       19
                                      1899
  AVERAGE         12                        22    -10       27

PRECIPITATION (IN)
  YESTERDAY        0.00          0.26 1994   0.01  -0.01      T
  MONTH TO DATE    T                         0.10  -0.10     0.06
  SINCE DEC 1      1.87                      0.77   1.10     1.54
  SINCE JAN 1      0.76                      0.32   0.44     0.51

SNOWFALL (IN)
  YESTERDAY        0.0           4.0  1994  MM     MM         T
  MONTH TO DATE    T                        MM     MM        0.9
  SINCE DEC 1     17.5                      MM     MM       22.0
  SINCE JUL 1     23.0                      MM     MM       35.2
  SNOW DEPTH       T

DEGREE DAYS
 HEATING
  YESTERDAY       53                        43     10       38
  MONTH TO DATE  357                       353      4      295
  SINCE DEC 1   3112                      3152    -40     2913
  SINCE JUL 1   4206                      4720   -514     4096

 COOLING
  YESTERDAY        0                         0      0        0
  MONTH TO DATE    0                         0      0        0
  SINCE DEC 1      0                         0      0        0
  SINCE JAN 1      0                         0      0        0
..................................................................


WIND (MPH)
  HIGHEST WIND SPEED    17   HIGHEST WIND DIRECTION    NW (330)
  HIGHEST GUST SPEED    22   HIGHEST GUST DIRECTION     W (290)
  AVERAGE WIND SPEED    11.5


SKY COVER
  POSSIBLE SUNSHINE  MM
  AVERAGE SKY COVER 0.7


WEATHER CONDITIONS
 THE FOLLOWING WEATHER WAS RECORDED YESTERDAY.
  NO SIGNIFICANT WEATHER WAS OBSERVED.


RELATIVE HUMIDITY (PERCENT)
 HIGHEST    80           400 AM
 LOWEST     49           400 PM
 AVERAGE    65

..........................................................


THE MITCHELL SD CLIMATE NORMALS FOR TODAY
                         NORMAL    RECORD    YEAR
 MAXIMUM TEMPERATURE (F)   32        62      1954
 MINIMUM TEMPERATURE (F)   12       -40      1994


SUNRISE AND SUNSET
FEBRUARY  9 2017......SUNRISE   739 AM CST   SUNSET   554 PM CST
FEBRUARY 10 2017......SUNRISE   737 AM CST   SUNSET   556 PM CST


-  INDICATES NEGATIVE NUMBERS.
R  INDICATES RECORD WAS SET OR TIED.
MM INDICATES DATA IS MISSING.
T  INDICATES TRACE AMOUNT.




$$
