000
CDUS43 KFSD 180645
CLIMHE


CLIMATE REPORT
NATIONAL WEATHER SERVICE SIOUX FALLS SD
145 AM CDT SUN JUN 18 2017


...................................

...THE MITCHELL SD CLIMATE SUMMARY FOR JUNE 17 2017...

CLIMATE NORMAL PERIOD 1981 TO 2010
CLIMATE RECORD PERIOD 1893 TO 2017


WEATHER ITEM   OBSERVED TIME   RECORD YEAR NORMAL DEPARTURE LAST
                VALUE   (LST)  VALUE       VALUE  FROM      YEAR
                                                  NORMAL
..................................................................
TEMPERATURE (F)
 YESTERDAY
  MAXIMUM         76    136 PM 100    1933  82     -6       97
  MINIMUM         58   1159 PM  41    1974  59     -1       69
                                      1912
  AVERAGE         67                        70     -3       83

PRECIPITATION (IN)
  YESTERDAY        0.12          2.25 1993   0.14  -0.02      T
  MONTH TO DATE    0.49                      2.61  -2.12     1.22
  SINCE JUN 1      0.49                      2.61  -2.12     1.22
  SINCE JAN 1      7.51                      9.34  -1.83    13.74

SNOWFALL (IN)
  YESTERDAY        0.0           0.0    MM  MM     MM        0.0
  MONTH TO DATE    0.0                      MM     MM        0.0
  SINCE JUN 1      0.0                      MM     MM        0.0
  SINCE JUL 1     30.6                      MM     MM       46.3
  SNOW DEPTH       0

DEGREE DAYS
 HEATING
  YESTERDAY        0                         1     -1        0
  MONTH TO DATE    0                        29    -29        4
  SINCE JUN 1      0                        29    -29        4
  SINCE JUL 1   6283                      7239   -956     6149

 COOLING
  YESTERDAY        2                         6     -4       18
  MONTH TO DATE  170                        68    102      162
  SINCE JUN 1    170                        68    102      162
  SINCE JAN 1    202                       108     94      206
..................................................................


WIND (MPH)
  HIGHEST WIND SPEED    24   HIGHEST WIND DIRECTION    NW (300)
  HIGHEST GUST SPEED    30   HIGHEST GUST DIRECTION    NW (300)
  AVERAGE WIND SPEED    10.5


SKY COVER
  POSSIBLE SUNSHINE  MM
  AVERAGE SKY COVER 0.6


WEATHER CONDITIONS
 THE FOLLOWING WEATHER WAS RECORDED YESTERDAY.
  LIGHT RAIN


RELATIVE HUMIDITY (PERCENT)
 HIGHEST    90           400 AM
 LOWEST     61           700 AM
 AVERAGE    76

..........................................................


THE MITCHELL SD CLIMATE NORMALS FOR TODAY
                         NORMAL    RECORD    YEAR
 MAXIMUM TEMPERATURE (F)   82       103      1933
 MINIMUM TEMPERATURE (F)   59        39      1902


SUNRISE AND SUNSET
JUNE 18 2017..........SUNRISE   550 AM CDT   SUNSET   917 PM CDT
JUNE 19 2017..........SUNRISE   550 AM CDT   SUNSET   917 PM CDT


-  INDICATES NEGATIVE NUMBERS.
R  INDICATES RECORD WAS SET OR TIED.
MM INDICATES DATA IS MISSING.
T  INDICATES TRACE AMOUNT.




$$
