000
CDUS43 KFSD 090737
CLIMHE


CLIMATE REPORT
NATIONAL WEATHER SERVICE SIOUX FALLS SD
134 AM CST THU MAR 9 2017


...................................

...THE MITCHELL SD CLIMATE SUMMARY FOR MARCH 8 2017...

CLIMATE NORMAL PERIOD 1981 TO 2010
CLIMATE RECORD PERIOD 1893 TO 2017


WEATHER ITEM   OBSERVED TIME   RECORD YEAR NORMAL DEPARTURE LAST
                VALUE   (LST)  VALUE       VALUE  FROM      YEAR
                                                  NORMAL
..................................................................
TEMPERATURE (F)
 YESTERDAY
  MAXIMUM         44    315 PM  75    1900  41      3       61
  MINIMUM         28    919 PM -16    1995  21      7       37
  AVERAGE         36                        31      5       49

PRECIPITATION (IN)
  YESTERDAY        0.00          0.77 2000   0.03  -0.03     0.00
  MONTH TO DATE    0.04                      0.20  -0.16      T
  SINCE MAR 1      0.04                      0.20  -0.16      T
  SINCE JAN 1      1.20                      0.76   0.44     1.23

SNOWFALL (IN)
  YESTERDAY        0.0           5.1  2003  MM     MM        0.0
  MONTH TO DATE    0.4                      MM     MM         T
  SINCE MAR 1      0.4                      MM     MM         T
  SINCE JUL 1     25.8                      MM     MM       42.4
  SNOW DEPTH       0

DEGREE DAYS
 HEATING
  YESTERDAY       29                        34     -5       16
  MONTH TO DATE  219                       282    -63      215
  SINCE MAR 1    219                       282    -63      215
  SINCE JUL 1   4953                      5804   -851     5004

 COOLING
  YESTERDAY        0                         0      0        0
  MONTH TO DATE    0                         0      0        0
  SINCE MAR 1      0                         0      0        0
  SINCE JAN 1      0                         0      0        0
..................................................................


WIND (MPH)
  HIGHEST WIND SPEED    30   HIGHEST WIND DIRECTION    NW (300)
  HIGHEST GUST SPEED    36   HIGHEST GUST DIRECTION    NW (300)
  AVERAGE WIND SPEED    14.3


SKY COVER
  POSSIBLE SUNSHINE  MM
  AVERAGE SKY COVER 0.1


WEATHER CONDITIONS
 THE FOLLOWING WEATHER WAS RECORDED YESTERDAY.
  NO SIGNIFICANT WEATHER WAS OBSERVED.


RELATIVE HUMIDITY (PERCENT)
 HIGHEST    59          1100 PM
 LOWEST     24           300 PM
 AVERAGE    42

..........................................................


THE MITCHELL SD CLIMATE NORMALS FOR TODAY
                         NORMAL    RECORD    YEAR
 MAXIMUM TEMPERATURE (F)   41        72      1936
 MINIMUM TEMPERATURE (F)   21       -11      1995


SUNRISE AND SUNSET
MARCH  9 2017.........SUNRISE   654 AM CST   SUNSET   631 PM CST
MARCH 10 2017.........SUNRISE   653 AM CST   SUNSET   633 PM CST


-  INDICATES NEGATIVE NUMBERS.
R  INDICATES RECORD WAS SET OR TIED.
MM INDICATES DATA IS MISSING.
T  INDICATES TRACE AMOUNT.




$$
