000
CDUS43 KFSD 092231
CLIMHE


CLIMATE REPORT
NATIONAL WEATHER SERVICE SIOUX FALLS SD
431 PM CST FRI FEB 9 2018


...................................

...THE MITCHELL SD CLIMATE SUMMARY FOR FEBRUARY 9 2018...
VALID TODAY AS OF 0400 PM LOCAL TIME.

CLIMATE NORMAL PERIOD 1981 TO 2010
CLIMATE RECORD PERIOD 1893 TO 2018


WEATHER ITEM   OBSERVED TIME   RECORD YEAR NORMAL DEPARTURE LAST
                VALUE   (LST)  VALUE       VALUE  FROM      YEAR
                                                  NORMAL
..................................................................
TEMPERATURE (F)
 TODAY
  MAXIMUM         10   1228 AM  64    1999  32    -22       26
                                      1991
  MINIMUM          1   1047 AM -40    1994  12    -11        7
  AVERAGE          6                        22    -16       17

PRECIPITATION (IN)
  TODAY            T             0.51 1960   0.02  -0.02     0.00
  MONTH TO DATE    0.33                      0.12   0.21      T
  SINCE DEC 1      1.11                      0.79   0.32     1.87
  SINCE JAN 1      0.49                      0.34   0.15     0.76

SNOWFALL (IN)
  TODAY            T             7.0  1972  MM     MM        0.0
  MONTH TO DATE    4.9                      MM     MM         T
  SINCE DEC 1     17.4                      MM     MM       17.5
  SINCE JUL 1     18.6                      MM     MM       23.0
  SNOW DEPTH       5

DEGREE DAYS
 HEATING
  TODAY           59                        43     16       48
  MONTH TO DATE  499                       396    103      405
  SINCE DEC 1   3230                      3195     35     3160
  SINCE JUL 1   4619                      4763   -144     4254

 COOLING
  TODAY            0                         0      0        0
  MONTH TO DATE    0                         0      0        0
  SINCE DEC 1      0                         0      0        0
  SINCE JAN 1      0                         0      0        0
..................................................................


WIND (MPH)
  HIGHEST WIND SPEED    17   HIGHEST WIND DIRECTION     N (10)
  HIGHEST GUST SPEED    23   HIGHEST GUST DIRECTION     N (20)
  AVERAGE WIND SPEED    10.5


SKY COVER
  POSSIBLE SUNSHINE  MM
  AVERAGE SKY COVER 0.4


WEATHER CONDITIONS
 THE FOLLOWING WEATHER WAS RECORDED TODAY.
  LIGHT SNOW
  FOG
  HAZE


RELATIVE HUMIDITY (PERCENT)
 HIGHEST    86           500 AM
 LOWEST     72           700 AM
 AVERAGE    79

..........................................................


THE MITCHELL SD CLIMATE NORMALS FOR TOMORROW
                         NORMAL    RECORD    YEAR
 MAXIMUM TEMPERATURE (F)   32        66      1951
 MINIMUM TEMPERATURE (F)   12       -40      1994


SUNRISE AND SUNSET
FEBRUARY  9 2018......SUNRISE   739 AM CST   SUNSET   554 PM CST
FEBRUARY 10 2018......SUNRISE   738 AM CST   SUNSET   555 PM CST


-  INDICATES NEGATIVE NUMBERS.
R  INDICATES RECORD WAS SET OR TIED.
MM INDICATES DATA IS MISSING.
T  INDICATES TRACE AMOUNT.




$$
