000
CDUS43 KFSD 230640
CLIMHE


CLIMATE REPORT
NATIONAL WEATHER SERVICE SIOUX FALLS SD
139 AM CDT SAT APR 23 2016


...................................

...THE MITCHELL SD CLIMATE SUMMARY FOR APRIL 22 2016...

CLIMATE NORMAL PERIOD 1981 TO 2010
CLIMATE RECORD PERIOD 1893 TO 2016


WEATHER ITEM   OBSERVED TIME   RECORD YEAR NORMAL DEPARTURE LAST
                VALUE   (LST)  VALUE       VALUE  FROM      YEAR
                                                  NORMAL
..................................................................
TEMPERATURE (F)
 YESTERDAY
  MAXIMUM         66    454 PM  93    1990  64      2       57
  MINIMUM         32    548 AM  23    1927  38     -6       24
  AVERAGE         49                        51     -2       41

PRECIPITATION (IN)
  YESTERDAY        0.00          2.10 2001   0.09  -0.09     0.00
  MONTH TO DATE    1.71                      1.39   0.32     0.49
  SINCE MAR 1      3.07                      2.45   0.62     0.62
  SINCE JAN 1      4.30                      3.01   1.29     1.39

SNOWFALL (IN)
  YESTERDAY        0.0           5.1  2013  MM     MM        0.0
  MONTH TO DATE    0.2                      MM     MM        0.0
  SINCE MAR 1      3.9                      MM     MM        0.7
  SINCE JUL 1     46.3                      MM     MM       22.6
  SNOW DEPTH       0

DEGREE DAYS
 HEATING
  YESTERDAY       16                        14      2       24
  MONTH TO DATE  376                       419    -43      321
  SINCE MAR 1   1081                      1377   -296     1089
  SINCE JUL 1   5870                      6899  -1029     6579

 COOLING
  YESTERDAY        0                         0      0        0
  MONTH TO DATE    0                         0      0        0
  SINCE MAR 1      0                         0      0        4
  SINCE JAN 1      0                         0      0        4
..................................................................


WIND (MPH)
  HIGHEST WIND SPEED    17   HIGHEST WIND DIRECTION     S (160)
  HIGHEST GUST SPEED    23   HIGHEST GUST DIRECTION    SE (150)
  AVERAGE WIND SPEED     8.2


SKY COVER
  POSSIBLE SUNSHINE  MM
  AVERAGE SKY COVER 0.0


WEATHER CONDITIONS
 THE FOLLOWING WEATHER WAS RECORDED YESTERDAY.
  NO SIGNIFICANT WEATHER WAS OBSERVED.


RELATIVE HUMIDITY (PERCENT)
 HIGHEST    96           400 AM
 LOWEST     34           300 PM
 AVERAGE    65

..........................................................


THE MITCHELL SD CLIMATE NORMALS FOR TODAY
                         NORMAL    RECORD    YEAR
 MAXIMUM TEMPERATURE (F)   64        92      2009
                                             1939
 MINIMUM TEMPERATURE (F)   39        12      2013


SUNRISE AND SUNSET
APRIL 23 2016.........SUNRISE   635 AM CDT   SUNSET   826 PM CDT
APRIL 24 2016.........SUNRISE   634 AM CDT   SUNSET   827 PM CDT


-  INDICATES NEGATIVE NUMBERS.
R  INDICATES RECORD WAS SET OR TIED.
MM INDICATES DATA IS MISSING.
T  INDICATES TRACE AMOUNT.




$$
