000
CDUS43 KFSD 100932
CLIMHE


CLIMATE REPORT
NATIONAL WEATHER SERVICE SIOUX FALLS SD
431 AM CDT TUE MAY 10 2016


...................................

...THE MITCHELL SD CLIMATE SUMMARY FOR MAY 9 2016...

CLIMATE NORMAL PERIOD 1981 TO 2010
CLIMATE RECORD PERIOD 1893 TO 2016


WEATHER ITEM   OBSERVED TIME   RECORD YEAR NORMAL DEPARTURE LAST
                VALUE   (LST)  VALUE       VALUE  FROM      YEAR
                                                  NORMAL
..................................................................
TEMPERATURE (F)
 YESTERDAY
  MAXIMUM         71    206 PM  97    1928  70      1       56
                                      1911
  MINIMUM         54    508 AM  22    1966  45      9       37
  AVERAGE         63                        57      6       47

PRECIPITATION (IN)
  YESTERDAY        0.12          1.77 1995   0.07   0.05     0.06
  MONTH TO DATE    0.45                      0.73  -0.28     1.49
  SINCE MAR 1      7.18                      3.97   3.21     3.04
  SINCE JAN 1      8.41                      4.53   3.88     3.81

SNOWFALL (IN)
  YESTERDAY        0.0           T    1933  MM     MM        0.0
  MONTH TO DATE    0.0                      MM     MM        0.0
  SINCE MAR 1      3.9                      MM     MM        0.7
  SINCE JUL 1     46.3                      MM     MM       22.6
  SNOW DEPTH       0

DEGREE DAYS
 HEATING
  YESTERDAY        2                         8     -6       18
  MONTH TO DATE   57                        86    -29       53
  SINCE MAR 1   1250                      1564   -314     1217
  SINCE JUL 1   6039                      7086  -1047     6707

 COOLING
  YESTERDAY        0                         1     -1        0
  MONTH TO DATE    8                         6      2        5
  SINCE MAR 1     12                         8      4       11
  SINCE JAN 1     12                         8      4       11
..................................................................


WIND (MPH)
  HIGHEST WIND SPEED    25   HIGHEST WIND DIRECTION    SE (140)
  HIGHEST GUST SPEED    29   HIGHEST GUST DIRECTION    SE (140)
  AVERAGE WIND SPEED    11.2


SKY COVER
  POSSIBLE SUNSHINE  MM
  AVERAGE SKY COVER 0.5


WEATHER CONDITIONS
 THE FOLLOWING WEATHER WAS RECORDED YESTERDAY.
  THUNDERSTORM
  HEAVY RAIN
  LIGHT RAIN


RELATIVE HUMIDITY (PERCENT)
 HIGHEST    93           600 AM
 LOWEST     60          1200 AM
 AVERAGE    77

..........................................................


THE MITCHELL SD CLIMATE NORMALS FOR TODAY
                         NORMAL    RECORD    YEAR
 MAXIMUM TEMPERATURE (F)   70        92      1987
 MINIMUM TEMPERATURE (F)   46        26      1981


SUNRISE AND SUNSET
MAY 10 2016...........SUNRISE   612 AM CDT   SUNSET   846 PM CDT
MAY 11 2016...........SUNRISE   611 AM CDT   SUNSET   847 PM CDT


-  INDICATES NEGATIVE NUMBERS.
R  INDICATES RECORD WAS SET OR TIED.
MM INDICATES DATA IS MISSING.
T  INDICATES TRACE AMOUNT.




$$
