000
CDUS43 KFSD 190641
CLIMHE


CLIMATE REPORT
NATIONAL WEATHER SERVICE SIOUX FALLS SD
1240 AM CST THU FEB 19 2015


...................................

...THE MITCHELL SD CLIMATE SUMMARY FOR FEBRUARY 18 2015...

CLIMATE NORMAL PERIOD 1981 TO 2010
CLIMATE RECORD PERIOD 1893 TO 2015


WEATHER ITEM   OBSERVED TIME   RECORD YEAR NORMAL DEPARTURE LAST
                VALUE   (LST)  VALUE       VALUE  FROM      YEAR
                                                  NORMAL
..................................................................
TEMPERATURE (F)
 YESTERDAY
  MAXIMUM         14    422 PM  71    1930  35    -21       54
  MINIMUM         -5    735 AM -25    1938  15    -20       25
  AVERAGE          5                        25    -20       40

PRECIPITATION (IN)
  YESTERDAY        T             1.56 1962   0.01  -0.01     0.00
  MONTH TO DATE    0.23                      0.22   0.01     0.20
  SINCE DEC 1      1.98                      0.89   1.09     1.02
  SINCE JAN 1      0.76                      0.44   0.32     0.37

SNOWFALL (IN)
  YESTERDAY        T            15.0  1962  MM     MM        0.0
  MONTH TO DATE    2.6                      MM     MM        3.2
  SINCE DEC 1     16.1                      MM     MM       15.4
  SINCE JUL 1     21.7                      MM     MM       19.4
  SNOW DEPTH       T

DEGREE DAYS
 HEATING
  YESTERDAY       60                        40     20       25
  MONTH TO DATE  812                       770     42      906
  SINCE DEC 1   3350                      3569   -219     3961
  SINCE JUL 1   5006                      5137   -131     5469

 COOLING
  YESTERDAY        0                         0      0        0
  MONTH TO DATE    0                         0      0        0
  SINCE DEC 1      0                         0      0        0
  SINCE JAN 1      0                         0      0        0
..................................................................


WIND (MPH)
  HIGHEST WIND SPEED    23   HIGHEST WIND DIRECTION     N (360)
  HIGHEST GUST SPEED    30   HIGHEST GUST DIRECTION    NW (320)
  AVERAGE WIND SPEED    11.2


SKY COVER
  POSSIBLE SUNSHINE  MM
  AVERAGE SKY COVER 0.2


WEATHER CONDITIONS
 THE FOLLOWING WEATHER WAS RECORDED YESTERDAY.
  LIGHT SNOW


RELATIVE HUMIDITY (PERCENT)
 HIGHEST    80          1200 AM
 LOWEST     42           200 PM
 AVERAGE    61

..........................................................


THE MITCHELL SD CLIMATE NORMALS FOR TODAY
                         NORMAL    RECORD    YEAR
 MAXIMUM TEMPERATURE (F)   35        67      1996
 MINIMUM TEMPERATURE (F)   15       -26      1959
                                             1929


SUNRISE AND SUNSET
FEBRUARY 19 2015......SUNRISE   725 AM CST   SUNSET   607 PM CST
FEBRUARY 20 2015......SUNRISE   724 AM CST   SUNSET   609 PM CST


-  INDICATES NEGATIVE NUMBERS.
R  INDICATES RECORD WAS SET OR TIED.
MM INDICATES DATA IS MISSING.
T  INDICATES TRACE AMOUNT.




$$
