000
CDUS43 KFSD 092220
CLIMHE


CLIMATE REPORT
NATIONAL WEATHER SERVICE SIOUX FALLS SD
520 PM CDT SUN APR 9 2017


...................................

...THE MITCHELL SD CLIMATE SUMMARY FOR APRIL 9 2017...
VALID TODAY AS OF 0500 PM LOCAL TIME.

CLIMATE NORMAL PERIOD 1981 TO 2010
CLIMATE RECORD PERIOD 1893 TO 2017


WEATHER ITEM   OBSERVED TIME   RECORD YEAR NORMAL DEPARTURE LAST
                VALUE   (LST)  VALUE       VALUE  FROM      YEAR
                                                  NORMAL
..................................................................
TEMPERATURE (F)
 TODAY
  MAXIMUM         59    951 AM  92    1977  57      2       60
                                      1930
  MINIMUM         53    128 AM  10    1997  32     21       23
  AVERAGE         56                        45     11       42

PRECIPITATION (IN)
  TODAY            0.24          0.82 1941   0.07   0.17     0.00
  MONTH TO DATE    0.54                      0.35   0.19     0.07
  SINCE MAR 1      0.88                      1.41  -0.53     1.43
  SINCE JAN 1      2.04                      1.97   0.07     2.66

SNOWFALL (IN)
  TODAY            0.0           7.0  1913  MM     MM        0.0
  MONTH TO DATE    0.0                      MM     MM        0.2
  SINCE MAR 1      3.6                      MM     MM        3.9
  SINCE JUL 1     29.0                      MM     MM       46.3
  SNOW DEPTH       0

DEGREE DAYS
 HEATING
  TODAY            9                        20    -11       23
  MONTH TO DATE  122                       200    -78      194
  SINCE MAR 1    991                      1158   -167      899
  SINCE JUL 1   5725                      6680   -955     5688

 COOLING
  TODAY            0                         0      0        0
  MONTH TO DATE    0                         0      0        0
  SINCE MAR 1      0                         0      0        0
  SINCE JAN 1      0                         0      0        0
..................................................................


WIND (MPH)
  HIGHEST WIND SPEED    23   HIGHEST WIND DIRECTION     N (20)
  HIGHEST GUST SPEED    29   HIGHEST GUST DIRECTION     N (20)
  AVERAGE WIND SPEED    12.0


SKY COVER
  POSSIBLE SUNSHINE  MM
  AVERAGE SKY COVER 0.6


WEATHER CONDITIONS
 THE FOLLOWING WEATHER WAS RECORDED TODAY.
  RAIN
  LIGHT RAIN
  FOG


RELATIVE HUMIDITY (PERCENT)
 HIGHEST   100          1100 AM
 LOWEST     66           200 AM
 AVERAGE    83

..........................................................


THE MITCHELL SD CLIMATE NORMALS FOR TOMORROW
                         NORMAL    RECORD    YEAR
 MAXIMUM TEMPERATURE (F)   58        88      1977
 MINIMUM TEMPERATURE (F)   33        13      1939


SUNRISE AND SUNSET
APRIL  9 2017.........SUNRISE   659 AM CDT   SUNSET   809 PM CDT
APRIL 10 2017.........SUNRISE   657 AM CDT   SUNSET   810 PM CDT


-  INDICATES NEGATIVE NUMBERS.
R  INDICATES RECORD WAS SET OR TIED.
MM INDICATES DATA IS MISSING.
T  INDICATES TRACE AMOUNT.




$$
