000
CDUS43 KFSD 172223
CLIMHE


CLIMATE REPORT
NATIONAL WEATHER SERVICE SIOUX FALLS SD
522 PM CDT SUN AUG 17 2014


...................................

...THE MITCHELL SD CLIMATE SUMMARY FOR AUGUST 17 2014...
VALID TODAY AS OF 0500 PM LOCAL TIME.

CLIMATE NORMAL PERIOD 1981 TO 2010
CLIMATE RECORD PERIOD 1893 TO 2014


WEATHER ITEM   OBSERVED TIME   RECORD YEAR NORMAL DEPARTURE LAST
                VALUE   (LST)  VALUE       VALUE  FROM      YEAR
                                                  NORMAL
..................................................................
TEMPERATURE (F)
 TODAY
  MAXIMUM         84    356 PM 102    1936  83      1       81
  MINIMUM         64    607 AM  40    1943  61      3       59
                                      1897
  AVERAGE         74                        72      2       70

PRECIPITATION (IN)
  TODAY            0.00          1.48 1912   0.09  -0.09     0.00
  MONTH TO DATE    1.69                      1.36   0.33     2.54
  SINCE JUN 1      7.24                      8.60  -1.36     8.54
  SINCE JAN 1     11.97                     15.33  -3.36    18.49

SNOWFALL (IN)
  TODAY            0.0           0.0    MM  MM     MM        0.0
  MONTH TO DATE    0.0                      MM     MM        0.0
  SINCE JUN 1      0.0                      MM     MM        0.0
  SINCE JUL 1      0.0                      MM     MM        0.0
  SNOW DEPTH       0

DEGREE DAYS
 HEATING
  TODAY            0                         0      0        0
  MONTH TO DATE    0                         0      0        3
  SINCE JUN 1     35                        40     -5       73
  SINCE JUL 1      9                         5      4       23

 COOLING
  TODAY            9                         7      2        5
  MONTH TO DATE  101                       142    -41       58
  SINCE JUN 1    475                       620   -145      513
  SINCE JAN 1    553                       660   -107      570
..................................................................


WIND (MPH)
  HIGHEST WIND SPEED    16   HIGHEST WIND DIRECTION    NW (330)
  HIGHEST GUST SPEED    20   HIGHEST GUST DIRECTION    NW (310)
  AVERAGE WIND SPEED     6.3


SKY COVER
  POSSIBLE SUNSHINE  MM
  AVERAGE SKY COVER 0.5


WEATHER CONDITIONS
 THE FOLLOWING WEATHER WAS RECORDED TODAY.
  FOG
  FOG W/VISIBILITY <= 1/4 MILE


RELATIVE HUMIDITY (PERCENT)
 HIGHEST   100           100 AM
 LOWEST     55           400 PM
 AVERAGE    78

..........................................................


THE MITCHELL SD CLIMATE NORMALS FOR TOMORROW
                         NORMAL    RECORD    YEAR
 MAXIMUM TEMPERATURE (F)   83       103      1934
 MINIMUM TEMPERATURE (F)   61        44      2002
                                             1966


SUNRISE AND SUNSET
AUGUST 17 2014........SUNRISE   639 AM CDT   SUNSET   833 PM CDT
AUGUST 18 2014........SUNRISE   640 AM CDT   SUNSET   831 PM CDT


-  INDICATES NEGATIVE NUMBERS.
R  INDICATES RECORD WAS SET OR TIED.
MM INDICATES DATA IS MISSING.
T  INDICATES TRACE AMOUNT.




$$
