000
CDUS43 KFSD 200628
CLIMHE


CLIMATE REPORT
NATIONAL WEATHER SERVICE SIOUX FALLS SD
128 AM CDT THU AUG 20 2015


...................................

...THE MITCHELL SD CLIMATE SUMMARY FOR AUGUST 19 2015...

CLIMATE NORMAL PERIOD 1981 TO 2010
CLIMATE RECORD PERIOD 1893 TO 2015


WEATHER ITEM   OBSERVED TIME   RECORD YEAR NORMAL DEPARTURE LAST
                VALUE   (LST)  VALUE       VALUE  FROM      YEAR
                                                  NORMAL
..................................................................
TEMPERATURE (F)
 YESTERDAY
  MAXIMUM         72    359 PM 101    1906  83    -11       87
  MINIMUM         51   1109 PM  44    2002  61    -10       57
                                      1967
  AVERAGE         62                        72    -10       72

PRECIPITATION (IN)
  YESTERDAY        0.04          1.57 2003   0.08  -0.04     0.00
  MONTH TO DATE    3.49                      1.53   1.96     1.69
  SINCE JUN 1      9.67                      8.77   0.90     7.24
  SINCE JAN 1     16.76                     15.50   1.26    11.97

SNOWFALL (IN)
  YESTERDAY        0.0           0.0    MM  MM     MM        0.0
  MONTH TO DATE    0.0                      MM     MM        0.0
  SINCE JUN 1      0.0                      MM     MM        0.0
  SINCE JUL 1      0.0                      MM     MM        0.0
  SNOW DEPTH       0

DEGREE DAYS
 HEATING
  YESTERDAY        3                         0      3        0
  MONTH TO DATE   12                         0     12        0
  SINCE JUN 1     17                        40    -23       35
  SINCE JUL 1     14                         5      9        9

 COOLING
  YESTERDAY        0                         7     -7        7
  MONTH TO DATE  153                       156     -3      116
  SINCE JUN 1    643                       634      9      490
  SINCE JAN 1    674                       674      0      568
..................................................................


WIND (MPH)
  HIGHEST WIND SPEED    24   HIGHEST WIND DIRECTION    NW (330)
  HIGHEST GUST SPEED    32   HIGHEST GUST DIRECTION     N (340)
  AVERAGE WIND SPEED    12.8


SKY COVER
  POSSIBLE SUNSHINE  MM
  AVERAGE SKY COVER 0.4


WEATHER CONDITIONS
 THE FOLLOWING WEATHER WAS RECORDED YESTERDAY.
  LIGHT RAIN


RELATIVE HUMIDITY (PERCENT)
 HIGHEST   100          1100 PM
 LOWEST     40           500 PM
 AVERAGE    70

..........................................................


THE MITCHELL SD CLIMATE NORMALS FOR TODAY
                         NORMAL    RECORD    YEAR
 MAXIMUM TEMPERATURE (F)   83       103      1955
 MINIMUM TEMPERATURE (F)   60        37      1950


SUNRISE AND SUNSET
AUGUST 20 2015........SUNRISE   642 AM CDT   SUNSET   828 PM CDT
AUGUST 21 2015........SUNRISE   643 AM CDT   SUNSET   827 PM CDT


-  INDICATES NEGATIVE NUMBERS.
R  INDICATES RECORD WAS SET OR TIED.
MM INDICATES DATA IS MISSING.
T  INDICATES TRACE AMOUNT.




$$
