000
CDUS43 KFSD 210636
CLIMHE


CLIMATE REPORT
NATIONAL WEATHER SERVICE SIOUX FALLS SD
1235 AM CST SAT FEB 21 2015


...................................

...THE MITCHELL SD CLIMATE SUMMARY FOR FEBRUARY 20 2015...

CLIMATE NORMAL PERIOD 1981 TO 2010
CLIMATE RECORD PERIOD 1893 TO 2015


WEATHER ITEM   OBSERVED TIME   RECORD YEAR NORMAL DEPARTURE LAST
                VALUE   (LST)  VALUE       VALUE  FROM      YEAR
                                                  NORMAL
..................................................................
TEMPERATURE (F)
 YESTERDAY
  MAXIMUM         51    233 PM  68    1981  35     16       41
  MINIMUM         14    604 AM -21    1918  16     -2       17
  AVERAGE         33                        25      8       29

PRECIPITATION (IN)
  YESTERDAY        0.00          0.82 2011   0.01  -0.01      T
  MONTH TO DATE    0.23                      0.24  -0.01     0.20
  SINCE DEC 1      1.98                      0.91   1.07     1.02
  SINCE JAN 1      0.76                      0.46   0.30     0.37

SNOWFALL (IN)
  YESTERDAY        0.0          16.0  1953  MM     MM         T
  MONTH TO DATE    2.6                      MM     MM        3.2
  SINCE DEC 1     16.1                      MM     MM       15.4
  SINCE JUL 1     21.7                      MM     MM       19.4
  SNOW DEPTH       0

DEGREE DAYS
 HEATING
  YESTERDAY       32                        40     -8       36
  MONTH TO DATE  895                       850     45      964
  SINCE DEC 1   3433                      3649   -216     4019
  SINCE JUL 1   5089                      5217   -128     5527

 COOLING
  YESTERDAY        0                         0      0        0
  MONTH TO DATE    0                         0      0        0
  SINCE DEC 1      0                         0      0        0
  SINCE JAN 1      0                         0      0        0
..................................................................


WIND (MPH)
  HIGHEST WIND SPEED    22   HIGHEST WIND DIRECTION    NW (320)
  HIGHEST GUST SPEED    26   HIGHEST GUST DIRECTION     S (180)
  AVERAGE WIND SPEED     9.1


SKY COVER
  POSSIBLE SUNSHINE  MM
  AVERAGE SKY COVER 0.7


WEATHER CONDITIONS
 THE FOLLOWING WEATHER WAS RECORDED YESTERDAY.
  NO SIGNIFICANT WEATHER WAS OBSERVED.


RELATIVE HUMIDITY (PERCENT)
 HIGHEST    89          1000 PM
 LOWEST     46           400 PM
 AVERAGE    68

..........................................................


THE MITCHELL SD CLIMATE NORMALS FOR TODAY
                         NORMAL    RECORD    YEAR
 MAXIMUM TEMPERATURE (F)   35        72      2000
 MINIMUM TEMPERATURE (F)   16       -22      1918


SUNRISE AND SUNSET
FEBRUARY 21 2015......SUNRISE   722 AM CST   SUNSET   610 PM CST
FEBRUARY 22 2015......SUNRISE   721 AM CST   SUNSET   611 PM CST


-  INDICATES NEGATIVE NUMBERS.
R  INDICATES RECORD WAS SET OR TIED.
MM INDICATES DATA IS MISSING.
T  INDICATES TRACE AMOUNT.




$$
