000
CDUS43 KFSD 300639
CLIMHE


CLIMATE REPORT
NATIONAL WEATHER SERVICE SIOUX FALLS SD
1239 AM CST SAT JAN 30 2016


...................................

...THE MITCHELL SD CLIMATE SUMMARY FOR JANUARY 29 2016...

CLIMATE NORMAL PERIOD 1981 TO 2010
CLIMATE RECORD PERIOD 1893 TO 2016


WEATHER ITEM   OBSERVED TIME   RECORD YEAR NORMAL DEPARTURE LAST
                VALUE   (LST)  VALUE       VALUE  FROM      YEAR
                                                  NORMAL
..................................................................
TEMPERATURE (F)
 YESTERDAY
  MAXIMUM         43    236 PM  67    1931  30     13       35
  MINIMUM         30    846 AM -31    1966  10     20       19
  AVERAGE         37                        20     17       27

PRECIPITATION (IN)
  YESTERDAY        0.00          1.30 2001   0.01  -0.01     0.00
  MONTH TO DATE    1.17                      0.21   0.96     0.40
  SINCE DEC 1      2.20                      0.66   1.54     1.62
  SINCE JAN 1      1.17                      0.21   0.96     0.40

SNOWFALL (IN)
  YESTERDAY        0.0          13.0  2001  MM     MM        0.0
  MONTH TO DATE    6.3                      MM     MM        5.2
  SINCE DEC 1     21.1                      MM     MM       12.9
  SINCE JUL 1     34.3                      MM     MM       18.5
  SNOW DEPTH       5

DEGREE DAYS
 HEATING
  YESTERDAY       28                        45    -17       38
  MONTH TO DATE 1373                      1343     30     1239
  SINCE DEC 1   2560                      2710   -150     2464
  SINCE JUL 1   3743                      4278   -535     4120

 COOLING
  YESTERDAY        0                         0      0        0
  MONTH TO DATE    0                         0      0        0
  SINCE DEC 1      0                         0      0        0
  SINCE JAN 1      0                         0      0        0
..................................................................


WIND (MPH)
  HIGHEST WIND SPEED    23   HIGHEST WIND DIRECTION    SE (150)
  HIGHEST GUST SPEED    28   HIGHEST GUST DIRECTION     S (160)
  AVERAGE WIND SPEED    11.3


SKY COVER
  POSSIBLE SUNSHINE  MM
  AVERAGE SKY COVER 0.2


WEATHER CONDITIONS
 THE FOLLOWING WEATHER WAS RECORDED YESTERDAY.
  NO SIGNIFICANT WEATHER WAS OBSERVED.


RELATIVE HUMIDITY (PERCENT)
 HIGHEST    92           600 AM
 LOWEST     70           200 PM
 AVERAGE    81

..........................................................


THE MITCHELL SD CLIMATE NORMALS FOR TODAY
                         NORMAL    RECORD    YEAR
 MAXIMUM TEMPERATURE (F)   30        62      1989
 MINIMUM TEMPERATURE (F)   10       -26      1966


SUNRISE AND SUNSET
JANUARY 30 2016.......SUNRISE   752 AM CST   SUNSET   540 PM CST
JANUARY 31 2016.......SUNRISE   751 AM CST   SUNSET   541 PM CST


-  INDICATES NEGATIVE NUMBERS.
R  INDICATES RECORD WAS SET OR TIED.
MM INDICATES DATA IS MISSING.
T  INDICATES TRACE AMOUNT.




$$
