000
CDUS43 KFSD 232228
CLIMHE


CLIMATE REPORT
NATIONAL WEATHER SERVICE SIOUX FALLS SD
428 PM CST WED NOV 23 2016


...................................

...THE MITCHELL SD CLIMATE SUMMARY FOR NOVEMBER 23 2016...
VALID TODAY AS OF 0400 PM LOCAL TIME.

CLIMATE NORMAL PERIOD 1981 TO 2010
CLIMATE RECORD PERIOD 1893 TO 2016


WEATHER ITEM   OBSERVED TIME   RECORD YEAR NORMAL DEPARTURE LAST
                VALUE   (LST)  VALUE       VALUE  FROM      YEAR
                                                  NORMAL
..................................................................
TEMPERATURE (F)
 TODAY
  MAXIMUM         37    321 AM  74    1899  39     -2       42
  MINIMUM         35    906 AM -13    1898  20     15       24
  AVERAGE         36                        30      6       33

PRECIPITATION (IN)
  TODAY            0.00          0.75 2001   0.01  -0.01     0.00
  MONTH TO DATE    0.52                      0.65  -0.13     1.80
  SINCE SEP 1      4.62                      4.59   0.03     4.84
  SINCE JAN 1     24.03                     20.94   3.09    21.77

SNOWFALL (IN)
  TODAY            0.0           4.5  2003  MM     MM        0.0
  MONTH TO DATE    4.2                      MM     MM        6.0
  SINCE SEP 1      4.2                      MM     MM        6.0
  SINCE JUL 1      4.2                      MM     MM        6.0
  SNOW DEPTH      MM

DEGREE DAYS
 HEATING
  TODAY           29                        35     -6       32
  MONTH TO DATE  440                       663   -223      497
  SINCE SEP 1    883                      1287   -404      891
  SINCE JUL 1    891                      1304   -413      919

 COOLING
  TODAY            0                         0      0        0
  MONTH TO DATE    0                         0      0        0
  SINCE SEP 1    104                        79     25      170
  SINCE JAN 1   1036                       824    212      894
..................................................................


WIND (MPH)
  HIGHEST WIND SPEED    17   HIGHEST WIND DIRECTION    NW (320)
  HIGHEST GUST SPEED    20   HIGHEST GUST DIRECTION     N (340)
  AVERAGE WIND SPEED    12.2


SKY COVER
  POSSIBLE SUNSHINE  MM
  AVERAGE SKY COVER 1.0


WEATHER CONDITIONS
 THE FOLLOWING WEATHER WAS RECORDED TODAY.
  FOG
  FOG W/VISIBILITY <= 1/4 MILE


RELATIVE HUMIDITY (PERCENT)
 HIGHEST   100          1200 AM
 LOWEST     82           400 PM
 AVERAGE    91

..........................................................


THE MITCHELL SD CLIMATE NORMALS FOR TOMORROW
                         NORMAL    RECORD    YEAR
 MAXIMUM TEMPERATURE (F)   39        71      2011
 MINIMUM TEMPERATURE (F)   19       -12      1985


SUNRISE AND SUNSET
NOVEMBER 23 2016......SUNRISE   737 AM CST   SUNSET   500 PM CST
NOVEMBER 24 2016......SUNRISE   739 AM CST   SUNSET   459 PM CST


-  INDICATES NEGATIVE NUMBERS.
R  INDICATES RECORD WAS SET OR TIED.
MM INDICATES DATA IS MISSING.
T  INDICATES TRACE AMOUNT.




$$
