000
CDUS43 KFSD 122230
CLIMHE


CLIMATE REPORT
NATIONAL WEATHER SERVICE SIOUX FALLS SD
528 PM CDT SAT APR 12 2014


...................................

...THE MITCHELL SD CLIMATE SUMMARY FOR APRIL 12 2014...
VALID TODAY AS OF 0500 PM LOCAL TIME.

CLIMATE NORMAL PERIOD 1981 TO 2010
CLIMATE RECORD PERIOD 1893 TO 2014


WEATHER ITEM   OBSERVED TIME   RECORD YEAR NORMAL DEPARTURE LAST
                VALUE   (LST)  VALUE       VALUE  FROM      YEAR
                                                  NORMAL
..................................................................
TEMPERATURE (F)
 TODAY
  MAXIMUM         74    332 PM  91    1931  59     15       33
  MINIMUM         40    629 AM  15    1997  34      6       24
                                      1957
  AVERAGE         57                        46     11       29

PRECIPITATION (IN)
  TODAY            T             1.72 1983   0.07  -0.07      T
  MONTH TO DATE    T                         0.56  -0.56     1.56
  SINCE MAR 1      1.04                      1.62  -0.58     2.36
  SINCE JAN 1      1.54                      2.18  -0.64     3.93

SNOWFALL (IN)
  TODAY            0.0           4.0  1996  MM     MM         T
                                      1995
  MONTH TO DATE    T                        MM     MM       13.8
  SINCE MAR 1      8.6                      MM     MM       17.2
  SINCE JUL 1     30.8                      MM     MM       45.1
  SNOW DEPTH       0

DEGREE DAYS
 HEATING
  TODAY            8                        19    -11       36
  MONTH TO DATE  238                       258    -20      321
  SINCE MAR 1   1284                      1216     68     1460
  SINCE JUL 1   7234                      6738    496     6925

 COOLING
  TODAY            0                         0      0        0
  MONTH TO DATE    0                         0      0        0
  SINCE MAR 1      0                         0      0        0
  SINCE JAN 1      0                         0      0        0
..................................................................


WIND (MPH)
  HIGHEST WIND SPEED    21   HIGHEST WIND DIRECTION     N (10)
  HIGHEST GUST SPEED    25   HIGHEST GUST DIRECTION     N (10)
  AVERAGE WIND SPEED    10.6


SKY COVER
  POSSIBLE SUNSHINE  MM
  AVERAGE SKY COVER 0.1


WEATHER CONDITIONS
 THE FOLLOWING WEATHER WAS RECORDED TODAY.
  LIGHT RAIN
  FOG
  HAZE


RELATIVE HUMIDITY (PERCENT)
 HIGHEST    92           600 AM
 LOWEST     27           300 PM
 AVERAGE    60

..........................................................


THE MITCHELL SD CLIMATE NORMALS FOR TOMORROW
                         NORMAL    RECORD    YEAR
 MAXIMUM TEMPERATURE (F)   59        91      1908
 MINIMUM TEMPERATURE (F)   34        15      1950
                                             1909
                                             1907


SUNRISE AND SUNSET
APRIL 12 2014.........SUNRISE   654 AM CDT   SUNSET   812 PM CDT
APRIL 13 2014.........SUNRISE   653 AM CDT   SUNSET   813 PM CDT


-  INDICATES NEGATIVE NUMBERS.
R  INDICATES RECORD WAS SET OR TIED.
MM INDICATES DATA IS MISSING.
T  INDICATES TRACE AMOUNT.




$$
