000
CDUS43 KFSD 070708
CLIMHE


CLIMATE REPORT
NATIONAL WEATHER SERVICE SIOUX FALLS SD
107 AM CST SAT JAN 7 2017


...................................

...THE MITCHELL SD CLIMATE SUMMARY FOR JANUARY 6 2017...

CLIMATE NORMAL PERIOD 1981 TO 2010
CLIMATE RECORD PERIOD 1893 TO 2017


WEATHER ITEM   OBSERVED TIME   RECORD YEAR NORMAL DEPARTURE LAST
                VALUE   (LST)  VALUE       VALUE  FROM      YEAR
                                                  NORMAL
..................................................................
TEMPERATURE (F)
 YESTERDAY
  MAXIMUM         19    318 PM  57    1896  27     -8       28
  MINIMUM         -1   1206 AM -32    1988  10    -11       19
  AVERAGE          9                        18     -9       24

PRECIPITATION (IN)
  YESTERDAY        0.00          0.32 2010   0.01  -0.01     0.00
  MONTH TO DATE    0.02                      0.04  -0.02     0.00
  SINCE DEC 1      1.13                      0.49   0.64     1.03
  SINCE JAN 1      0.02                      0.04  -0.02     0.00

SNOWFALL (IN)
  YESTERDAY        0.0           3.9  2010  MM     MM        0.0
  MONTH TO DATE    0.2                      MM     MM        0.0
  SINCE DEC 1      8.3                      MM     MM       14.8
  SINCE JUL 1     13.8                      MM     MM       28.0
  SNOW DEPTH       T

DEGREE DAYS
 HEATING
  YESTERDAY       56                        47      9       41
  MONTH TO DATE  329                       279     50      265
  SINCE DEC 1   1717                      1646     71     1452
  SINCE JUL 1   2811                      3214   -403     2635

 COOLING
  YESTERDAY        0                         0      0        0
  MONTH TO DATE    0                         0      0        0
  SINCE DEC 1      0                         0      0        0
  SINCE JAN 1      0                         0      0        0
..................................................................


WIND (MPH)
  HIGHEST WIND SPEED    13   HIGHEST WIND DIRECTION    NW (320)
  HIGHEST GUST SPEED    14   HIGHEST GUST DIRECTION     W (260)
  AVERAGE WIND SPEED     6.6


SKY COVER
  POSSIBLE SUNSHINE  MM
  AVERAGE SKY COVER 0.7


WEATHER CONDITIONS
 THE FOLLOWING WEATHER WAS RECORDED YESTERDAY.
  NO SIGNIFICANT WEATHER WAS OBSERVED.


RELATIVE HUMIDITY (PERCENT)
 HIGHEST    86           700 AM
 LOWEST     49           300 PM
 AVERAGE    68

..........................................................


THE MITCHELL SD CLIMATE NORMALS FOR TODAY
                         NORMAL    RECORD    YEAR
 MAXIMUM TEMPERATURE (F)   27        60      2003
 MINIMUM TEMPERATURE (F)   10       -28      1912


SUNRISE AND SUNSET
JANUARY  7 2017.......SUNRISE   806 AM CST   SUNSET   512 PM CST
JANUARY  8 2017.......SUNRISE   805 AM CST   SUNSET   513 PM CST


-  INDICATES NEGATIVE NUMBERS.
R  INDICATES RECORD WAS SET OR TIED.
MM INDICATES DATA IS MISSING.
T  INDICATES TRACE AMOUNT.




$$
