000
CDUS43 KFSD 030629
CLIMHE


CLIMATE REPORT
NATIONAL WEATHER SERVICE SIOUX FALLS SD
1227 AM CST FRI FEB 3 2017


...................................

...THE MITCHELL SD CLIMATE SUMMARY FOR FEBRUARY 2 2017...

CLIMATE NORMAL PERIOD 1981 TO 2010
CLIMATE RECORD PERIOD 1893 TO 2017


WEATHER ITEM   OBSERVED TIME   RECORD YEAR NORMAL DEPARTURE LAST
                VALUE   (LST)  VALUE       VALUE  FROM      YEAR
                                                  NORMAL
..................................................................
TEMPERATURE (F)
 YESTERDAY
  MAXIMUM         22    242 PM  64    1991  30     -8       29
                                      1924
  MINIMUM         12    214 AM -39    1905  11      1       21
  AVERAGE         17                        20     -3       25

PRECIPITATION (IN)
  YESTERDAY        0.00          0.60 1919   0.02  -0.02     0.06
  MONTH TO DATE    T                         0.03  -0.03     0.06
  SINCE DEC 1      1.87                      0.70   1.17     1.54
  SINCE JAN 1      0.76                      0.25   0.51     0.51

SNOWFALL (IN)
  YESTERDAY        0.0           6.0  1919  MM     MM        0.9
  MONTH TO DATE    T                        MM     MM        0.9
  SINCE DEC 1     17.5                      MM     MM       22.0
  SINCE JUL 1     23.0                      MM     MM       35.2
  SNOW DEPTH       2

DEGREE DAYS
 HEATING
  YESTERDAY       48                        45      3       40
  MONTH TO DATE   91                        90      1       74
  SINCE DEC 1   2846                      2889    -43     2692
  SINCE JUL 1   3940                      4457   -517     3875

 COOLING
  YESTERDAY        0                         0      0        0
  MONTH TO DATE    0                         0      0        0
  SINCE DEC 1      0                         0      0        0
  SINCE JAN 1      0                         0      0        0
..................................................................


WIND (MPH)
  HIGHEST WIND SPEED    23   HIGHEST WIND DIRECTION    NW (310)
  HIGHEST GUST SPEED    27   HIGHEST GUST DIRECTION     W (290)
  AVERAGE WIND SPEED    14.0


SKY COVER
  POSSIBLE SUNSHINE  MM
  AVERAGE SKY COVER 0.3


WEATHER CONDITIONS
 THE FOLLOWING WEATHER WAS RECORDED YESTERDAY.
  NO SIGNIFICANT WEATHER WAS OBSERVED.


RELATIVE HUMIDITY (PERCENT)
 HIGHEST    80           800 AM
 LOWEST     47           200 PM
 AVERAGE    64

..........................................................


THE MITCHELL SD CLIMATE NORMALS FOR TODAY
                         NORMAL    RECORD    YEAR
 MAXIMUM TEMPERATURE (F)   30        67      1962
 MINIMUM TEMPERATURE (F)   11       -36      1996


SUNRISE AND SUNSET
FEBRUARY  3 2017......SUNRISE   746 AM CST   SUNSET   546 PM CST
FEBRUARY  4 2017......SUNRISE   745 AM CST   SUNSET   548 PM CST


-  INDICATES NEGATIVE NUMBERS.
R  INDICATES RECORD WAS SET OR TIED.
MM INDICATES DATA IS MISSING.
T  INDICATES TRACE AMOUNT.




$$
