000
CDUS43 KFSD 100631
CLIMHE


CLIMATE REPORT
NATIONAL WEATHER SERVICE SIOUX FALLS SD
131 AM CDT SAT SEP 10 2016


...................................

...THE MITCHELL SD CLIMATE SUMMARY FOR SEPTEMBER 9 2016...

CLIMATE NORMAL PERIOD 1981 TO 2010
CLIMATE RECORD PERIOD 1893 TO 2016


WEATHER ITEM   OBSERVED TIME   RECORD YEAR NORMAL DEPARTURE LAST
                VALUE   (LST)  VALUE       VALUE  FROM      YEAR
                                                  NORMAL
..................................................................
TEMPERATURE (F)
 YESTERDAY
  MAXIMUM         71    325 PM 105    1904  78     -7       83
  MINIMUM         54   1159 PM  31    1910  53      1       51
  AVERAGE         63                        66     -3       67

PRECIPITATION (IN)
  YESTERDAY        0.09          1.17 1929   0.07   0.02     0.00
  MONTH TO DATE    1.71                      0.73   0.98      T
  SINCE SEP 1      1.71                      0.73   0.98      T
  SINCE JAN 1     21.12                     17.08   4.04    16.93

SNOWFALL (IN)
  YESTERDAY        0.0           0.0    MM  MM     MM        0.0
  MONTH TO DATE    0.0                      MM     MM        0.0
  SINCE SEP 1      0.0                      MM     MM        0.0
  SINCE JUL 1      0.0                      MM     MM        0.0
  SNOW DEPTH       0

DEGREE DAYS
 HEATING
  YESTERDAY        2                         3     -1        0
  MONTH TO DATE    2                        19    -17        1
  SINCE SEP 1      2                        19    -17        1
  SINCE JUL 1     10                        36    -26       29

 COOLING
  YESTERDAY        0                         3     -3        2
  MONTH TO DATE   43                        39      4       78
  SINCE SEP 1     43                        39      4       78
  SINCE JAN 1    975                       784    191      802
..................................................................


WIND (MPH)
  HIGHEST WIND SPEED    23   HIGHEST WIND DIRECTION    NW (320)
  HIGHEST GUST SPEED    32   HIGHEST GUST DIRECTION     N (340)
  AVERAGE WIND SPEED    10.7


SKY COVER
  POSSIBLE SUNSHINE  MM
  AVERAGE SKY COVER 0.5


WEATHER CONDITIONS
 THE FOLLOWING WEATHER WAS RECORDED YESTERDAY.
  THUNDERSTORM
  HEAVY RAIN
  LIGHT RAIN
  FOG


RELATIVE HUMIDITY (PERCENT)
 HIGHEST    93           700 AM
 LOWEST     40           400 PM
 AVERAGE    67

..........................................................


THE MITCHELL SD CLIMATE NORMALS FOR TODAY
                         NORMAL    RECORD    YEAR
 MAXIMUM TEMPERATURE (F)   78       104      1931
 MINIMUM TEMPERATURE (F)   52        32      1940


SUNRISE AND SUNSET
SEPTEMBER 10 2016.....SUNRISE   706 AM CDT   SUNSET   751 PM CDT
SEPTEMBER 11 2016.....SUNRISE   707 AM CDT   SUNSET   749 PM CDT


-  INDICATES NEGATIVE NUMBERS.
R  INDICATES RECORD WAS SET OR TIED.
MM INDICATES DATA IS MISSING.
T  INDICATES TRACE AMOUNT.




$$
