576
CDUS43 KFSD 190713
CLIMHE


CLIMATE REPORT
NATIONAL WEATHER SERVICE SIOUX FALLS SD
212 AM CDT FRI MAY 19 2017


...................................

...THE MITCHELL SD CLIMATE SUMMARY FOR MAY 18 2017...

CLIMATE NORMAL PERIOD 1981 TO 2010
CLIMATE RECORD PERIOD 1893 TO 2017


WEATHER ITEM   OBSERVED TIME   RECORD YEAR NORMAL DEPARTURE LAST
                VALUE   (LST)  VALUE       VALUE  FROM      YEAR
                                                  NORMAL
..................................................................
TEMPERATURE (F)
 YESTERDAY
  MAXIMUM         56    713 PM 104    1934  72    -16       73
  MINIMUM         47    650 AM  29    2002  49     -2       45
                                      1915
  AVERAGE         52                        60     -8       59

PRECIPITATION (IN)
  YESTERDAY        T             1.93 1938   0.07  -0.07     0.00
  MONTH TO DATE    1.64                      1.37   0.27     0.98
  SINCE MAR 1      5.15                      4.61   0.54     7.71
  SINCE JAN 1      6.31                      5.17   1.14     8.94

SNOWFALL (IN)
  YESTERDAY        0.0           T    1968  MM     MM        0.0
  MONTH TO DATE    0.0                      MM     MM        0.0
  SINCE MAR 1      5.2                      MM     MM        3.9
  SINCE JUL 1     30.6                      MM     MM       46.3
  SNOW DEPTH       0

DEGREE DAYS
 HEATING
  YESTERDAY       13                         6      7        6
  MONTH TO DATE   93                       151    -58      148
  SINCE MAR 1   1438                      1629   -191     1341
  SINCE JUL 1   6172                      7151   -979     6130

 COOLING
  YESTERDAY        0                         1     -1        0
  MONTH TO DATE   32                        15     17        8
  SINCE MAR 1     32                        17     15       12
  SINCE JAN 1     32                        17     15       12
..................................................................


WIND (MPH)
  HIGHEST WIND SPEED    26   HIGHEST WIND DIRECTION     N (350)
  HIGHEST GUST SPEED    34   HIGHEST GUST DIRECTION     N (340)
  AVERAGE WIND SPEED    15.0


SKY COVER
  POSSIBLE SUNSHINE  MM
  AVERAGE SKY COVER 0.9


WEATHER CONDITIONS
 THE FOLLOWING WEATHER WAS RECORDED YESTERDAY.
  LIGHT RAIN


RELATIVE HUMIDITY (PERCENT)
 HIGHEST    93           200 AM
 LOWEST     66           100 PM
 AVERAGE    80

..........................................................


THE MITCHELL SD CLIMATE NORMALS FOR TODAY
                         NORMAL    RECORD    YEAR
 MAXIMUM TEMPERATURE (F)   72       104      1934
 MINIMUM TEMPERATURE (F)   49        29      2002
                                             1894


SUNRISE AND SUNSET
MAY 19 2017...........SUNRISE   602 AM CDT   SUNSET   855 PM CDT
MAY 20 2017...........SUNRISE   601 AM CDT   SUNSET   857 PM CDT


-  INDICATES NEGATIVE NUMBERS.
R  INDICATES RECORD WAS SET OR TIED.
MM INDICATES DATA IS MISSING.
T  INDICATES TRACE AMOUNT.




$$
