000
CDUS43 KFSD 040633
CLIMHE


CLIMATE REPORT
NATIONAL WEATHER SERVICE SIOUX FALLS SD
1232 AM CST WED JAN 4 2017


...................................

...THE MITCHELL SD CLIMATE SUMMARY FOR JANUARY 3 2017...

CLIMATE NORMAL PERIOD 1981 TO 2010
CLIMATE RECORD PERIOD 1893 TO 2017


WEATHER ITEM   OBSERVED TIME   RECORD YEAR NORMAL DEPARTURE LAST
                VALUE   (LST)  VALUE       VALUE  FROM      YEAR
                                                  NORMAL
..................................................................
TEMPERATURE (F)
 YESTERDAY
  MAXIMUM         13   1231 AM  62    1962  27    -14       20
  MINIMUM         -1   1159 PM -27    1911  10    -11        5
  AVERAGE          6                        18    -12       13

PRECIPITATION (IN)
  YESTERDAY        0.00          0.73 1949   0.01  -0.01     0.00
  MONTH TO DATE    0.02                      0.02   0.00     0.00
  SINCE DEC 1      1.13                      0.47   0.66     1.03
  SINCE JAN 1      0.02                      0.02   0.00     0.00

SNOWFALL (IN)
  YESTERDAY        0.0           6.0  1949  MM     MM        0.0
  MONTH TO DATE    0.2                      MM     MM        0.0
  SINCE DEC 1      8.3                      MM     MM       14.8
  SINCE JUL 1     13.8                      MM     MM       28.0
  SNOW DEPTH       T

DEGREE DAYS
 HEATING
  YESTERDAY       59                        46     13       52
  MONTH TO DATE  143                       138      5      134
  SINCE DEC 1   1531                      1505     26     1321
  SINCE JUL 1   2625                      3073   -448     2504

 COOLING
  YESTERDAY        0                         0      0        0
  MONTH TO DATE    0                         0      0        0
  SINCE DEC 1      0                         0      0        0
  SINCE JAN 1      0                         0      0        0
..................................................................


WIND (MPH)
  HIGHEST WIND SPEED    28   HIGHEST WIND DIRECTION    NW (320)
  HIGHEST GUST SPEED    35   HIGHEST GUST DIRECTION    NW (320)
  AVERAGE WIND SPEED    19.6


SKY COVER
  POSSIBLE SUNSHINE  MM
  AVERAGE SKY COVER 0.2


WEATHER CONDITIONS
 THE FOLLOWING WEATHER WAS RECORDED YESTERDAY.
  NO SIGNIFICANT WEATHER WAS OBSERVED.


RELATIVE HUMIDITY (PERCENT)
 HIGHEST    84          1200 AM
 LOWEST     63           200 PM
 AVERAGE    74

..........................................................


THE MITCHELL SD CLIMATE NORMALS FOR TODAY
                         NORMAL    RECORD    YEAR
 MAXIMUM TEMPERATURE (F)   27        58      2012
 MINIMUM TEMPERATURE (F)   10       -23      1968


SUNRISE AND SUNSET
JANUARY  4 2017.......SUNRISE   806 AM CST   SUNSET   509 PM CST
JANUARY  5 2017.......SUNRISE   806 AM CST   SUNSET   510 PM CST


-  INDICATES NEGATIVE NUMBERS.
R  INDICATES RECORD WAS SET OR TIED.
MM INDICATES DATA IS MISSING.
T  INDICATES TRACE AMOUNT.




$$
