000
CDUS43 KFSD 200654
CLIMHE


CLIMATE REPORT
NATIONAL WEATHER SERVICE SIOUX FALLS SD
154 AM CDT MON JUL 20 2015


...................................

...THE MITCHELL SD CLIMATE SUMMARY FOR JULY 19 2015...

CLIMATE NORMAL PERIOD 1981 TO 2010
CLIMATE RECORD PERIOD 1893 TO 2015


WEATHER ITEM   OBSERVED TIME   RECORD YEAR NORMAL DEPARTURE LAST
                VALUE   (LST)  VALUE       VALUE  FROM      YEAR
                                                  NORMAL
..................................................................
TEMPERATURE (F)
 YESTERDAY
  MAXIMUM         88    532 PM 109    1936  87      1       84
  MINIMUM         58    535 AM  48    1911  63     -5       65
  AVERAGE         73                        75     -2       75

PRECIPITATION (IN)
  YESTERDAY        0.00          1.50 1907   0.08  -0.08     0.00
  MONTH TO DATE    1.33                      1.99  -0.66     0.45
  SINCE JUN 1      5.24                      6.12  -0.88     4.64
  SINCE JAN 1     12.33                     12.85  -0.52     9.37

SNOWFALL (IN)
  YESTERDAY        0.0           0.0    MM  MM     MM        0.0
  MONTH TO DATE    0.0                      MM     MM        0.0
  SINCE JUN 1      0.0                      MM     MM        0.0
  SINCE JUL 1      0.0                      MM     MM        0.0
  SNOW DEPTH       0

DEGREE DAYS
 HEATING
  YESTERDAY        0                         0      0        0
  MONTH TO DATE    2                         0      2        9
  SINCE JUN 1      5                        35    -30       35
  SINCE JUL 1      2                         0      2        9

 COOLING
  YESTERDAY        8                        10     -2       10
  MONTH TO DATE  175                       188    -13      125
  SINCE JUN 1    372                       358     14      283
  SINCE JAN 1    403                       398      5      361
..................................................................


WIND (MPH)
  HIGHEST WIND SPEED    14   HIGHEST WIND DIRECTION     S (200)
  HIGHEST GUST SPEED    19   HIGHEST GUST DIRECTION     S (190)
  AVERAGE WIND SPEED     6.5


SKY COVER
  POSSIBLE SUNSHINE  MM
  AVERAGE SKY COVER 0.1


WEATHER CONDITIONS
 THE FOLLOWING WEATHER WAS RECORDED YESTERDAY.
  THUNDERSTORM


RELATIVE HUMIDITY (PERCENT)
 HIGHEST    97           200 AM
 LOWEST     37          1200 PM
 AVERAGE    67

..........................................................


THE MITCHELL SD CLIMATE NORMALS FOR TODAY
                         NORMAL    RECORD    YEAR
 MAXIMUM TEMPERATURE (F)   87       112      1934
 MINIMUM TEMPERATURE (F)   63        46      1898


SUNRISE AND SUNSET
JULY 20 2015..........SUNRISE   608 AM CDT   SUNSET   908 PM CDT
JULY 21 2015..........SUNRISE   609 AM CDT   SUNSET   907 PM CDT


-  INDICATES NEGATIVE NUMBERS.
R  INDICATES RECORD WAS SET OR TIED.
MM INDICATES DATA IS MISSING.
T  INDICATES TRACE AMOUNT.




$$
