392
CDUS43 KFSD 140654
CLIMHE


CLIMATE REPORT
NATIONAL WEATHER SERVICE SIOUX FALLS SD
152 AM CDT TUE MAR 14 2017


...................................

...THE MITCHELL SD CLIMATE SUMMARY FOR MARCH 13 2017...

CLIMATE NORMAL PERIOD 1981 TO 2010
CLIMATE RECORD PERIOD 1893 TO 2017


WEATHER ITEM   OBSERVED TIME   RECORD YEAR NORMAL DEPARTURE LAST
                VALUE   (LST)  VALUE       VALUE  FROM      YEAR
                                                  NORMAL
..................................................................
TEMPERATURE (F)
 YESTERDAY
  MAXIMUM         20    510 PM  82    2012  43    -23       69
  MINIMUM          4    749 AM -10    1896  23    -19       46
  AVERAGE         12                        33    -21       58

PRECIPITATION (IN)
  YESTERDAY        0.03          1.58 1918   0.03   0.00     0.00
  MONTH TO DATE    0.34                      0.34   0.00      T
  SINCE MAR 1      0.34                      0.34   0.00      T
  SINCE JAN 1      1.50                      0.90   0.60     1.23

SNOWFALL (IN)
  YESTERDAY        0.4           4.0  1918  MM     MM        0.0
  MONTH TO DATE    3.6                      MM     MM         T
  SINCE MAR 1      3.6                      MM     MM         T
  SINCE JUL 1     29.0                      MM     MM       42.4
  SNOW DEPTH       2

DEGREE DAYS
 HEATING
  YESTERDAY       53                        32     21        7
  MONTH TO DATE  457                       447     10      287
  SINCE MAR 1    457                       447     10      287
  SINCE JUL 1   5191                      5969   -778     5076

 COOLING
  YESTERDAY        0                         0      0        0
  MONTH TO DATE    0                         0      0        0
  SINCE MAR 1      0                         0      0        0
  SINCE JAN 1      0                         0      0        0
..................................................................


WIND (MPH)
  HIGHEST WIND SPEED    24   HIGHEST WIND DIRECTION     N (360)
  HIGHEST GUST SPEED    28   HIGHEST GUST DIRECTION     N (10)
  AVERAGE WIND SPEED    10.5


SKY COVER
  POSSIBLE SUNSHINE  MM
  AVERAGE SKY COVER 0.5


WEATHER CONDITIONS
 THE FOLLOWING WEATHER WAS RECORDED YESTERDAY.
  LIGHT SNOW
  FOG
  HAZE


RELATIVE HUMIDITY (PERCENT)
 HIGHEST    88           300 AM
 LOWEST     62           500 PM
 AVERAGE    75

..........................................................


THE MITCHELL SD CLIMATE NORMALS FOR TODAY
                         NORMAL    RECORD    YEAR
 MAXIMUM TEMPERATURE (F)   43        78      1935
 MINIMUM TEMPERATURE (F)   23       -18      1897


SUNRISE AND SUNSET
MARCH 14 2017.........SUNRISE   746 AM CDT   SUNSET   738 PM CDT
MARCH 15 2017.........SUNRISE   744 AM CDT   SUNSET   739 PM CDT


-  INDICATES NEGATIVE NUMBERS.
R  INDICATES RECORD WAS SET OR TIED.
MM INDICATES DATA IS MISSING.
T  INDICATES TRACE AMOUNT.




$$
