000
CDUS43 KFSD 280622
CLIMHE


CLIMATE REPORT
NATIONAL WEATHER SERVICE SIOUX FALLS SD
121 AM CDT THU SEP 28 2017


...................................

...THE MITCHELL SD CLIMATE SUMMARY FOR SEPTEMBER 27 2017...

CLIMATE NORMAL PERIOD 1981 TO 2010
CLIMATE RECORD PERIOD 1893 TO 2017


WEATHER ITEM   OBSERVED TIME   RECORD YEAR NORMAL DEPARTURE LAST
                VALUE   (LST)  VALUE       VALUE  FROM      YEAR
                                                  NORMAL
..................................................................
TEMPERATURE (F)
 YESTERDAY
  MAXIMUM         71    417 PM 100    1956  71      0       80
  MINIMUM         40    652 AM  24    1935  44     -4       45
  AVERAGE         56                        58     -2       63

PRECIPITATION (IN)
  YESTERDAY        0.00          0.77 2013   0.07  -0.07     0.00
  MONTH TO DATE    2.59                      2.10   0.49     2.15
  SINCE SEP 1      2.59                      2.10   0.49     2.15
  SINCE JAN 1     16.41                     18.45  -2.04    21.56

SNOWFALL (IN)
  YESTERDAY        0.0           T    1965  MM     MM        0.0
  MONTH TO DATE    0.0                      MM     MM        0.0
  SINCE SEP 1      0.0                      MM     MM        0.0
  SINCE JUL 1      0.0                      MM     MM        0.0
  SNOW DEPTH       0

DEGREE DAYS
 HEATING
  YESTERDAY        9                         8      1        2
  MONTH TO DATE   83                       114    -31       47
  SINCE SEP 1     83                       114    -31       47
  SINCE JUL 1     85                       131    -46       55

 COOLING
  YESTERDAY        0                         1     -1        0
  MONTH TO DATE  113                        70     43       99
  SINCE SEP 1    113                        70     43       99
  SINCE JAN 1    883                       815     68     1031
..................................................................


WIND (MPH)
  HIGHEST WIND SPEED    13   HIGHEST WIND DIRECTION    NW (330)
  HIGHEST GUST SPEED    17   HIGHEST GUST DIRECTION    NW (320)
  AVERAGE WIND SPEED     4.1


SKY COVER
  POSSIBLE SUNSHINE  MM
  AVERAGE SKY COVER 0.1


WEATHER CONDITIONS
 THE FOLLOWING WEATHER WAS RECORDED YESTERDAY.
  FOG


RELATIVE HUMIDITY (PERCENT)
 HIGHEST   100          1200 AM
 LOWEST     35           400 PM
 AVERAGE    68

..........................................................


THE MITCHELL SD CLIMATE NORMALS FOR TODAY
                         NORMAL    RECORD    YEAR
 MAXIMUM TEMPERATURE (F)   71        93      2011
                                             1897
 MINIMUM TEMPERATURE (F)   44        23      1951


SUNRISE AND SUNSET
SEPTEMBER 28 2017.....SUNRISE   727 AM CDT   SUNSET   718 PM CDT
SEPTEMBER 29 2017.....SUNRISE   728 AM CDT   SUNSET   716 PM CDT


-  INDICATES NEGATIVE NUMBERS.
R  INDICATES RECORD WAS SET OR TIED.
MM INDICATES DATA IS MISSING.
T  INDICATES TRACE AMOUNT.




$$
