000
CDUS43 KFSD 280646
CLIMHE


CLIMATE REPORT
NATIONAL WEATHER SERVICE SIOUX FALLS SD
1246 AM CST TUE NOV 28 2017


...................................

...THE MITCHELL SD CLIMATE SUMMARY FOR NOVEMBER 27 2017...

CLIMATE NORMAL PERIOD 1981 TO 2010
CLIMATE RECORD PERIOD 1893 TO 2017


WEATHER ITEM   OBSERVED TIME   RECORD YEAR NORMAL DEPARTURE LAST
                VALUE   (LST)  VALUE       VALUE  FROM      YEAR
                                                  NORMAL
..................................................................
TEMPERATURE (F)
 YESTERDAY
  MAXIMUM         72R   312 PM  67    1998  37     35       50
  MINIMUM         37    301 AM  -8    1985  18     19       24
  AVERAGE         55                        27     28       37

PRECIPITATION (IN)
  YESTERDAY        0.00          0.70 1896   0.02  -0.02     0.64
  MONTH TO DATE    0.10                      0.73  -0.63     1.17
  SINCE SEP 1      5.78                      4.67   1.11     5.27
  SINCE JAN 1     19.60                     21.02  -1.42    24.68

SNOWFALL (IN)
  YESTERDAY        0.0           3.0  1994  MM     MM        0.0
                                      1919
                                      1896
  MONTH TO DATE    1.2                      MM     MM        4.2
  SINCE SEP 1      1.2                      MM     MM        4.2
  SINCE JUL 1      1.2                      MM     MM        4.2
  SNOW DEPTH       0

DEGREE DAYS
 HEATING
  YESTERDAY       10                        38    -28       28
  MONTH TO DATE  771                       811    -40      551
  SINCE SEP 1   1309                      1435   -126      994
  SINCE JUL 1   1311                      1452   -141     1002

 COOLING
  YESTERDAY        0                         0      0        0
  MONTH TO DATE    0                         0      0        0
  SINCE SEP 1    120                        79     41      104
  SINCE JAN 1    890                       824     66     1036
..................................................................


WIND (MPH)
  HIGHEST WIND SPEED    26   HIGHEST WIND DIRECTION     N (340)
  HIGHEST GUST SPEED    36   HIGHEST GUST DIRECTION     N (340)
  AVERAGE WIND SPEED    13.3


SKY COVER
  POSSIBLE SUNSHINE  MM
  AVERAGE SKY COVER 0.0


WEATHER CONDITIONS
 THE FOLLOWING WEATHER WAS RECORDED YESTERDAY.
  NO SIGNIFICANT WEATHER WAS OBSERVED.


RELATIVE HUMIDITY (PERCENT)
 HIGHEST    85           300 AM
 LOWEST     25           300 PM
 AVERAGE    55

..........................................................


THE MITCHELL SD CLIMATE NORMALS FOR TODAY
                         NORMAL    RECORD    YEAR
 MAXIMUM TEMPERATURE (F)   36        71      1941
 MINIMUM TEMPERATURE (F)   17       -10      1896


SUNRISE AND SUNSET
NOVEMBER 28 2017......SUNRISE   743 AM CST   SUNSET   457 PM CST
NOVEMBER 29 2017......SUNRISE   744 AM CST   SUNSET   457 PM CST


-  INDICATES NEGATIVE NUMBERS.
R  INDICATES RECORD WAS SET OR TIED.
MM INDICATES DATA IS MISSING.
T  INDICATES TRACE AMOUNT.




$$
