000
CDUS43 KFSD 310622
CLIMHE


CLIMATE REPORT
NATIONAL WEATHER SERVICE SIOUX FALLS SD
121 AM CDT MON JUL 31 2017


...................................

...THE MITCHELL SD CLIMATE SUMMARY FOR JULY 30 2017...

CLIMATE NORMAL PERIOD 1981 TO 2010
CLIMATE RECORD PERIOD 1893 TO 2017


WEATHER ITEM   OBSERVED TIME   RECORD YEAR NORMAL DEPARTURE LAST
                VALUE   (LST)  VALUE       VALUE  FROM      YEAR
                                                  NORMAL
..................................................................
TEMPERATURE (F)
 YESTERDAY
  MAXIMUM         83    308 PM 106    2006  86     -3       85
                                      1955
  MINIMUM         68    544 AM  39    1971  63      5       59
  AVERAGE         76                        74      2       72

PRECIPITATION (IN)
  YESTERDAY        0.04          2.52 1941   0.10  -0.06     0.00
  MONTH TO DATE    2.96                      3.02  -0.06     1.53
  SINCE JUN 1      3.71                      7.15  -3.44     3.57
  SINCE JAN 1     10.73                     13.88  -3.15    16.09

SNOWFALL (IN)
  YESTERDAY        0.0           0.0    MM  MM     MM        0.0
  MONTH TO DATE    0.0                      MM     MM        0.0
  SINCE JUN 1      0.0                      MM     MM        0.0
  SINCE JUL 1      0.0                      MM     MM        0.0
  SNOW DEPTH       0

DEGREE DAYS
 HEATING
  YESTERDAY        0                         0      0        0
  MONTH TO DATE    0                         0      0        3
  SINCE JUN 1     12                        35    -23        7
  SINCE JUL 1      0                         0      0        3

 COOLING
  YESTERDAY       11                         9      2        7
  MONTH TO DATE  383                       295     88      316
  SINCE JUN 1    601                       465    136      600
  SINCE JAN 1    633                       505    128      644
..................................................................


WIND (MPH)
  HIGHEST WIND SPEED    17   HIGHEST WIND DIRECTION     S (170)
  HIGHEST GUST SPEED    23   HIGHEST GUST DIRECTION     S (180)
  AVERAGE WIND SPEED     9.8


SKY COVER
  POSSIBLE SUNSHINE  MM
  AVERAGE SKY COVER 0.6


WEATHER CONDITIONS
 THE FOLLOWING WEATHER WAS RECORDED YESTERDAY.
  LIGHT RAIN
  FOG


RELATIVE HUMIDITY (PERCENT)
 HIGHEST    93           200 AM
 LOWEST     58           600 PM
 AVERAGE    76

..........................................................


THE MITCHELL SD CLIMATE NORMALS FOR TODAY
                         NORMAL    RECORD    YEAR
 MAXIMUM TEMPERATURE (F)   85       109      2002
 MINIMUM TEMPERATURE (F)   63        47      1903


SUNRISE AND SUNSET
JULY 31 2017..........SUNRISE   620 AM CDT   SUNSET   856 PM CDT
AUGUST  1 2017........SUNRISE   621 AM CDT   SUNSET   855 PM CDT


-  INDICATES NEGATIVE NUMBERS.
R  INDICATES RECORD WAS SET OR TIED.
MM INDICATES DATA IS MISSING.
T  INDICATES TRACE AMOUNT.




$$
