000
CDUS43 KFSD 070645
CLIMHE


CLIMATE REPORT
NATIONAL WEATHER SERVICE SIOUX FALLS SD
144 AM CDT MON APR 7 2014


...................................

...THE MITCHELL SD CLIMATE SUMMARY FOR APRIL 6 2014...

CLIMATE NORMAL PERIOD 1981 TO 2010
CLIMATE RECORD PERIOD 1893 TO 2014


WEATHER ITEM   OBSERVED TIME   RECORD YEAR NORMAL DEPARTURE LAST
                VALUE   (LST)  VALUE       VALUE  FROM      YEAR
                                                  NORMAL
..................................................................
TEMPERATURE (F)
 YESTERDAY
  MAXIMUM         65    408 PM  87    1991  55     10       70
  MINIMUM         28    505 AM  10    1982  31     -3       35
  AVERAGE         47                        43      4       53

PRECIPITATION (IN)
  YESTERDAY        0.00          1.50 2006   0.04  -0.04     0.00
  MONTH TO DATE    T                         0.17  -0.17      T
  SINCE MAR 1      1.04                      1.23  -0.19     0.80
  SINCE JAN 1      1.54                      1.79  -0.25     2.37

SNOWFALL (IN)
  YESTERDAY        0.0           6.0  1938  MM     MM        0.0
  MONTH TO DATE    T                        MM     MM        0.0
  SINCE MAR 1      8.6                      MM     MM        3.4
  SINCE JUL 1     30.8                      MM     MM       31.3
  SNOW DEPTH       0

DEGREE DAYS
 HEATING
  YESTERDAY       18                        22     -4       12
  MONTH TO DATE  168                       138     30      132
  SINCE MAR 1   1214                      1096    118     1271
  SINCE JUL 1   7164                      6618    546     6736

 COOLING
  YESTERDAY        0                         0      0        0
  MONTH TO DATE    0                         0      0        0
  SINCE MAR 1      0                         0      0        0
  SINCE JAN 1      0                         0      0        0
..................................................................


WIND (MPH)
  HIGHEST WIND SPEED    13   HIGHEST WIND DIRECTION    NW (330)
  HIGHEST GUST SPEED    16   HIGHEST GUST DIRECTION     N (340)
  AVERAGE WIND SPEED     5.9


SKY COVER
  POSSIBLE SUNSHINE  MM
  AVERAGE SKY COVER 0.2


WEATHER CONDITIONS
 THE FOLLOWING WEATHER WAS RECORDED YESTERDAY.
  NO SIGNIFICANT WEATHER WAS OBSERVED.


RELATIVE HUMIDITY (PERCENT)
 HIGHEST   100           700 AM
 LOWEST     27           400 PM
 AVERAGE    64

..........................................................


THE MITCHELL SD CLIMATE NORMALS FOR TODAY
                         NORMAL    RECORD    YEAR
 MAXIMUM TEMPERATURE (F)   56        85      1970
 MINIMUM TEMPERATURE (F)   32        10      1936


SUNRISE AND SUNSET
APRIL  7 2014.........SUNRISE   703 AM CDT   SUNSET   806 PM CDT
APRIL  8 2014.........SUNRISE   701 AM CDT   SUNSET   807 PM CDT


-  INDICATES NEGATIVE NUMBERS.
R  INDICATES RECORD WAS SET OR TIED.
MM INDICATES DATA IS MISSING.
T  INDICATES TRACE AMOUNT.




$$
