000
CDUS43 KFSD 072226
CLIMHE


CLIMATE REPORT
NATIONAL WEATHER SERVICE SIOUX FALLS SD
526 PM CDT FRI APR 7 2017


...................................

...THE MITCHELL SD CLIMATE SUMMARY FOR APRIL 7 2017...
VALID TODAY AS OF 0500 PM LOCAL TIME.

CLIMATE NORMAL PERIOD 1981 TO 2010
CLIMATE RECORD PERIOD 1893 TO 2017


WEATHER ITEM   OBSERVED TIME   RECORD YEAR NORMAL DEPARTURE LAST
                VALUE   (LST)  VALUE       VALUE  FROM      YEAR
                                                  NORMAL
..................................................................
TEMPERATURE (F)
 TODAY
  MAXIMUM         71    359 PM  85    1970  56     15       50
  MINIMUM         34    458 AM  10    1936  32      2       32
  AVERAGE         53                        44      9       41

PRECIPITATION (IN)
  TODAY            0.00          1.40 1908   0.05  -0.05      T
  MONTH TO DATE    0.30                      0.22   0.08     0.07
  SINCE MAR 1      0.64                      1.28  -0.64     1.43
  SINCE JAN 1      1.80                      1.84  -0.04     2.66

SNOWFALL (IN)
  TODAY            0.0          11.0  1982  MM     MM        0.0
  MONTH TO DATE    0.0                      MM     MM        0.2
  SINCE MAR 1      3.6                      MM     MM        3.9
  SINCE JUL 1     29.0                      MM     MM       46.3
  SNOW DEPTH       0

DEGREE DAYS
 HEATING
  TODAY           12                        21     -9       24
  MONTH TO DATE  113                       159    -46      141
  SINCE MAR 1    982                      1117   -135      846
  SINCE JUL 1   5716                      6639   -923     5635

 COOLING
  TODAY            0                         0      0        0
  MONTH TO DATE    0                         0      0        0
  SINCE MAR 1      0                         0      0        0
  SINCE JAN 1      0                         0      0        0
..................................................................


WIND (MPH)
  HIGHEST WIND SPEED    35   HIGHEST WIND DIRECTION     S (170)
  HIGHEST GUST SPEED    45   HIGHEST GUST DIRECTION     S (160)
  AVERAGE WIND SPEED    17.8


SKY COVER
  POSSIBLE SUNSHINE  MM
  AVERAGE SKY COVER 0.0


WEATHER CONDITIONS
 THE FOLLOWING WEATHER WAS RECORDED TODAY.
  NO SIGNIFICANT WEATHER WAS OBSERVED.


RELATIVE HUMIDITY (PERCENT)
 HIGHEST    82           500 AM
 LOWEST     28           200 PM
 AVERAGE    55

..........................................................


THE MITCHELL SD CLIMATE NORMALS FOR TOMORROW
                         NORMAL    RECORD    YEAR
 MAXIMUM TEMPERATURE (F)   56        84      1934
 MINIMUM TEMPERATURE (F)   32        10      1997


SUNRISE AND SUNSET
APRIL  7 2017.........SUNRISE   703 AM CDT   SUNSET   807 PM CDT
APRIL  8 2017.........SUNRISE   701 AM CDT   SUNSET   808 PM CDT


-  INDICATES NEGATIVE NUMBERS.
R  INDICATES RECORD WAS SET OR TIED.
MM INDICATES DATA IS MISSING.
T  INDICATES TRACE AMOUNT.




$$
