000
CDUS43 KFSD 250711
CLIMHE


CLIMATE REPORT
NATIONAL WEATHER SERVICE SIOUX FALLS SD
210 AM CDT TUE APR 25 2017


...................................

...THE MITCHELL SD CLIMATE SUMMARY FOR APRIL 24 2017...

CLIMATE NORMAL PERIOD 1981 TO 2010
CLIMATE RECORD PERIOD 1893 TO 2017


WEATHER ITEM   OBSERVED TIME   RECORD YEAR NORMAL DEPARTURE LAST
                VALUE   (LST)  VALUE       VALUE  FROM      YEAR
                                                  NORMAL
..................................................................
TEMPERATURE (F)
 YESTERDAY
  MAXIMUM         67   1247 PM  91    1906  65      2       76
  MINIMUM         42   1159 PM  23    1919  39      3       59
  AVERAGE         55                        52      3       68

PRECIPITATION (IN)
  YESTERDAY        0.00          1.30 1929   0.10  -0.10      T
  MONTH TO DATE    2.43                      1.59   0.84     1.71
  SINCE MAR 1      2.77                      2.65   0.12     3.07
  SINCE JAN 1      3.93                      3.21   0.72     4.30

SNOWFALL (IN)
  YESTERDAY        0.0           2.0  1937  MM     MM        0.0
  MONTH TO DATE    1.6                      MM     MM        0.2
  SINCE MAR 1      5.2                      MM     MM        3.9
  SINCE JUL 1     30.6                      MM     MM       46.3
  SNOW DEPTH       0

DEGREE DAYS
 HEATING
  YESTERDAY       10                        13     -3        0
  MONTH TO DATE  330                       446   -116      376
  SINCE MAR 1   1199                      1404   -205     1081
  SINCE JUL 1   5933                      6926   -993     5870

 COOLING
  YESTERDAY        0                         0      0        3
  MONTH TO DATE    0                         0      0        4
  SINCE MAR 1      0                         0      0        4
  SINCE JAN 1      0                         0      0        4
..................................................................


WIND (MPH)
  HIGHEST WIND SPEED    25   HIGHEST WIND DIRECTION     W (280)
  HIGHEST GUST SPEED    32   HIGHEST GUST DIRECTION     W (280)
  AVERAGE WIND SPEED    15.0


SKY COVER
  POSSIBLE SUNSHINE  MM
  AVERAGE SKY COVER 0.1


WEATHER CONDITIONS
 THE FOLLOWING WEATHER WAS RECORDED YESTERDAY.
  NO SIGNIFICANT WEATHER WAS OBSERVED.


RELATIVE HUMIDITY (PERCENT)
 HIGHEST    82          1100 PM
 LOWEST     40          1200 AM
 AVERAGE    61

..........................................................


THE MITCHELL SD CLIMATE NORMALS FOR TODAY
                         NORMAL    RECORD    YEAR
 MAXIMUM TEMPERATURE (F)   65        97      1962
 MINIMUM TEMPERATURE (F)   40        23      1907


SUNRISE AND SUNSET
APRIL 25 2017.........SUNRISE   633 AM CDT   SUNSET   828 PM CDT
APRIL 26 2017.........SUNRISE   631 AM CDT   SUNSET   829 PM CDT


-  INDICATES NEGATIVE NUMBERS.
R  INDICATES RECORD WAS SET OR TIED.
MM INDICATES DATA IS MISSING.
T  INDICATES TRACE AMOUNT.




$$
