000
CDUS43 KFSD 020754
CLIMHE


CLIMATE REPORT
NATIONAL WEATHER SERVICE SIOUX FALLS SD
153 AM CST FRI DEC 2 2016


...................................

...THE MITCHELL SD CLIMATE SUMMARY FOR DECEMBER 1 2016...

CLIMATE NORMAL PERIOD 1981 TO 2010
CLIMATE RECORD PERIOD 1893 TO 2016


WEATHER ITEM   OBSERVED TIME   RECORD YEAR NORMAL DEPARTURE LAST
                VALUE   (LST)  VALUE       VALUE  FROM      YEAR
                                                  NORMAL
..................................................................
TEMPERATURE (F)
 YESTERDAY
  MAXIMUM         34    319 PM  70    1998  35     -1       32
  MINIMUM         30    524 AM -14    1897  16     14       27
  AVERAGE         32                        25      7       30

PRECIPITATION (IN)
  YESTERDAY        0.00          0.44 1945   0.03  -0.03     0.16
  MONTH TO DATE    0.00                      0.03  -0.03     0.16
  SINCE DEC 1      0.00                      0.03  -0.03     0.16
  SINCE JAN 1     25.21                     21.10   4.11    22.57

SNOWFALL (IN)
  YESTERDAY        0.0           3.0  1945  MM     MM        2.6
                                      1942
  MONTH TO DATE    0.0                      MM     MM        2.6
  SINCE DEC 1      0.0                      MM     MM        2.6
  SINCE JUL 1      5.5                      MM     MM       15.8
  SNOW DEPTH       1

DEGREE DAYS
 HEATING
  YESTERDAY       33                        40     -7       35
  MONTH TO DATE   33                        40     -7       35
  SINCE DEC 1     33                        40     -7       35
  SINCE JUL 1   1127                      1608   -481     1218

 COOLING
  YESTERDAY        0                         0      0        0
  MONTH TO DATE    0                         0      0        0
  SINCE DEC 1      0                         0      0        0
  SINCE JAN 1   1036                       824    212      894
..................................................................


WIND (MPH)
  HIGHEST WIND SPEED    17   HIGHEST WIND DIRECTION    NW (310)
  HIGHEST GUST SPEED    22   HIGHEST GUST DIRECTION    NW (310)
  AVERAGE WIND SPEED     9.3


SKY COVER
  POSSIBLE SUNSHINE  MM
  AVERAGE SKY COVER 1.0


WEATHER CONDITIONS
 THE FOLLOWING WEATHER WAS RECORDED YESTERDAY.
  NO SIGNIFICANT WEATHER WAS OBSERVED.


RELATIVE HUMIDITY (PERCENT)
 HIGHEST    92           100 AM
 LOWEST     82          1200 PM
 AVERAGE    87

..........................................................


THE MITCHELL SD CLIMATE NORMALS FOR TODAY
                         NORMAL    RECORD    YEAR
 MAXIMUM TEMPERATURE (F)   34        69      1998
 MINIMUM TEMPERATURE (F)   16       -17      1985


SUNRISE AND SUNSET
DECEMBER  2 2016......SUNRISE   748 AM CST   SUNSET   456 PM CST
DECEMBER  3 2016......SUNRISE   749 AM CST   SUNSET   455 PM CST


-  INDICATES NEGATIVE NUMBERS.
R  INDICATES RECORD WAS SET OR TIED.
MM INDICATES DATA IS MISSING.
T  INDICATES TRACE AMOUNT.




$$
