000
CDUS43 KFSD 022224
CLIMHE


CLIMATE REPORT
NATIONAL WEATHER SERVICE SIOUX FALLS SD
523 PM CDT THU NOV 2 2017


...................................

...THE MITCHELL SD CLIMATE SUMMARY FOR NOVEMBER 2 2017...
VALID TODAY AS OF 0500 PM LOCAL TIME.

CLIMATE NORMAL PERIOD 1981 TO 2010
CLIMATE RECORD PERIOD 1893 TO 2017


WEATHER ITEM   OBSERVED TIME   RECORD YEAR NORMAL DEPARTURE LAST
                VALUE   (LST)  VALUE       VALUE  FROM      YEAR
                                                  NORMAL
..................................................................
TEMPERATURE (F)
 TODAY
  MAXIMUM         44   1040 AM  79    2005  53     -9       68
                                      1965
  MINIMUM         35    511 AM   3    1911  31      4       37
  AVERAGE         40                        42     -2       53

PRECIPITATION (IN)
  TODAY            0.00          0.52 1992   0.04  -0.04      T
  MONTH TO DATE    T                         0.09  -0.09      T
  SINCE SEP 1      5.68                      4.03   1.65     4.10
  SINCE JAN 1     19.50                     20.38  -0.88    23.51

SNOWFALL (IN)
  TODAY            0.0           3.0  1992  MM     MM        0.0
  MONTH TO DATE    T                        MM     MM        0.0
  SINCE SEP 1      T                        MM     MM         T
  SINCE JUL 1      T                        MM     MM         T
  SNOW DEPTH       0

DEGREE DAYS
 HEATING
  TODAY           25                        23      2       12
  MONTH TO DATE   47                        45      2       24
  SINCE SEP 1    585                       669    -84      467
  SINCE JUL 1    587                       686    -99      475

 COOLING
  TODAY            0                         0      0        0
  MONTH TO DATE    0                         0      0        0
  SINCE SEP 1    120                        79     41      104
  SINCE JAN 1    890                       824     66     1036
..................................................................


WIND (MPH)
  HIGHEST WIND SPEED    18   HIGHEST WIND DIRECTION     N (10)
  HIGHEST GUST SPEED    23   HIGHEST GUST DIRECTION     N (10)
  AVERAGE WIND SPEED    10.0


SKY COVER
  POSSIBLE SUNSHINE  MM
  AVERAGE SKY COVER 0.9


WEATHER CONDITIONS
 THE FOLLOWING WEATHER WAS RECORDED TODAY.
  NO SIGNIFICANT WEATHER WAS OBSERVED.


RELATIVE HUMIDITY (PERCENT)
 HIGHEST    85           400 AM
 LOWEST     57           300 PM
 AVERAGE    71

..........................................................


THE MITCHELL SD CLIMATE NORMALS FOR TOMORROW
                         NORMAL    RECORD    YEAR
 MAXIMUM TEMPERATURE (F)   52        74      1909
                                             1900
 MINIMUM TEMPERATURE (F)   31         7      1991


SUNRISE AND SUNSET
NOVEMBER  2 2017......SUNRISE   810 AM CDT   SUNSET   621 PM CDT
NOVEMBER  3 2017......SUNRISE   811 AM CDT   SUNSET   620 PM CDT


-  INDICATES NEGATIVE NUMBERS.
R  INDICATES RECORD WAS SET OR TIED.
MM INDICATES DATA IS MISSING.
T  INDICATES TRACE AMOUNT.




$$
