497
CDUS43 KFSD 092221
CLIMHE


CLIMATE REPORT
NATIONAL WEATHER SERVICE SIOUX FALLS SD
519 PM CDT SAT SEP 9 2017


...................................

...THE MITCHELL SD CLIMATE SUMMARY FOR SEPTEMBER 9 2017...
VALID TODAY AS OF 0500 PM LOCAL TIME.

CLIMATE NORMAL PERIOD 1981 TO 2010
CLIMATE RECORD PERIOD 1893 TO 2017


WEATHER ITEM   OBSERVED TIME   RECORD YEAR NORMAL DEPARTURE LAST
                VALUE   (LST)  VALUE       VALUE  FROM      YEAR
                                                  NORMAL
..................................................................
TEMPERATURE (F)
 TODAY
  MAXIMUM         79    308 PM 105    1904  78      1       71
  MINIMUM         59    707 AM  31    1910  53      6       54
  AVERAGE         69                        66      3       63

PRECIPITATION (IN)
  TODAY            0.03          1.17 1929   0.07  -0.04     0.09
  MONTH TO DATE    0.13                      0.73  -0.60     1.71
  SINCE SEP 1      0.13                      0.73  -0.60     1.71
  SINCE JAN 1     13.95                     17.08  -3.13    21.12

SNOWFALL (IN)
  TODAY            0.0           0.0    MM  MM     MM        0.0
  MONTH TO DATE    0.0                      MM     MM        0.0
  SINCE SEP 1      0.0                      MM     MM        0.0
  SINCE JUL 1      0.0                      MM     MM        0.0
  SNOW DEPTH       0

DEGREE DAYS
 HEATING
  TODAY            0                         3     -3        2
  MONTH TO DATE   16                        19     -3        2
  SINCE SEP 1     16                        19     -3        2
  SINCE JUL 1     18                        36    -18       10

 COOLING
  TODAY            4                         3      1        0
  MONTH TO DATE   24                        39    -15       43
  SINCE SEP 1     24                        39    -15       43
  SINCE JAN 1    794                       784     10      975
..................................................................


WIND (MPH)
  HIGHEST WIND SPEED    22   HIGHEST WIND DIRECTION     S (160)
  HIGHEST GUST SPEED    28   HIGHEST GUST DIRECTION     S (160)
  AVERAGE WIND SPEED    11.4


SKY COVER
  POSSIBLE SUNSHINE  MM
  AVERAGE SKY COVER 0.2


WEATHER CONDITIONS
 THE FOLLOWING WEATHER WAS RECORDED TODAY.
  THUNDERSTORM
  LIGHT RAIN
  FOG


RELATIVE HUMIDITY (PERCENT)
 HIGHEST    93           600 AM
 LOWEST     54           300 PM
 AVERAGE    74

..........................................................


THE MITCHELL SD CLIMATE NORMALS FOR TOMORROW
                         NORMAL    RECORD    YEAR
 MAXIMUM TEMPERATURE (F)   78       104      1931
 MINIMUM TEMPERATURE (F)   52        32      1940


SUNRISE AND SUNSET
SEPTEMBER  9 2017.....SUNRISE   705 AM CDT   SUNSET   753 PM CDT
SEPTEMBER 10 2017.....SUNRISE   706 AM CDT   SUNSET   751 PM CDT


-  INDICATES NEGATIVE NUMBERS.
R  INDICATES RECORD WAS SET OR TIED.
MM INDICATES DATA IS MISSING.
T  INDICATES TRACE AMOUNT.




$$
