000
CDUS43 KFSD 142235
CLIMHE


CLIMATE REPORT
NATIONAL WEATHER SERVICE SIOUX FALLS SD
535 PM CDT THU APR 14 2016


...................................

...THE MITCHELL SD CLIMATE SUMMARY FOR APRIL 14 2016...
VALID TODAY AS OF 0500 PM LOCAL TIME.

CLIMATE NORMAL PERIOD 1981 TO 2010
CLIMATE RECORD PERIOD 1893 TO 2016


WEATHER ITEM   OBSERVED TIME   RECORD YEAR NORMAL DEPARTURE LAST
                VALUE   (LST)  VALUE       VALUE  FROM      YEAR
                                                  NORMAL
..................................................................
TEMPERATURE (F)
 TODAY
  MAXIMUM         80    359 PM  91    2003  60     20       78
                                      1908
  MINIMUM         42    524 AM   9    1928  35      7       36
  AVERAGE         61                        47     14       57

PRECIPITATION (IN)
  TODAY            0.00          1.61 1941   0.07  -0.07     0.00
  MONTH TO DATE    0.07                      0.71  -0.64     0.26
  SINCE MAR 1      1.43                      1.77  -0.34     0.39
  SINCE JAN 1      2.66                      2.33   0.33     1.16

SNOWFALL (IN)
  TODAY            0.0           3.8  1928  MM     MM        0.0
  MONTH TO DATE    0.2                      MM     MM        0.0
  SINCE MAR 1      3.9                      MM     MM        0.7
  SINCE JUL 1     46.3                      MM     MM       22.6
  SNOW DEPTH       0

DEGREE DAYS
 HEATING
  TODAY            4                        18    -14        8
  MONTH TO DATE  266                       294    -28      212
  SINCE MAR 1    971                      1252   -281      980
  SINCE JUL 1   5760                      6774  -1014     6470

 COOLING
  TODAY            0                         0      0        0
  MONTH TO DATE    0                         0      0        0
  SINCE MAR 1      0                         0      0        4
  SINCE JAN 1      0                         0      0        4
..................................................................


WIND (MPH)
  HIGHEST WIND SPEED    31   HIGHEST WIND DIRECTION     S (170)
  HIGHEST GUST SPEED    39   HIGHEST GUST DIRECTION     S (170)
  AVERAGE WIND SPEED    13.1


SKY COVER
  POSSIBLE SUNSHINE  MM
  AVERAGE SKY COVER 0.0


WEATHER CONDITIONS
 THE FOLLOWING WEATHER WAS RECORDED TODAY.
  NO SIGNIFICANT WEATHER WAS OBSERVED.


RELATIVE HUMIDITY (PERCENT)
 HIGHEST    89           500 AM
 LOWEST     25           300 PM
 AVERAGE    57

..........................................................


THE MITCHELL SD CLIMATE NORMALS FOR TOMORROW
                         NORMAL    RECORD    YEAR
 MAXIMUM TEMPERATURE (F)   60        88      1898
 MINIMUM TEMPERATURE (F)   35        18      2014


SUNRISE AND SUNSET
APRIL 14 2016.........SUNRISE   650 AM CDT   SUNSET   815 PM CDT
APRIL 15 2016.........SUNRISE   648 AM CDT   SUNSET   816 PM CDT


-  INDICATES NEGATIVE NUMBERS.
R  INDICATES RECORD WAS SET OR TIED.
MM INDICATES DATA IS MISSING.
T  INDICATES TRACE AMOUNT.




$$
