000
CDUS43 KFSD 162221
CLIMHE


CLIMATE REPORT
NATIONAL WEATHER SERVICE SIOUX FALLS SD
520 PM CDT SAT AUG 16 2014


...................................

...THE MITCHELL SD CLIMATE SUMMARY FOR AUGUST 16 2014...
VALID TODAY AS OF 0500 PM LOCAL TIME.

CLIMATE NORMAL PERIOD 1981 TO 2010
CLIMATE RECORD PERIOD 1893 TO 2014


WEATHER ITEM   OBSERVED TIME   RECORD YEAR NORMAL DEPARTURE LAST
                VALUE   (LST)  VALUE       VALUE  FROM      YEAR
                                                  NORMAL
..................................................................
TEMPERATURE (F)
 TODAY
  MAXIMUM         84    342 PM 102    1988  83      1       72
                                      1935
                                      1906
  MINIMUM         65    252 AM  38    1897  61      4       54
  AVERAGE         75                        72      3       63

PRECIPITATION (IN)
  TODAY            0.00          1.68 1980   0.08  -0.08     0.00
  MONTH TO DATE    1.69                      1.27   0.42     2.54
  SINCE JUN 1      7.24                      8.51  -1.27     8.54
  SINCE JAN 1     11.97                     15.24  -3.27    18.49

SNOWFALL (IN)
  TODAY            0.0           0.0    MM  MM     MM        0.0
  MONTH TO DATE    0.0                      MM     MM        0.0
  SINCE JUN 1      0.0                      MM     MM        0.0
  SINCE JUL 1      0.0                      MM     MM        0.0
  SNOW DEPTH       0

DEGREE DAYS
 HEATING
  TODAY            0                         0      0        2
  MONTH TO DATE    0                         0      0        3
  SINCE JUN 1     35                        40     -5       73
  SINCE JUL 1      9                         5      4       23

 COOLING
  TODAY           10                         8      2        0
  MONTH TO DATE   92                       135    -43       53
  SINCE JUN 1    466                       613   -147      508
  SINCE JAN 1    544                       653   -109      565
..................................................................


WIND (MPH)
  HIGHEST WIND SPEED    14   HIGHEST WIND DIRECTION     S (160)
  HIGHEST GUST SPEED    17   HIGHEST GUST DIRECTION     S (160)
  AVERAGE WIND SPEED     6.8


SKY COVER
  POSSIBLE SUNSHINE  MM
  AVERAGE SKY COVER 0.7


WEATHER CONDITIONS
 THE FOLLOWING WEATHER WAS RECORDED TODAY.
  FOG
  FOG W/VISIBILITY <= 1/4 MILE
  HAZE


RELATIVE HUMIDITY (PERCENT)
 HIGHEST   100           100 AM
 LOWEST     74           300 PM
 AVERAGE    87

..........................................................


THE MITCHELL SD CLIMATE NORMALS FOR TOMORROW
                         NORMAL    RECORD    YEAR
 MAXIMUM TEMPERATURE (F)   83       102      1936
 MINIMUM TEMPERATURE (F)   61        40      1943
                                             1897


SUNRISE AND SUNSET
AUGUST 16 2014........SUNRISE   638 AM CDT   SUNSET   834 PM CDT
AUGUST 17 2014........SUNRISE   639 AM CDT   SUNSET   833 PM CDT


-  INDICATES NEGATIVE NUMBERS.
R  INDICATES RECORD WAS SET OR TIED.
MM INDICATES DATA IS MISSING.
T  INDICATES TRACE AMOUNT.




$$
