000
CDUS43 KFSD 040623
CLIMHE


CLIMATE REPORT
NATIONAL WEATHER SERVICE SIOUX FALLS SD
1223 AM CST SUN FEB 4 2018


...................................

...THE MITCHELL SD CLIMATE SUMMARY FOR FEBRUARY 3 2018...

CLIMATE NORMAL PERIOD 1981 TO 2010
CLIMATE RECORD PERIOD 1893 TO 2018


WEATHER ITEM   OBSERVED TIME   RECORD YEAR NORMAL DEPARTURE LAST
                VALUE   (LST)  VALUE       VALUE  FROM      YEAR
                                                  NORMAL
..................................................................
TEMPERATURE (F)
 YESTERDAY
  MAXIMUM         38   1200 PM  67    1962  30      8       27
  MINIMUM          3   1159 PM -36    1996  11     -8        7
  AVERAGE         21                        21      0       17

PRECIPITATION (IN)
  YESTERDAY        T             0.60 1924   0.01  -0.01     0.00
  MONTH TO DATE    T                         0.04  -0.04      T
  SINCE DEC 1      0.78                      0.71   0.07     1.87
  SINCE JAN 1      0.16                      0.26  -0.10     0.76

SNOWFALL (IN)
  YESTERDAY        T             6.0  1924  MM     MM        0.0
  MONTH TO DATE    T                        MM     MM         T
  SINCE DEC 1     12.5                      MM     MM       17.5
  SINCE JUL 1     13.7                      MM     MM       23.0
  SNOW DEPTH       0

DEGREE DAYS
 HEATING
  YESTERDAY       44                        44      0       48
  MONTH TO DATE  146                       134     12      139
  SINCE DEC 1   2877                      2933    -56     2894
  SINCE JUL 1   4266                      4501   -235     3988

 COOLING
  YESTERDAY        0                         0      0        0
  MONTH TO DATE    0                         0      0        0
  SINCE DEC 1      0                         0      0        0
  SINCE JAN 1      0                         0      0        0
..................................................................


WIND (MPH)
  HIGHEST WIND SPEED    29   HIGHEST WIND DIRECTION     N (350)
  HIGHEST GUST SPEED    37   HIGHEST GUST DIRECTION     N (360)
  AVERAGE WIND SPEED    14.4


SKY COVER
  POSSIBLE SUNSHINE  MM
  AVERAGE SKY COVER 0.8


WEATHER CONDITIONS
 THE FOLLOWING WEATHER WAS RECORDED YESTERDAY.
  LIGHT SNOW
  FOG
  HAZE


RELATIVE HUMIDITY (PERCENT)
 HIGHEST    88           600 AM
 LOWEST     64          1200 PM
 AVERAGE    76

..........................................................


THE MITCHELL SD CLIMATE NORMALS FOR TODAY
                         NORMAL    RECORD    YEAR
 MAXIMUM TEMPERATURE (F)   31        64      2005
 MINIMUM TEMPERATURE (F)   11       -36      1996


SUNRISE AND SUNSET
FEBRUARY  4 2018......SUNRISE   745 AM CST   SUNSET   547 PM CST
FEBRUARY  5 2018......SUNRISE   744 AM CST   SUNSET   549 PM CST


-  INDICATES NEGATIVE NUMBERS.
R  INDICATES RECORD WAS SET OR TIED.
MM INDICATES DATA IS MISSING.
T  INDICATES TRACE AMOUNT.




$$
