000
CDUS43 KFSD 150656
CLIMHE


CLIMATE REPORT
NATIONAL WEATHER SERVICE SIOUX FALLS SD
1255 AM CST THU JAN 15 2015


...................................

...THE MITCHELL SD CLIMATE SUMMARY FOR JANUARY 14 2015...

CLIMATE NORMAL PERIOD 1981 TO 2010
CLIMATE RECORD PERIOD 1893 TO 2015


WEATHER ITEM   OBSERVED TIME   RECORD YEAR NORMAL DEPARTURE LAST
                VALUE   (LST)  VALUE       VALUE  FROM      YEAR
                                                  NORMAL
..................................................................
TEMPERATURE (F)
 YESTERDAY
  MAXIMUM         31   1159 PM  59    1901  28      3       39
  MINIMUM         13    851 AM -35    1916   9      4       11
  AVERAGE         22                        18      4       25

PRECIPITATION (IN)
  YESTERDAY        0.00          1.21 1952   0.00   0.00      T
  MONTH TO DATE    0.34                      0.09   0.25     0.05
  SINCE DEC 1      1.56                      0.54   1.02     0.70
  SINCE JAN 1      0.34                      0.09   0.25     0.05

SNOWFALL (IN)
  YESTERDAY        0.0           3.0  2001  MM     MM         T
                                      1992
  MONTH TO DATE    4.7                      MM     MM        0.4
  SINCE DEC 1     12.4                      MM     MM       11.8
  SINCE JUL 1     18.0                      MM     MM       15.8
  SNOW DEPTH       7

DEGREE DAYS
 HEATING
  YESTERDAY       43                        47     -4       40
  MONTH TO DATE  786                       655    131      686
  SINCE DEC 1   2011                      2022    -11     2292
  SINCE JUL 1   3667                      3590     77     3800

 COOLING
  YESTERDAY        0                         0      0        0
  MONTH TO DATE    0                         0      0        0
  SINCE DEC 1      0                         0      0        0
  SINCE JAN 1      0                         0      0        0
..................................................................


WIND (MPH)
  HIGHEST WIND SPEED    14   HIGHEST WIND DIRECTION     W (250)
  HIGHEST GUST SPEED    19   HIGHEST GUST DIRECTION     W (250)
  AVERAGE WIND SPEED     8.1


SKY COVER
  POSSIBLE SUNSHINE  MM
  AVERAGE SKY COVER 0.2


WEATHER CONDITIONS
 THE FOLLOWING WEATHER WAS RECORDED YESTERDAY.
  NO SIGNIFICANT WEATHER WAS OBSERVED.


RELATIVE HUMIDITY (PERCENT)
 HIGHEST    96           600 AM
 LOWEST     68          1200 PM
 AVERAGE    82

..........................................................


THE MITCHELL SD CLIMATE NORMALS FOR TODAY
                         NORMAL    RECORD    YEAR
 MAXIMUM TEMPERATURE (F)   28        58      1914
 MINIMUM TEMPERATURE (F)    9       -30      1972


SUNRISE AND SUNSET
JANUARY 15 2015.......SUNRISE   803 AM CST   SUNSET   520 PM CST
JANUARY 16 2015.......SUNRISE   802 AM CST   SUNSET   522 PM CST


-  INDICATES NEGATIVE NUMBERS.
R  INDICATES RECORD WAS SET OR TIED.
MM INDICATES DATA IS MISSING.
T  INDICATES TRACE AMOUNT.




$$
