000
CDUS43 KFSD 242227
CLIMHE


CLIMATE REPORT
NATIONAL WEATHER SERVICE SIOUX FALLS SD
526 PM CDT WED SEP 24 2014


...................................

...THE MITCHELL SD CLIMATE SUMMARY FOR SEPTEMBER 24 2014...
VALID TODAY AS OF 0500 PM LOCAL TIME.

CLIMATE NORMAL PERIOD 1981 TO 2010
CLIMATE RECORD PERIOD 1893 TO 2014


WEATHER ITEM   OBSERVED TIME   RECORD YEAR NORMAL DEPARTURE LAST
                VALUE   (LST)  VALUE       VALUE  FROM      YEAR
                                                  NORMAL
..................................................................
TEMPERATURE (F)
 TODAY
  MAXIMUM         81    359 PM  94    1935  72      9       79
  MINIMUM         56    644 AM  23    1965  46     10       55
  AVERAGE         69                        59     10       67

PRECIPITATION (IN)
  TODAY            0.00          1.70 1934   0.08  -0.08      T
  MONTH TO DATE    1.59                      1.89  -0.30     1.18
  SINCE SEP 1      1.59                      1.89  -0.30     1.18
  SINCE JAN 1     16.69                     18.24  -1.55    19.67

SNOWFALL (IN)
  TODAY            0.0           T    1912  MM     MM        0.0
  MONTH TO DATE    0.0                      MM     MM        0.0
  SINCE SEP 1      0.0                      MM     MM        0.0
  SINCE JUL 1      0.0                      MM     MM        0.0
  SNOW DEPTH       0

DEGREE DAYS
 HEATING
  TODAY            0                         7     -7        0
  MONTH TO DATE  118                        91     27       29
  SINCE SEP 1    118                        91     27       29
  SINCE JUL 1    130                       108     22       52

 COOLING
  TODAY            4                         1      3        2
  MONTH TO DATE   44                        67    -23      146
  SINCE SEP 1     44                        67    -23      146
  SINCE JAN 1    690                       812   -122      927
..................................................................


WIND (MPH)
  HIGHEST WIND SPEED    12   HIGHEST WIND DIRECTION    SE (150)
  HIGHEST GUST SPEED    16   HIGHEST GUST DIRECTION     S (160)
  AVERAGE WIND SPEED     7.6


SKY COVER
  POSSIBLE SUNSHINE  MM
  AVERAGE SKY COVER 0.1


WEATHER CONDITIONS
 THE FOLLOWING WEATHER WAS RECORDED TODAY.
  NO SIGNIFICANT WEATHER WAS OBSERVED.


RELATIVE HUMIDITY (PERCENT)
 HIGHEST   100           500 AM
 LOWEST     54           300 PM
 AVERAGE    77

..........................................................


THE MITCHELL SD CLIMATE NORMALS FOR TOMORROW
                         NORMAL    RECORD    YEAR
 MAXIMUM TEMPERATURE (F)   72        93      1938
 MINIMUM TEMPERATURE (F)   45        20      1926


SUNRISE AND SUNSET
SEPTEMBER 24 2014.....SUNRISE   722 AM CDT   SUNSET   726 PM CDT
SEPTEMBER 25 2014.....SUNRISE   723 AM CDT   SUNSET   724 PM CDT


-  INDICATES NEGATIVE NUMBERS.
R  INDICATES RECORD WAS SET OR TIED.
MM INDICATES DATA IS MISSING.
T  INDICATES TRACE AMOUNT.




$$
