000
CDUS43 KFSD 050639
CLIMHE


CLIMATE REPORT
NATIONAL WEATHER SERVICE SIOUX FALLS SD
139 AM CDT SAT APR 5 2014


...................................

...THE MITCHELL SD CLIMATE SUMMARY FOR APRIL 4 2014...

CLIMATE NORMAL PERIOD 1981 TO 2010
CLIMATE RECORD PERIOD 1893 TO 2014


WEATHER ITEM   OBSERVED TIME   RECORD YEAR NORMAL DEPARTURE LAST
                VALUE   (LST)  VALUE       VALUE  FROM      YEAR
                                                  NORMAL
..................................................................
TEMPERATURE (F)
 YESTERDAY
  MAXIMUM         44    440 PM  86    1929  54    -10       54
  MINIMUM         29   1159 PM   6    1899  30     -1       32
  AVERAGE         37                        42     -5       43

PRECIPITATION (IN)
  YESTERDAY        0.00          1.48 1985   0.03  -0.03     0.00
  MONTH TO DATE    T                         0.10  -0.10     0.00
  SINCE MAR 1      1.04                      1.16  -0.12     0.80
  SINCE JAN 1      1.54                      1.72  -0.18     2.37

SNOWFALL (IN)
  YESTERDAY        0.0           9.8  2009  MM     MM        0.0
  MONTH TO DATE    T                        MM     MM        0.0
  SINCE MAR 1      8.6                      MM     MM        3.4
  SINCE JUL 1     30.8                      MM     MM       31.3
  SNOW DEPTH       0

DEGREE DAYS
 HEATING
  YESTERDAY       28                        23      5       22
  MONTH TO DATE  133                        94     39      105
  SINCE MAR 1   1179                      1052    127     1244
  SINCE JUL 1   7129                      6574    555     6709

 COOLING
  YESTERDAY        0                         0      0        0
  MONTH TO DATE    0                         0      0        0
  SINCE MAR 1      0                         0      0        0
  SINCE JAN 1      0                         0      0        0
..................................................................


WIND (MPH)
  HIGHEST WIND SPEED    28   HIGHEST WIND DIRECTION     N (340)
  HIGHEST GUST SPEED    37   HIGHEST GUST DIRECTION    NW (320)
  AVERAGE WIND SPEED    14.7


SKY COVER
  POSSIBLE SUNSHINE  MM
  AVERAGE SKY COVER 0.6


WEATHER CONDITIONS
 THE FOLLOWING WEATHER WAS RECORDED YESTERDAY.
  NO SIGNIFICANT WEATHER WAS OBSERVED.


RELATIVE HUMIDITY (PERCENT)
 HIGHEST    85           200 AM
 LOWEST     53           400 PM
 AVERAGE    69

..........................................................


THE MITCHELL SD CLIMATE NORMALS FOR TODAY
                         NORMAL    RECORD    YEAR
 MAXIMUM TEMPERATURE (F)   55        85      1992
 MINIMUM TEMPERATURE (F)   31        10      1899


SUNRISE AND SUNSET
APRIL  5 2014.........SUNRISE   707 AM CDT   SUNSET   804 PM CDT
APRIL  6 2014.........SUNRISE   705 AM CDT   SUNSET   805 PM CDT


-  INDICATES NEGATIVE NUMBERS.
R  INDICATES RECORD WAS SET OR TIED.
MM INDICATES DATA IS MISSING.
T  INDICATES TRACE AMOUNT.




$$
