000
CDUS43 KFSD 072219
CLIMHE


CLIMATE REPORT
NATIONAL WEATHER SERVICE SIOUX FALLS SD
518 PM CDT FRI JUL 7 2017


...................................

...THE MITCHELL SD CLIMATE SUMMARY FOR JULY 7 2017...
VALID TODAY AS OF 0500 PM LOCAL TIME.

CLIMATE NORMAL PERIOD 1981 TO 2010
CLIMATE RECORD PERIOD 1893 TO 2017


WEATHER ITEM   OBSERVED TIME   RECORD YEAR NORMAL DEPARTURE LAST
                VALUE   (LST)  VALUE       VALUE  FROM      YEAR
                                                  NORMAL
..................................................................
TEMPERATURE (F)
 TODAY
  MAXIMUM         89    359 PM 103    2007  87      2       77
                                      1930
  MINIMUM         61    450 AM  45    1922  63     -2       62
  AVERAGE         75                        75      0       70

PRECIPITATION (IN)
  TODAY            0.00          2.50 1918   0.12  -0.12     0.21
  MONTH TO DATE    0.27                      0.86  -0.59     0.64
  SINCE JUN 1      1.02                      4.99  -3.97     2.68
  SINCE JAN 1      8.04                     11.72  -3.68    15.20

SNOWFALL (IN)
  TODAY            0.0           0.0    MM  MM     MM        0.0
  MONTH TO DATE    0.0                      MM     MM        0.0
  SINCE JUN 1      0.0                      MM     MM        0.0
  SINCE JUL 1      0.0                      MM     MM        0.0
  SNOW DEPTH       0

DEGREE DAYS
 HEATING
  TODAY            0                         0      0        0
  MONTH TO DATE    0                         0      0        3
  SINCE JUN 1     12                        35    -23        7
  SINCE JUL 1      0                         0      0        3

 COOLING
  TODAY           10                        10      0        5
  MONTH TO DATE   85                        68     17       56
  SINCE JUN 1    303                       238     65      340
  SINCE JAN 1    335                       278     57      384
..................................................................


WIND (MPH)
  HIGHEST WIND SPEED    13   HIGHEST WIND DIRECTION    NW (320)
  HIGHEST GUST SPEED    18   HIGHEST GUST DIRECTION     N (10)
  AVERAGE WIND SPEED     6.3


SKY COVER
  POSSIBLE SUNSHINE  MM
  AVERAGE SKY COVER 0.0


WEATHER CONDITIONS
 THE FOLLOWING WEATHER WAS RECORDED TODAY.
  NO SIGNIFICANT WEATHER WAS OBSERVED.


RELATIVE HUMIDITY (PERCENT)
 HIGHEST    90           200 AM
 LOWEST     28           400 PM
 AVERAGE    59

..........................................................


THE MITCHELL SD CLIMATE NORMALS FOR TOMORROW
                         NORMAL    RECORD    YEAR
 MAXIMUM TEMPERATURE (F)   87       108      1930
 MINIMUM TEMPERATURE (F)   63        46      1952


SUNRISE AND SUNSET
JULY  7 2017..........SUNRISE   558 AM CDT   SUNSET   916 PM CDT
JULY  8 2017..........SUNRISE   559 AM CDT   SUNSET   916 PM CDT


-  INDICATES NEGATIVE NUMBERS.
R  INDICATES RECORD WAS SET OR TIED.
MM INDICATES DATA IS MISSING.
T  INDICATES TRACE AMOUNT.




$$
