000
CDUS43 KFSD 200626
CLIMHE


CLIMATE REPORT
NATIONAL WEATHER SERVICE SIOUX FALLS SD
125 AM CDT FRI MAR 20 2015


...................................

...THE MITCHELL SD CLIMATE SUMMARY FOR MARCH 19 2015...

CLIMATE NORMAL PERIOD 1981 TO 2010
CLIMATE RECORD PERIOD 1893 TO 2015


WEATHER ITEM   OBSERVED TIME   RECORD YEAR NORMAL DEPARTURE LAST
                VALUE   (LST)  VALUE       VALUE  FROM      YEAR
                                                  NORMAL
..................................................................
TEMPERATURE (F)
 YESTERDAY
  MAXIMUM         59   1243 PM  80    2004  46     13       43
  MINIMUM         29   1159 PM  -7    1923  25      4       21
  AVERAGE         44                        35      9       32

PRECIPITATION (IN)
  YESTERDAY        0.00          0.79 1982   0.04  -0.04      T
  MONTH TO DATE    0.08                      0.55  -0.47     0.55
  SINCE MAR 1      0.08                      0.55  -0.47     0.55
  SINCE JAN 1      0.85                      1.11  -0.26     1.05

SNOWFALL (IN)
  YESTERDAY        0.0           5.0  1970  MM     MM        0.0
  MONTH TO DATE    0.7                      MM     MM        6.2
  SINCE MAR 1      0.7                      MM     MM        6.2
  SINCE JUL 1     22.6                      MM     MM       28.4
  SNOW DEPTH       0

DEGREE DAYS
 HEATING
  YESTERDAY       21                        30     -9       33
  MONTH TO DATE  486                       632   -146      678
  SINCE MAR 1    486                       632   -146      678
  SINCE JUL 1   5976                      6154   -178     6628

 COOLING
  YESTERDAY        0                         0      0        0
  MONTH TO DATE    4                         0      4        0
  SINCE MAR 1      4                         0      4        0
  SINCE JAN 1      4                         0      4        0
..................................................................


WIND (MPH)
  HIGHEST WIND SPEED    30   HIGHEST WIND DIRECTION     W (290)
  HIGHEST GUST SPEED    39   HIGHEST GUST DIRECTION     W (270)
  AVERAGE WIND SPEED    12.7


SKY COVER
  POSSIBLE SUNSHINE  MM
  AVERAGE SKY COVER 0.4


WEATHER CONDITIONS
 THE FOLLOWING WEATHER WAS RECORDED YESTERDAY.
  NO SIGNIFICANT WEATHER WAS OBSERVED.


RELATIVE HUMIDITY (PERCENT)
 HIGHEST    75           900 PM
 LOWEST     38          1100 AM
 AVERAGE    57

..........................................................


THE MITCHELL SD CLIMATE NORMALS FOR TODAY
                         NORMAL    RECORD    YEAR
 MAXIMUM TEMPERATURE (F)   46        76      1911
 MINIMUM TEMPERATURE (F)   25        -6      1965


SUNRISE AND SUNSET
MARCH 20 2015.........SUNRISE   736 AM CDT   SUNSET   744 PM CDT
MARCH 21 2015.........SUNRISE   734 AM CDT   SUNSET   745 PM CDT


-  INDICATES NEGATIVE NUMBERS.
R  INDICATES RECORD WAS SET OR TIED.
MM INDICATES DATA IS MISSING.
T  INDICATES TRACE AMOUNT.




$$
