000
CDUS43 KFSD 040636
CLIMHE


CLIMATE REPORT
NATIONAL WEATHER SERVICE SIOUX FALLS SD
136 AM CDT THU AUG 4 2016


...................................

...THE MITCHELL SD CLIMATE SUMMARY FOR AUGUST 3 2016...

CLIMATE NORMAL PERIOD 1981 TO 2010
CLIMATE RECORD PERIOD 1893 TO 2016


WEATHER ITEM   OBSERVED TIME   RECORD YEAR NORMAL DEPARTURE LAST
                VALUE   (LST)  VALUE       VALUE  FROM      YEAR
                                                  NORMAL
..................................................................
TEMPERATURE (F)
 YESTERDAY
  MAXIMUM         91    513 PM 107    1930  85      6       85
  MINIMUM         71    604 AM  42    1907  63      8       55
  AVERAGE         81                        74      7       70

PRECIPITATION (IN)
  YESTERDAY        T             1.41 2005   0.07  -0.07     0.00
  MONTH TO DATE    0.36                      0.19   0.17     0.00
  SINCE JUN 1      3.94                      7.43  -3.49     6.18
  SINCE JAN 1     16.46                     14.16   2.30    13.27

SNOWFALL (IN)
  YESTERDAY        0.0           0.0    MM  MM     MM        0.0
  MONTH TO DATE    0.0                      MM     MM        0.0
  SINCE JUN 1      0.0                      MM     MM        0.0
  SINCE JUL 1      0.0                      MM     MM        0.0
  SNOW DEPTH       0

DEGREE DAYS
 HEATING
  YESTERDAY        0                         0      0        0
  MONTH TO DATE    0                         0      0        0
  SINCE JUN 1      7                        40    -33        5
  SINCE JUL 1      3                         5     -2        2

 COOLING
  YESTERDAY       16                         9      7        5
  MONTH TO DATE   40                        27     13       23
  SINCE JUN 1    655                       505    150      513
  SINCE JAN 1    699                       545    154      544
..................................................................


WIND (MPH)
  HIGHEST WIND SPEED    25   HIGHEST WIND DIRECTION     S (160)
  HIGHEST GUST SPEED    31   HIGHEST GUST DIRECTION     S (170)
  AVERAGE WIND SPEED    13.0


SKY COVER
  POSSIBLE SUNSHINE  MM
  AVERAGE SKY COVER 0.2


WEATHER CONDITIONS
 THE FOLLOWING WEATHER WAS RECORDED YESTERDAY.
  THUNDERSTORM
  FOG


RELATIVE HUMIDITY (PERCENT)
 HIGHEST   100           400 AM
 LOWEST     52           400 PM
 AVERAGE    76

..........................................................


THE MITCHELL SD CLIMATE NORMALS FOR TODAY
                         NORMAL    RECORD    YEAR
 MAXIMUM TEMPERATURE (F)   85       115      1934
 MINIMUM TEMPERATURE (F)   62        40      1974


SUNRISE AND SUNSET
AUGUST  4 2016........SUNRISE   625 AM CDT   SUNSET   851 PM CDT
AUGUST  5 2016........SUNRISE   626 AM CDT   SUNSET   850 PM CDT


-  INDICATES NEGATIVE NUMBERS.
R  INDICATES RECORD WAS SET OR TIED.
MM INDICATES DATA IS MISSING.
T  INDICATES TRACE AMOUNT.




$$
