000
CDUS43 KFSD 010636
CLIMHE


CLIMATE REPORT
NATIONAL WEATHER SERVICE SIOUX FALLS SD
1235 AM CST WED FEB 1 2017


...................................

...THE MITCHELL SD CLIMATE SUMMARY FOR JANUARY 31 2017...

CLIMATE NORMAL PERIOD 1981 TO 2010
CLIMATE RECORD PERIOD 1893 TO 2017


WEATHER ITEM   OBSERVED TIME   RECORD YEAR NORMAL DEPARTURE LAST
                VALUE   (LST)  VALUE       VALUE  FROM      YEAR
                                                  NORMAL
..................................................................
TEMPERATURE (F)
 YESTERDAY
  MAXIMUM         38    143 PM  57    2009  30      8       41
  MINIMUM         29   1159 PM -26    1918  10     19       30
  AVERAGE         34                        20     14       36

PRECIPITATION (IN)
  YESTERDAY        0.00          0.28 1981   0.01  -0.01     0.00
  MONTH TO DATE    0.76                      0.22   0.54     0.45
  SINCE DEC 1      1.87                      0.67   1.20     1.48
  SINCE JAN 1      0.76                      0.22   0.54     0.45

SNOWFALL (IN)
  YESTERDAY        0.0           5.0  1981  MM     MM        0.0
  MONTH TO DATE    9.4                      MM     MM        6.3
  SINCE DEC 1     17.5                      MM     MM       21.1
  SINCE JUL 1     23.0                      MM     MM       34.3
  SNOW DEPTH       2

DEGREE DAYS
 HEATING
  YESTERDAY       31                        45    -14       29
  MONTH TO DATE 1367                      1433    -66     1431
  SINCE DEC 1   2755                      2799    -44     2618
  SINCE JUL 1   3849                      4367   -518     3801

 COOLING
  YESTERDAY        0                         0      0        0
  MONTH TO DATE    0                         0      0        0
  SINCE DEC 1      0                         0      0        0
  SINCE JAN 1      0                         0      0        0
..................................................................


WIND (MPH)
  HIGHEST WIND SPEED    24   HIGHEST WIND DIRECTION     W (290)
  HIGHEST GUST SPEED    31   HIGHEST GUST DIRECTION     W (290)
  AVERAGE WIND SPEED    15.7


SKY COVER
  POSSIBLE SUNSHINE  MM
  AVERAGE SKY COVER 0.7


WEATHER CONDITIONS
 THE FOLLOWING WEATHER WAS RECORDED YESTERDAY.
  NO SIGNIFICANT WEATHER WAS OBSERVED.


RELATIVE HUMIDITY (PERCENT)
 HIGHEST    82           900 AM
 LOWEST     64           100 PM
 AVERAGE    73

..........................................................


THE MITCHELL SD CLIMATE NORMALS FOR TODAY
                         NORMAL    RECORD    YEAR
 MAXIMUM TEMPERATURE (F)   30        59      1931
 MINIMUM TEMPERATURE (F)   10       -31      1996


SUNRISE AND SUNSET
FEBRUARY  1 2017......SUNRISE   749 AM CST   SUNSET   543 PM CST
FEBRUARY  2 2017......SUNRISE   747 AM CST   SUNSET   545 PM CST


-  INDICATES NEGATIVE NUMBERS.
R  INDICATES RECORD WAS SET OR TIED.
MM INDICATES DATA IS MISSING.
T  INDICATES TRACE AMOUNT.




$$
