000
CDUS43 KFSD 270623
CLIMHE


CLIMATE REPORT
NATIONAL WEATHER SERVICE SIOUX FALLS SD
1223 AM CST TUE DEC 27 2016


...................................

...THE MITCHELL SD CLIMATE SUMMARY FOR DECEMBER 26 2016...

CLIMATE NORMAL PERIOD 1981 TO 2010
CLIMATE RECORD PERIOD 1893 TO 2016


WEATHER ITEM   OBSERVED TIME   RECORD YEAR NORMAL DEPARTURE LAST
                VALUE   (LST)  VALUE       VALUE  FROM      YEAR
                                                  NORMAL
..................................................................
TEMPERATURE (F)
 YESTERDAY
  MAXIMUM         24    459 PM  57    2011  28     -4       32
  MINIMUM         14    704 AM -25    1996  10      4        4
                                      1902
  AVERAGE         19                        19      0       18

PRECIPITATION (IN)
  YESTERDAY        T             0.37 2015   0.01  -0.01     0.37
  MONTH TO DATE    1.11                      0.38   0.73     1.02
  SINCE DEC 1      1.11                      0.38   0.73     1.02
  SINCE JAN 1     26.32                     21.45   4.87    23.43

SNOWFALL (IN)
  YESTERDAY        T             4.7  2015  MM     MM        4.7
  MONTH TO DATE    8.1                      MM     MM       14.6
  SINCE DEC 1      8.1                      MM     MM       14.6
  SINCE JUL 1     13.6                      MM     MM       27.8
  SNOW DEPTH       1

DEGREE DAYS
 HEATING
  YESTERDAY       46                        46      0       47
  MONTH TO DATE 1211                      1136     75      914
  SINCE DEC 1   1211                      1136     75      914
  SINCE JUL 1   2305                      2704   -399     2097

 COOLING
  YESTERDAY        0                         0      0        0
  MONTH TO DATE    0                         0      0        0
  SINCE DEC 1      0                         0      0        0
  SINCE JAN 1   1036                       824    212      894
..................................................................


WIND (MPH)
  HIGHEST WIND SPEED    46   HIGHEST WIND DIRECTION     W (270)
  HIGHEST GUST SPEED    64   HIGHEST GUST DIRECTION    SW (240)
  AVERAGE WIND SPEED    24.8


SKY COVER
  POSSIBLE SUNSHINE  MM
  AVERAGE SKY COVER 0.6


WEATHER CONDITIONS
 THE FOLLOWING WEATHER WAS RECORDED YESTERDAY.
  LIGHT SNOW
  HAZE


RELATIVE HUMIDITY (PERCENT)
 HIGHEST    81          1200 AM
 LOWEST     67           500 AM
 AVERAGE    74

..........................................................


THE MITCHELL SD CLIMATE NORMALS FOR TODAY
                         NORMAL    RECORD    YEAR
 MAXIMUM TEMPERATURE (F)   28        63      1928
 MINIMUM TEMPERATURE (F)   10       -25      1996


SUNRISE AND SUNSET
DECEMBER 27 2016......SUNRISE   805 AM CST   SUNSET   502 PM CST
DECEMBER 28 2016......SUNRISE   806 AM CST   SUNSET   503 PM CST


-  INDICATES NEGATIVE NUMBERS.
R  INDICATES RECORD WAS SET OR TIED.
MM INDICATES DATA IS MISSING.
T  INDICATES TRACE AMOUNT.




$$
