000
CDUS43 KFSD 212240
CLIMHE


CLIMATE REPORT
NATIONAL WEATHER SERVICE SIOUX FALLS SD
539 PM CDT TUE JUL 21 2015


...................................

...THE MITCHELL SD CLIMATE SUMMARY FOR JULY 21 2015...
VALID TODAY AS OF 0500 PM LOCAL TIME.

CLIMATE NORMAL PERIOD 1981 TO 2010
CLIMATE RECORD PERIOD 1893 TO 2015


WEATHER ITEM   OBSERVED TIME   RECORD YEAR NORMAL DEPARTURE LAST
                VALUE   (LST)  VALUE       VALUE  FROM      YEAR
                                                  NORMAL
..................................................................
TEMPERATURE (F)
 TODAY
  MAXIMUM         83    337 PM 114    1934  87     -4       94
  MINIMUM         54    528 AM  44    1947  63     -9       70
  AVERAGE         69                        75     -6       82

PRECIPITATION (IN)
  TODAY            0.00          3.69 2010   0.09  -0.09     0.00
  MONTH TO DATE    1.34                      2.16  -0.82     0.45
  SINCE JUN 1      5.25                      6.29  -1.04     4.64
  SINCE JAN 1     12.34                     13.02  -0.68     9.37

SNOWFALL (IN)
  TODAY            0.0           0.0    MM  MM     MM        0.0
  MONTH TO DATE    0.0                      MM     MM        0.0
  SINCE JUN 1      0.0                      MM     MM        0.0
  SINCE JUL 1      0.0                      MM     MM        0.0
  SNOW DEPTH       0

DEGREE DAYS
 HEATING
  TODAY            0                         0      0        0
  MONTH TO DATE    2                         0      2        9
  SINCE JUN 1      5                        35    -30       35
  SINCE JUL 1      2                         0      2        9

 COOLING
  TODAY            4                        10     -6       17
  MONTH TO DATE  186                       208    -22      154
  SINCE JUN 1    383                       378      5      312
  SINCE JAN 1    414                       418     -4      390
..................................................................


WIND (MPH)
  HIGHEST WIND SPEED    16   HIGHEST WIND DIRECTION     S (170)
  HIGHEST GUST SPEED    21   HIGHEST GUST DIRECTION     S (160)
  AVERAGE WIND SPEED     5.6


SKY COVER
  POSSIBLE SUNSHINE  MM
  AVERAGE SKY COVER 0.0


WEATHER CONDITIONS
 THE FOLLOWING WEATHER WAS RECORDED TODAY.
  NO SIGNIFICANT WEATHER WAS OBSERVED.


RELATIVE HUMIDITY (PERCENT)
 HIGHEST   100           500 AM
 LOWEST     45          1200 PM
 AVERAGE    73

..........................................................


THE MITCHELL SD CLIMATE NORMALS FOR TOMORROW
                         NORMAL    RECORD    YEAR
 MAXIMUM TEMPERATURE (F)   87       113      1936
 MINIMUM TEMPERATURE (F)   63        43      1925


SUNRISE AND SUNSET
JULY 21 2015..........SUNRISE   609 AM CDT   SUNSET   907 PM CDT
JULY 22 2015..........SUNRISE   610 AM CDT   SUNSET   906 PM CDT


-  INDICATES NEGATIVE NUMBERS.
R  INDICATES RECORD WAS SET OR TIED.
MM INDICATES DATA IS MISSING.
T  INDICATES TRACE AMOUNT.




$$
