000
CDUS43 KFSD 052235
CLIMHE


CLIMATE REPORT
NATIONAL WEATHER SERVICE SIOUX FALLS SD
535 PM CDT MON SEP 5 2016


...................................

...THE MITCHELL SD CLIMATE SUMMARY FOR SEPTEMBER 5 2016...
VALID TODAY AS OF 0500 PM LOCAL TIME.

CLIMATE NORMAL PERIOD 1981 TO 2010
CLIMATE RECORD PERIOD 1893 TO 2016


WEATHER ITEM   OBSERVED TIME   RECORD YEAR NORMAL DEPARTURE LAST
                VALUE   (LST)  VALUE       VALUE  FROM      YEAR
                                                  NORMAL
..................................................................
TEMPERATURE (F)
 TODAY
  MAXIMUM         76    341 PM 106    1933  80     -4       87
  MINIMUM         65    332 AM  36    1909  55     10       70
  AVERAGE         71                        67      4       79

PRECIPITATION (IN)
  TODAY            0.09          1.53 1987   0.07   0.02      T
  MONTH TO DATE    1.19                      0.45   0.74      T
  SINCE SEP 1      1.19                      0.45   0.74      T
  SINCE JAN 1     20.60                     16.80   3.80    16.93

SNOWFALL (IN)
  TODAY            0.0           0.0    MM  MM     MM        0.0
  MONTH TO DATE    0.0                      MM     MM        0.0
  SINCE SEP 1      0.0                      MM     MM        0.0
  SINCE JUL 1      0.0                      MM     MM        0.0
  SNOW DEPTH       0

DEGREE DAYS
 HEATING
  TODAY            0                         2     -2        0
  MONTH TO DATE    0                         9     -9        0
  SINCE SEP 1      0                         9     -9        0
  SINCE JUL 1      8                        26    -18       28

 COOLING
  TODAY            6                         4      2       14
  MONTH TO DATE   33                        24      9       70
  SINCE SEP 1     33                        24      9       70
  SINCE JAN 1    965                       769    196      794
..................................................................


WIND (MPH)
  HIGHEST WIND SPEED    22   HIGHEST WIND DIRECTION    SE (140)
  HIGHEST GUST SPEED    28   HIGHEST GUST DIRECTION    SE (130)
  AVERAGE WIND SPEED     5.3


SKY COVER
  POSSIBLE SUNSHINE  MM
  AVERAGE SKY COVER 0.8


WEATHER CONDITIONS
 THE FOLLOWING WEATHER WAS RECORDED TODAY.
  RAIN
  LIGHT RAIN
  FOG


RELATIVE HUMIDITY (PERCENT)
 HIGHEST    97          1200 PM
 LOWEST     82           400 PM
 AVERAGE    90

..........................................................


THE MITCHELL SD CLIMATE NORMALS FOR TOMORROW
                         NORMAL    RECORD    YEAR
 MAXIMUM TEMPERATURE (F)   79       104      1976
 MINIMUM TEMPERATURE (F)   54        35      1956


SUNRISE AND SUNSET
SEPTEMBER  5 2016.....SUNRISE   701 AM CDT   SUNSET   800 PM CDT
SEPTEMBER  6 2016.....SUNRISE   702 AM CDT   SUNSET   758 PM CDT


-  INDICATES NEGATIVE NUMBERS.
R  INDICATES RECORD WAS SET OR TIED.
MM INDICATES DATA IS MISSING.
T  INDICATES TRACE AMOUNT.




$$
