000
CDUS43 KFSD 191302
CLIMHE


CLIMATE REPORT
NATIONAL WEATHER SERVICE SIOUX FALLS SD
701 AM CST SAT NOV 19 2016


...................................

...THE MITCHELL SD CLIMATE SUMMARY FOR NOVEMBER 18 2016...

CLIMATE NORMAL PERIOD 1981 TO 2010
CLIMATE RECORD PERIOD 1893 TO 2016


WEATHER ITEM   OBSERVED TIME   RECORD YEAR NORMAL DEPARTURE LAST
                VALUE   (LST)  VALUE       VALUE  FROM      YEAR
                                                  NORMAL
..................................................................
TEMPERATURE (F)
 YESTERDAY
  MAXIMUM         34   1214 AM  77    1904  43     -9       51
  MINIMUM         26    942 PM  -1    1927  23      3       33
  AVERAGE         30                        32     -2       42

PRECIPITATION (IN)
  YESTERDAY        0.46          0.61 1948   0.01   0.45     0.02
  MONTH TO DATE    0.52                      0.56  -0.04     1.32
  SINCE SEP 1      4.62                      4.50   0.12     4.36
  SINCE JAN 1     24.03                     20.85   3.18    21.29

SNOWFALL (IN)
  YESTERDAY        4.2           6.0  1948  MM     MM        0.0
  MONTH TO DATE    4.2                      MM     MM        0.0
  SINCE SEP 1      4.2                      MM     MM         T
  SINCE JUL 1      4.2                      MM     MM         T
  SNOW DEPTH       4

DEGREE DAYS
 HEATING
  YESTERDAY       35                        32      3       23
  MONTH TO DATE  269                       492   -223      307
  SINCE SEP 1    712                      1116   -404      701
  SINCE JUL 1    720                      1133   -413      729

 COOLING
  YESTERDAY        0                         0      0        0
  MONTH TO DATE    0                         0      0        0
  SINCE SEP 1    104                        79     25      170
  SINCE JAN 1   1036                       824    212      894
..................................................................


WIND (MPH)
  HIGHEST WIND SPEED    40   HIGHEST WIND DIRECTION     N (340)
  HIGHEST GUST SPEED    50   HIGHEST GUST DIRECTION     N (340)
  AVERAGE WIND SPEED    26.4


SKY COVER
  POSSIBLE SUNSHINE  MM
  AVERAGE SKY COVER 0.8


WEATHER CONDITIONS
 THE FOLLOWING WEATHER WAS RECORDED YESTERDAY.
  LIGHT RAIN
  SNOW
  LIGHT SNOW
  FOG
  FOG W/VISIBILITY <= 1/4 MILE


RELATIVE HUMIDITY (PERCENT)
 HIGHEST   100          1200 AM
 LOWEST     69           600 PM
 AVERAGE    85

..........................................................


THE MITCHELL SD CLIMATE NORMALS FOR TODAY
                         NORMAL    RECORD    YEAR
 MAXIMUM TEMPERATURE (F)   42        72      1897
 MINIMUM TEMPERATURE (F)   22        -5      1914


SUNRISE AND SUNSET
NOVEMBER 19 2016......SUNRISE   732 AM CST   SUNSET   503 PM CST
NOVEMBER 20 2016......SUNRISE   734 AM CST   SUNSET   502 PM CST


-  INDICATES NEGATIVE NUMBERS.
R  INDICATES RECORD WAS SET OR TIED.
MM INDICATES DATA IS MISSING.
T  INDICATES TRACE AMOUNT.




$$
