000
CDUS43 KFSD 090641
CLIMHE


CLIMATE REPORT
NATIONAL WEATHER SERVICE SIOUX FALLS SD
141 AM CDT MON MAY 9 2016


...................................

...THE MITCHELL SD CLIMATE SUMMARY FOR MAY 8 2016...

CLIMATE NORMAL PERIOD 1981 TO 2010
CLIMATE RECORD PERIOD 1893 TO 2016


WEATHER ITEM   OBSERVED TIME   RECORD YEAR NORMAL DEPARTURE LAST
                VALUE   (LST)  VALUE       VALUE  FROM      YEAR
                                                  NORMAL
..................................................................
TEMPERATURE (F)
 YESTERDAY
  MAXIMUM         73    542 PM 102    1934  69      4       62
  MINIMUM         50   1211 AM  25    1945  45      5       42
  AVERAGE         62                        57      5       52

PRECIPITATION (IN)
  YESTERDAY        0.01          1.19 2003   0.06  -0.05     0.00
  MONTH TO DATE    0.33                      0.66  -0.33     1.43
  SINCE MAR 1      7.06                      3.90   3.16     2.98
  SINCE JAN 1      8.29                      4.46   3.83     3.75

SNOWFALL (IN)
  YESTERDAY        0.0           0.0    MM  MM     MM        0.0
  MONTH TO DATE    0.0                      MM     MM        0.0
  SINCE MAR 1      3.9                      MM     MM        0.7
  SINCE JUL 1     46.3                      MM     MM       22.6
  SNOW DEPTH       0

DEGREE DAYS
 HEATING
  YESTERDAY        3                         9     -6       13
  MONTH TO DATE   55                        78    -23       35
  SINCE MAR 1   1248                      1556   -308     1199
  SINCE JUL 1   6037                      7078  -1041     6689

 COOLING
  YESTERDAY        0                         1     -1        0
  MONTH TO DATE    8                         5      3        5
  SINCE MAR 1     12                         7      5       11
  SINCE JAN 1     12                         7      5       11
..................................................................


WIND (MPH)
  HIGHEST WIND SPEED    23   HIGHEST WIND DIRECTION    SE (130)
  HIGHEST GUST SPEED    29   HIGHEST GUST DIRECTION    SE (120)
  AVERAGE WIND SPEED    12.4


SKY COVER
  POSSIBLE SUNSHINE  MM
  AVERAGE SKY COVER 0.4


WEATHER CONDITIONS
 THE FOLLOWING WEATHER WAS RECORDED YESTERDAY.
  LIGHT RAIN


RELATIVE HUMIDITY (PERCENT)
 HIGHEST    89           400 AM
 LOWEST     35           300 PM
 AVERAGE    62

..........................................................


THE MITCHELL SD CLIMATE NORMALS FOR TODAY
                         NORMAL    RECORD    YEAR
 MAXIMUM TEMPERATURE (F)   70        97      1928
                                             1911
 MINIMUM TEMPERATURE (F)   45        22      1966


SUNRISE AND SUNSET
MAY  9 2016...........SUNRISE   613 AM CDT   SUNSET   845 PM CDT
MAY 10 2016...........SUNRISE   612 AM CDT   SUNSET   846 PM CDT


-  INDICATES NEGATIVE NUMBERS.
R  INDICATES RECORD WAS SET OR TIED.
MM INDICATES DATA IS MISSING.
T  INDICATES TRACE AMOUNT.




$$
