000
CDUS43 KFSD 260637
CLIMHE


CLIMATE REPORT
NATIONAL WEATHER SERVICE SIOUX FALLS SD
137 AM CDT TUE AUG 26 2014


...................................

...THE MITCHELL SD CLIMATE SUMMARY FOR AUGUST 25 2014...

CLIMATE NORMAL PERIOD 1981 TO 2010
CLIMATE RECORD PERIOD 1893 TO 2014


WEATHER ITEM   OBSERVED TIME   RECORD YEAR NORMAL DEPARTURE LAST
                VALUE   (LST)  VALUE       VALUE  FROM      YEAR
                                                  NORMAL
..................................................................
TEMPERATURE (F)
 YESTERDAY
  MAXIMUM         76    412 PM 108    1973  82     -6       96
  MINIMUM         53    531 AM  41    1964  59     -6       75
                                      1911
  AVERAGE         65                        71     -6       86

PRECIPITATION (IN)
  YESTERDAY        0.00          1.65 1981   0.06  -0.06     0.00
  MONTH TO DATE    3.81                      1.95   1.86     2.54
  SINCE JUN 1      9.36                      9.19   0.17     8.54
  SINCE JAN 1     14.09                     15.92  -1.83    18.49

SNOWFALL (IN)
  YESTERDAY        0.0           0.0    MM  MM     MM        0.0
  MONTH TO DATE    0.0                      MM     MM        0.0
  SINCE JUN 1      0.0                      MM     MM        0.0
  SINCE JUL 1      0.0                      MM     MM        0.0
  SNOW DEPTH       0

DEGREE DAYS
 HEATING
  YESTERDAY        0                         0      0        0
  MONTH TO DATE    0                         0      0        3
  SINCE JUN 1     35                        40     -5       73
  SINCE JUL 1      9                         5      4       23

 COOLING
  YESTERDAY        0                         6     -6       21
  MONTH TO DATE  167                       195    -28      163
  SINCE JUN 1    541                       673   -132      618
  SINCE JAN 1    619                       713    -94      675
..................................................................


WIND (MPH)
  HIGHEST WIND SPEED    16   HIGHEST WIND DIRECTION    NW (320)
  HIGHEST GUST SPEED    20   HIGHEST GUST DIRECTION    NW (320)
  AVERAGE WIND SPEED     7.9


SKY COVER
  POSSIBLE SUNSHINE  MM
  AVERAGE SKY COVER 0.0


WEATHER CONDITIONS
 THE FOLLOWING WEATHER WAS RECORDED YESTERDAY.
  NO SIGNIFICANT WEATHER WAS OBSERVED.


RELATIVE HUMIDITY (PERCENT)
 HIGHEST    86           200 AM
 LOWEST     49           200 PM
 AVERAGE    68

..........................................................


THE MITCHELL SD CLIMATE NORMALS FOR TODAY
                         NORMAL    RECORD    YEAR
 MAXIMUM TEMPERATURE (F)   82       106      1976
 MINIMUM TEMPERATURE (F)   59        39      1910


SUNRISE AND SUNSET
AUGUST 26 2014........SUNRISE   649 AM CDT   SUNSET   818 PM CDT
AUGUST 27 2014........SUNRISE   650 AM CDT   SUNSET   816 PM CDT


-  INDICATES NEGATIVE NUMBERS.
R  INDICATES RECORD WAS SET OR TIED.
MM INDICATES DATA IS MISSING.
T  INDICATES TRACE AMOUNT.




$$
