000
CDUS43 KFSD 180640
CLIMHE


CLIMATE REPORT
NATIONAL WEATHER SERVICE SIOUX FALLS SD
140 AM CDT WED MAR 18 2015


...................................

...THE MITCHELL SD CLIMATE SUMMARY FOR MARCH 17 2015...

CLIMATE NORMAL PERIOD 1981 TO 2010
CLIMATE RECORD PERIOD 1893 TO 2015


WEATHER ITEM   OBSERVED TIME   RECORD YEAR NORMAL DEPARTURE LAST
                VALUE   (LST)  VALUE       VALUE  FROM      YEAR
                                                  NORMAL
..................................................................
TEMPERATURE (F)
 YESTERDAY
  MAXIMUM         45    424 PM  80    2012  45      0       62
  MINIMUM         23    613 AM  -6    1902  24     -1       28
  AVERAGE         34                        34      0       45

PRECIPITATION (IN)
  YESTERDAY        0.00          2.21 1987   0.04  -0.04     0.00
  MONTH TO DATE    0.08                      0.48  -0.40     0.23
  SINCE MAR 1      0.08                      0.48  -0.40     0.23
  SINCE JAN 1      0.85                      1.04  -0.19     0.73

SNOWFALL (IN)
  YESTERDAY        0.0           6.0  1951  MM     MM        0.0
  MONTH TO DATE    0.7                      MM     MM        2.8
  SINCE MAR 1      0.7                      MM     MM        2.8
  SINCE JUL 1     22.6                      MM     MM       25.0
  SNOW DEPTH       0

DEGREE DAYS
 HEATING
  YESTERDAY       31                        31      0       20
  MONTH TO DATE  443                       572   -129      617
  SINCE MAR 1    443                       572   -129      617
  SINCE JUL 1   5933                      6094   -161     6567

 COOLING
  YESTERDAY        0                         0      0        0
  MONTH TO DATE    4                         0      4        0
  SINCE MAR 1      4                         0      4        0
  SINCE JAN 1      4                         0      4        0
..................................................................


WIND (MPH)
  HIGHEST WIND SPEED    20   HIGHEST WIND DIRECTION     N (360)
  HIGHEST GUST SPEED    25   HIGHEST GUST DIRECTION     N (360)
  AVERAGE WIND SPEED     5.3


SKY COVER
  POSSIBLE SUNSHINE  MM
  AVERAGE SKY COVER 0.3


WEATHER CONDITIONS
 THE FOLLOWING WEATHER WAS RECORDED YESTERDAY.
  NO SIGNIFICANT WEATHER WAS OBSERVED.


RELATIVE HUMIDITY (PERCENT)
 HIGHEST    81           400 AM
 LOWEST     25           400 PM
 AVERAGE    53

..........................................................


THE MITCHELL SD CLIMATE NORMALS FOR TODAY
                         NORMAL    RECORD    YEAR
 MAXIMUM TEMPERATURE (F)   45        88      2012
 MINIMUM TEMPERATURE (F)   24       -11      1923


SUNRISE AND SUNSET
MARCH 18 2015.........SUNRISE   739 AM CDT   SUNSET   742 PM CDT
MARCH 19 2015.........SUNRISE   738 AM CDT   SUNSET   743 PM CDT


-  INDICATES NEGATIVE NUMBERS.
R  INDICATES RECORD WAS SET OR TIED.
MM INDICATES DATA IS MISSING.
T  INDICATES TRACE AMOUNT.




$$
