000
CDUS43 KFSD 300634
CLIMHE


CLIMATE REPORT
NATIONAL WEATHER SERVICE SIOUX FALLS SD
1233 AM CST FRI DEC 30 2016


...................................

...THE MITCHELL SD CLIMATE SUMMARY FOR DECEMBER 29 2016...

CLIMATE NORMAL PERIOD 1981 TO 2010
CLIMATE RECORD PERIOD 1893 TO 2016


WEATHER ITEM   OBSERVED TIME   RECORD YEAR NORMAL DEPARTURE LAST
                VALUE   (LST)  VALUE       VALUE  FROM      YEAR
                                                  NORMAL
..................................................................
TEMPERATURE (F)
 YESTERDAY
  MAXIMUM         36    333 PM  60    1999  27      9       20
  MINIMUM         22   1159 PM -34    1917  10     12       16
  AVERAGE         29                        19     10       18

PRECIPITATION (IN)
  YESTERDAY        0.00          0.23 2006   0.01  -0.01     0.01
  MONTH TO DATE    1.11                      0.41   0.70     1.03
  SINCE DEC 1      1.11                      0.41   0.70     1.03
  SINCE JAN 1     26.32                     21.48   4.84    23.44

SNOWFALL (IN)
  YESTERDAY        0.0           2.5  1998  MM     MM        0.2
  MONTH TO DATE    8.1                      MM     MM       14.8
  SINCE DEC 1      8.1                      MM     MM       14.8
  SINCE JUL 1     13.6                      MM     MM       28.0
  SNOW DEPTH       T

DEGREE DAYS
 HEATING
  YESTERDAY       36                        46    -10       47
  MONTH TO DATE 1318                      1274     44     1085
  SINCE DEC 1   1318                      1274     44     1085
  SINCE JUL 1   2412                      2842   -430     2268

 COOLING
  YESTERDAY        0                         0      0        0
  MONTH TO DATE    0                         0      0        0
  SINCE DEC 1      0                         0      0        0
  SINCE JAN 1   1036                       824    212      894
..................................................................


WIND (MPH)
  HIGHEST WIND SPEED    28   HIGHEST WIND DIRECTION     W (290)
  HIGHEST GUST SPEED    34   HIGHEST GUST DIRECTION     W (280)
  AVERAGE WIND SPEED    16.1


SKY COVER
  POSSIBLE SUNSHINE  MM
  AVERAGE SKY COVER 0.0


WEATHER CONDITIONS
 THE FOLLOWING WEATHER WAS RECORDED YESTERDAY.
  NO SIGNIFICANT WEATHER WAS OBSERVED.


RELATIVE HUMIDITY (PERCENT)
 HIGHEST    81           900 PM
 LOWEST     52           200 PM
 AVERAGE    67

..........................................................


THE MITCHELL SD CLIMATE NORMALS FOR TODAY
                         NORMAL    RECORD    YEAR
 MAXIMUM TEMPERATURE (F)   27        62      1904
 MINIMUM TEMPERATURE (F)   10       -33      1917


SUNRISE AND SUNSET
DECEMBER 30 2016......SUNRISE   806 AM CST   SUNSET   504 PM CST
DECEMBER 31 2016......SUNRISE   806 AM CST   SUNSET   505 PM CST


-  INDICATES NEGATIVE NUMBERS.
R  INDICATES RECORD WAS SET OR TIED.
MM INDICATES DATA IS MISSING.
T  INDICATES TRACE AMOUNT.




$$
