000
CDUS43 KFSD 260629
CLIMHE


CLIMATE REPORT
NATIONAL WEATHER SERVICE SIOUX FALLS SD
1226 AM CST TUE JAN 26 2016


...................................

...THE MITCHELL SD CLIMATE SUMMARY FOR JANUARY 25 2016...

CLIMATE NORMAL PERIOD 1981 TO 2010
CLIMATE RECORD PERIOD 1893 TO 2016


WEATHER ITEM   OBSERVED TIME   RECORD YEAR NORMAL DEPARTURE LAST
                VALUE   (LST)  VALUE       VALUE  FROM      YEAR
                                                  NORMAL
..................................................................
TEMPERATURE (F)
 YESTERDAY
  MAXIMUM         30   1253 AM  58    2002  29      1       37
  MINIMUM         23   1208 PM -29    1905  10     13       32
  AVERAGE         27                        19      8       35

PRECIPITATION (IN)
  YESTERDAY        0.12          0.60 1996   0.01   0.11      T
  MONTH TO DATE    0.37                      0.18   0.19     0.40
  SINCE DEC 1      1.40                      0.63   0.77     1.62
  SINCE JAN 1      0.37                      0.18   0.19     0.40

SNOWFALL (IN)
  YESTERDAY        2.5          10.0  1996  MM     MM         T
  MONTH TO DATE    6.3                      MM     MM        5.2
  SINCE DEC 1     21.1                      MM     MM       12.9
  SINCE JUL 1     34.3                      MM     MM       18.5
  SNOW DEPTH       7

DEGREE DAYS
 HEATING
  YESTERDAY       38                        46     -8       30
  MONTH TO DATE 1230                      1161     69     1129
  SINCE DEC 1   2417                      2528   -111     2354
  SINCE JUL 1   3600                      4096   -496     4010

 COOLING
  YESTERDAY        0                         0      0        0
  MONTH TO DATE    0                         0      0        0
  SINCE DEC 1      0                         0      0        0
  SINCE JAN 1      0                         0      0        0
..................................................................


WIND (MPH)
  HIGHEST WIND SPEED    30   HIGHEST WIND DIRECTION    NW (330)
  HIGHEST GUST SPEED    36   HIGHEST GUST DIRECTION    NW (320)
  AVERAGE WIND SPEED    16.4


SKY COVER
  POSSIBLE SUNSHINE  MM
  AVERAGE SKY COVER 1.0


WEATHER CONDITIONS
 THE FOLLOWING WEATHER WAS RECORDED YESTERDAY.
  LIGHT SNOW
  FOG


RELATIVE HUMIDITY (PERCENT)
 HIGHEST   100           200 AM
 LOWEST     78           600 PM
 AVERAGE    89

..........................................................


THE MITCHELL SD CLIMATE NORMALS FOR TODAY
                         NORMAL    RECORD    YEAR
 MAXIMUM TEMPERATURE (F)   29        63      2006
 MINIMUM TEMPERATURE (F)   10       -28      1897


SUNRISE AND SUNSET
JANUARY 26 2016.......SUNRISE   755 AM CST   SUNSET   534 PM CST
JANUARY 27 2016.......SUNRISE   754 AM CST   SUNSET   536 PM CST


-  INDICATES NEGATIVE NUMBERS.
R  INDICATES RECORD WAS SET OR TIED.
MM INDICATES DATA IS MISSING.
T  INDICATES TRACE AMOUNT.




$$
